{"id":2544,"date":"2019-01-31T20:46:57","date_gmt":"2019-01-31T20:46:57","guid":{"rendered":"https:\/\/www.defensoria.gob.ec\/?post_type=project&#038;p=2544"},"modified":"2019-01-31T22:04:07","modified_gmt":"2019-01-31T22:04:07","slug":"tungurahua-se-impulso-un-convenio-de-cooperacion-con-la-comunidad-salasaca","status":"publish","type":"project","link":"https:\/\/www.defensoria.gob.ec\/?project=tungurahua-se-impulso-un-convenio-de-cooperacion-con-la-comunidad-salasaca","title":{"rendered":"Tungurahua: se impuls\u00f3 un convenio de cooperaci\u00f3n con la comunidad Salasaca"},"content":{"rendered":"<p>[et_pb_section fb_built=\u00bb1&#8243; _builder_version=\u00bb3.19.5&#8243;][et_pb_row _builder_version=\u00bb3.19.5&#8243;][et_pb_column type=\u00bb3_4&#8243; _builder_version=\u00bb3.19.5&#8243; parallax=\u00bboff\u00bb parallax_method=\u00bbon\u00bb][et_pb_post_title meta=\u00bboff\u00bb featured_image=\u00bboff\u00bb _builder_version=\u00bb3.19.5&#8243;][\/et_pb_post_title][et_pb_text _builder_version=\u00bb3.19.5&#8243; text_font=\u00bb||||||||\u00bb text_orientation=\u00bbjustified\u00bb]<\/p>\n<p>\u00c1ngel Jarr\u00edn, defensor p\u00fablico provincial de Tungurahua, recibi\u00f3, el 22 de enero, a los representantes del pueblo Salasaca, con el objetivo de finiquitar un convenio de cooperaci\u00f3n; a trav\u00e9s del cual la Instituci\u00f3n ofrecer\u00e1 asesor\u00eda legal y patrocinio a los integrantes de esta comunidad, que agrupa a aproximadamente 12 000 personas. El objetivo principal de este convenio es garantizar el acceso a la justicia.<\/p>\n<p>[\/et_pb_text][et_pb_gallery gallery_ids=\u00bb2583&#8243; _builder_version=\u00bb3.19.5&#8243;][\/et_pb_gallery][\/et_pb_column][et_pb_column type=\u00bb1_4&#8243; _builder_version=\u00bb3.19.5&#8243; parallax=\u00bboff\u00bb parallax_method=\u00bbon\u00bb][et_pb_sidebar _builder_version=\u00bb3.19.5&#8243;][\/et_pb_sidebar][\/et_pb_column][\/et_pb_row][\/et_pb_section]<\/p>\n","protected":false},"excerpt":{"rendered":"<p>\u00c1ngel Jarr\u00edn, defensor p\u00fablico provincial de Tungurahua, recibi\u00f3, el 22 de enero, a los representantes del pueblo Salasaca, con el objetivo de finiquitar un convenio de cooperaci\u00f3n; a trav\u00e9s del [&hellip;]<\/p>\n","protected":false},"author":1,"featured_media":2583,"comment_status":"open","ping_status":"closed","template":"","meta":{"_et_pb_use_builder":"on","_et_pb_old_content":"","_et_gb_content_width":"","footnotes":""},"project_category":[8],"project_tag":[],"class_list":["post-2544","project","type-project","status-publish","has-post-thumbnail","hentry","project_category-cerca-a-ti"],"_links":{"self":[{"href":"https:\/\/www.defensoria.gob.ec\/index.php?rest_route=\/wp\/v2\/project\/2544","targetHints":{"allow":["GET"]}}],"collection":[{"href":"https:\/\/www.defensoria.gob.ec\/index.php?rest_route=\/wp\/v2\/project"}],"about":[{"href":"https:\/\/www.defensoria.gob.ec\/index.php?rest_route=\/wp\/v2\/types\/project"}],"author":[{"embeddable":true,"href":"https:\/\/www.defensoria.gob.ec\/index.php?rest_route=\/wp\/v2\/users\/1"}],"replies":[{"embeddable":true,"href":"https:\/\/www.defensoria.gob.ec\/index.php?rest_route=%2Fwp%2Fv2%2Fcomments&post=2544"}],"version-history":[{"count":0,"href":"https:\/\/www.defensoria.gob.ec\/index.php?rest_route=\/wp\/v2\/project\/2544\/revisions"}],"wp:featuredmedia":[{"embeddable":true,"href":"https:\/\/www.defensoria.gob.ec\/index.php?rest_route=\/wp\/v2\/media\/2583"}],"wp:attachment":[{"href":"https:\/\/www.defensoria.gob.ec\/index.php?rest_route=%2Fwp%2Fv2%2Fmedia&parent=2544"}],"wp:term":[{"taxonomy":"project_category","embeddable":true,"href":"https:\/\/www.defensoria.gob.ec\/index.php?rest_route=%2Fwp%2Fv2%2Fproject_category&post=2544"},{"taxonomy":"project_tag","embeddable":true,"href":"https:\/\/www.defensoria.gob.ec\/index.php?rest_route=%2Fwp%2Fv2%2Fproject_tag&post=2544"}],"curies":[{"name":"wp","href":"https:\/\/api.w.org\/{rel}","templated":true}]}}

Tungurahua: se impulsó un convenio de cooperación con la comunidad Salasaca

<p>[et_pb_section fb_built=»1&#8243; _builder_version=»3.19.5&#8243;][et_pb_row _builder_version=»3.19.5&#8243;][et_pb_column type=»3_4&#8243; _builder_version=»3.19.5&#8243; parallax=»off» parallax_method=»on»][et_pb_post_title meta=»off» featured_image=»off» _builder_version=»3.19.5&#8243;][/et_pb_post_title][et_pb_text _builder_version=»3.19.5&#8243; text_font=»||||||||» text_orientation=»justified»]</p>
<p>Ángel Jarrín, defensor público provincial de Tungurahua, recibió, el 22 de enero, a los representantes del pueblo Salasaca, con el objetivo de finiquitar un convenio de cooperación; a través del cual la Institución ofrecerá asesoría legal y patrocinio a los integrantes de esta comunidad, que agrupa a aproximadamente 12 000 personas. El objetivo principal de este convenio es garantizar el acceso a la justicia.</p>
<p>[/et_pb_text][et_pb_gallery gallery_ids=»2583&#8243; _builder_version=»3.19.5&#8243;][/et_pb_gallery][/et_pb_column][et_pb_column type=»1_4&#8243; _builder_version=»3.19.5&#8243; parallax=»off» parallax_method=»on»][et_pb_sidebar _builder_version=»3.19.5&#8243;][/et_pb_sidebar][/et_pb_column][/et_pb_row][/et_pb_section]</p>

<p>Ángel Jarrín, defensor público provincial de Tungurahua, recibió, el 22 de enero, a los representantes del pueblo Salasaca, con el objetivo de finiquitar un convenio de cooperación; a través del [&hellip;]</p>
