{"id":2381,"date":"2019-01-24T21:00:44","date_gmt":"2019-01-24T21:00:44","guid":{"rendered":"https:\/\/www.defensoria.gob.ec\/?post_type=project&#038;p=2381"},"modified":"2019-01-24T21:10:44","modified_gmt":"2019-01-24T21:10:44","slug":"el-oro-reuniones-interinstitucionales-y-difusion-de-servicios-en-medio-de-comunicacion","status":"publish","type":"project","link":"https:\/\/www.defensoria.gob.ec\/?project=el-oro-reuniones-interinstitucionales-y-difusion-de-servicios-en-medio-de-comunicacion","title":{"rendered":"Cotopaxi: reuniones interinstitucionales y difusi\u00f3n de servicios en medio de comunicaci\u00f3n"},"content":{"rendered":"<p>[et_pb_section fb_built=\u00bb1&#8243; _builder_version=\u00bb3.19.5&#8243;][et_pb_row _builder_version=\u00bb3.19.5&#8243;][et_pb_column type=\u00bb3_4&#8243; _builder_version=\u00bb3.19.5&#8243; parallax=\u00bboff\u00bb parallax_method=\u00bbon\u00bb][et_pb_post_title meta=\u00bboff\u00bb featured_image=\u00bboff\u00bb _builder_version=\u00bb3.19.5&#8243;][\/et_pb_post_title][et_pb_text _builder_version=\u00bb3.19.5&#8243; text_font=\u00bb||||||||\u00bb text_orientation=\u00bbjustified\u00bb]<\/p>\n<p>El 17 de enero, el defensor p\u00fablico provincial de Cotopaxi, Santiago Chipantasig, mantuvo una reuni\u00f3n de trabajo con Jos\u00e9 Sim\u00f3n Campana, representante de la Defensor\u00eda del Pueblo a fin de coordinar acciones en beneficio de las personas privadas de libertad.<\/p>\n<p>El Defensor P\u00fablico Provincial resalt\u00f3 que la Instituci\u00f3n garantiza el ejercicio de los derechos y exige el cumplimiento de las garant\u00edas del debido proceso. Adem\u00e1s, se comprometi\u00f3 a llevar adelante tareas en conjunto y as\u00ed brindar una asesor\u00eda oportuna y de calidad a las personas privadas de libertad.<\/p>\n<p>Por otro lado, el 16 de enero, el Defensor P\u00fablico Provincial de Cotopaxi, brind\u00f3 una entrevista en Radio Municipal, donde sostuvo que \u201cdefendemos gratuitamente a las personas que por condiciones econ\u00f3micas, sociales y culturales no pueden pagar un abogado particular. Somos garantes de los derechos humanos\u201d. Adem\u00e1s indic\u00f3 los puntos de atenci\u00f3n y recalc\u00f3 que la Instituci\u00f3n cuenta con personal t\u00e9cnico que d\u00eda a d\u00eda brinda atenci\u00f3n oportuna y de calidad.<\/p>\n<p>As\u00ed tambi\u00e9n, el 14 de enero, Santiago Chipantasig, defensor p\u00fablico provincial de Cotopaxi, asisti\u00f3 a una reuni\u00f3n de trabajo convocada por la Direcci\u00f3n Nacional de Polic\u00eda Especializada Para Ni\u00f1os, Ni\u00f1as y Adolescentes (Dinapen), el objetivo de esta mesa de trabajo fue articular protocolos de acci\u00f3n frente a situaciones de violencia. El Defensor Provincial indic\u00f3 \u201clos ni\u00f1os, ni\u00f1as y adolescentes son sujetos de derechos y nosotros velaremos por ellos en el caso que sean vulnerados\u201d.<\/p>\n<p>[\/et_pb_text][et_pb_gallery gallery_ids=\u00bb2383,2382,2384&#8243; _builder_version=\u00bb3.19.5&#8243;][\/et_pb_gallery][\/et_pb_column][et_pb_column type=\u00bb1_4&#8243; _builder_version=\u00bb3.19.5&#8243; parallax=\u00bboff\u00bb parallax_method=\u00bbon\u00bb][et_pb_sidebar _builder_version=\u00bb3.19.5&#8243;][\/et_pb_sidebar][\/et_pb_column][\/et_pb_row][\/et_pb_section]<\/p>\n","protected":false},"excerpt":{"rendered":"<p>El 17 de enero, el defensor p\u00fablico provincial de Cotopaxi, Santiago Chipantasig, mantuvo una reuni\u00f3n de trabajo con Jos\u00e9 Sim\u00f3n Campana, representante de la Defensor\u00eda del Pueblo a fin de [&hellip;]<\/p>\n","protected":false},"author":1,"featured_media":2382,"comment_status":"open","ping_status":"closed","template":"","meta":{"_et_pb_use_builder":"on","_et_pb_old_content":"","_et_gb_content_width":"","footnotes":""},"project_category":[8],"project_tag":[],"class_list":["post-2381","project","type-project","status-publish","has-post-thumbnail","hentry","project_category-cerca-a-ti"],"_links":{"self":[{"href":"https:\/\/www.defensoria.gob.ec\/index.php?rest_route=\/wp\/v2\/project\/2381","targetHints":{"allow":["GET"]}}],"collection":[{"href":"https:\/\/www.defensoria.gob.ec\/index.php?rest_route=\/wp\/v2\/project"}],"about":[{"href":"https:\/\/www.defensoria.gob.ec\/index.php?rest_route=\/wp\/v2\/types\/project"}],"author":[{"embeddable":true,"href":"https:\/\/www.defensoria.gob.ec\/index.php?rest_route=\/wp\/v2\/users\/1"}],"replies":[{"embeddable":true,"href":"https:\/\/www.defensoria.gob.ec\/index.php?rest_route=%2Fwp%2Fv2%2Fcomments&post=2381"}],"version-history":[{"count":0,"href":"https:\/\/www.defensoria.gob.ec\/index.php?rest_route=\/wp\/v2\/project\/2381\/revisions"}],"wp:featuredmedia":[{"embeddable":true,"href":"https:\/\/www.defensoria.gob.ec\/index.php?rest_route=\/wp\/v2\/media\/2382"}],"wp:attachment":[{"href":"https:\/\/www.defensoria.gob.ec\/index.php?rest_route=%2Fwp%2Fv2%2Fmedia&parent=2381"}],"wp:term":[{"taxonomy":"project_category","embeddable":true,"href":"https:\/\/www.defensoria.gob.ec\/index.php?rest_route=%2Fwp%2Fv2%2Fproject_category&post=2381"},{"taxonomy":"project_tag","embeddable":true,"href":"https:\/\/www.defensoria.gob.ec\/index.php?rest_route=%2Fwp%2Fv2%2Fproject_tag&post=2381"}],"curies":[{"name":"wp","href":"https:\/\/api.w.org\/{rel}","templated":true}]}}

Cotopaxi: reuniones interinstitucionales y difusión de servicios en medio de comunicación

<p>[et_pb_section fb_built=»1&#8243; _builder_version=»3.19.5&#8243;][et_pb_row _builder_version=»3.19.5&#8243;][et_pb_column type=»3_4&#8243; _builder_version=»3.19.5&#8243; parallax=»off» parallax_method=»on»][et_pb_post_title meta=»off» featured_image=»off» _builder_version=»3.19.5&#8243;][/et_pb_post_title][et_pb_text _builder_version=»3.19.5&#8243; text_font=»||||||||» text_orientation=»justified»]</p>
<p>El 17 de enero, el defensor público provincial de Cotopaxi, Santiago Chipantasig, mantuvo una reunión de trabajo con José Simón Campana, representante de la Defensoría del Pueblo a fin de coordinar acciones en beneficio de las personas privadas de libertad.</p>
<p>El Defensor Público Provincial resaltó que la Institución garantiza el ejercicio de los derechos y exige el cumplimiento de las garantías del debido proceso. Además, se comprometió a llevar adelante tareas en conjunto y así brindar una asesoría oportuna y de calidad a las personas privadas de libertad.</p>
<p>Por otro lado, el 16 de enero, el Defensor Público Provincial de Cotopaxi, brindó una entrevista en Radio Municipal, donde sostuvo que “defendemos gratuitamente a las personas que por condiciones económicas, sociales y culturales no pueden pagar un abogado particular. Somos garantes de los derechos humanos”. Además indicó los puntos de atención y recalcó que la Institución cuenta con personal técnico que día a día brinda atención oportuna y de calidad.</p>
<p>Así también, el 14 de enero, Santiago Chipantasig, defensor público provincial de Cotopaxi, asistió a una reunión de trabajo convocada por la Dirección Nacional de Policía Especializada Para Niños, Niñas y Adolescentes (Dinapen), el objetivo de esta mesa de trabajo fue articular protocolos de acción frente a situaciones de violencia. El Defensor Provincial indicó “los niños, niñas y adolescentes son sujetos de derechos y nosotros velaremos por ellos en el caso que sean vulnerados”.</p>
<p>[/et_pb_text][et_pb_gallery gallery_ids=»2383,2382,2384&#8243; _builder_version=»3.19.5&#8243;][/et_pb_gallery][/et_pb_column][et_pb_column type=»1_4&#8243; _builder_version=»3.19.5&#8243; parallax=»off» parallax_method=»on»][et_pb_sidebar _builder_version=»3.19.5&#8243;][/et_pb_sidebar][/et_pb_column][/et_pb_row][/et_pb_section]</p>

<p>El 17 de enero, el defensor público provincial de Cotopaxi, Santiago Chipantasig, mantuvo una reunión de trabajo con José Simón Campana, representante de la Defensoría del Pueblo a fin de [&hellip;]</p>
