{"id":2350,"date":"2019-01-23T20:34:56","date_gmt":"2019-01-23T20:34:56","guid":{"rendered":"https:\/\/www.defensoria.gob.ec\/?post_type=project&#038;p=2350"},"modified":"2019-01-23T21:03:32","modified_gmt":"2019-01-23T21:03:32","slug":"radio-sonora-entrevista-al-defensor-publico-general-sobre-actos-de-violencia","status":"publish","type":"project","link":"https:\/\/www.defensoria.gob.ec\/?project=radio-sonora-entrevista-al-defensor-publico-general-sobre-actos-de-violencia","title":{"rendered":"Radio Sonorama: entrevista al Defensor P\u00fablico General sobre actos de violencia"},"content":{"rendered":"\n[et_pb_section fb_built=\u00bb1&#8243; _builder_version=\u00bb3.19.5&#8243;][et_pb_row _builder_version=\u00bb3.19.5&#8243;][et_pb_column type=\u00bb3_4&#8243; _builder_version=\u00bb3.19.5&#8243; parallax=\u00bboff\u00bb parallax_method=\u00bbon\u00bb][et_pb_post_title meta=\u00bboff\u00bb featured_image=\u00bboff\u00bb _builder_version=\u00bb3.19.5&#8243;][\/et_pb_post_title][et_pb_text _builder_version=\u00bb3.19.5&#8243; text_font=\u00bb||||||||\u00bb text_orientation=\u00bbjustified\u00bb]<p>Este mi\u00e9rcoles 23 de enero, el Defensor P\u00fablico General, Dr. \u00c1ngel Torres Machuca, dialog\u00f3 con Wilson Moposita, director de noticias de Radio Sonorama. La M\u00e1xima Autoridad habl\u00f3 sobre la labor que realiza la Instituci\u00f3n en el marco coyuntural que vive el pa\u00eds.<\/p>\n<p>Durante la entrevista, el Defensor P\u00fablico General recalc\u00f3 que la Defensor\u00eda continuar\u00e1 trabajando por el respeto a los derechos y a la dignidad de todas las personas, sin discriminaci\u00f3n alguna. Adem\u00e1s manifest\u00f3 el rechaz\u00f3 a todo acto de violencia, recalcando que la Instituci\u00f3n est\u00e1 para contribuir con propuestas en favor de la aplicaci\u00f3n de leyes que eliminen la violencia de g\u00e9nero.<\/p>[\/et_pb_text][et_pb_video src=\u00bbhttps:\/\/www.defensoria.gob.ec\/wp-content\/uploads\/2019\/01\/radio_sonorama.mp4&#8243; _builder_version=\u00bb3.19.5&#8243;][\/et_pb_video][\/et_pb_column][et_pb_column type=\u00bb1_4&#8243; _builder_version=\u00bb3.19.5&#8243; parallax=\u00bboff\u00bb parallax_method=\u00bbon\u00bb][et_pb_sidebar _builder_version=\u00bb3.19.5&#8243;][\/et_pb_sidebar][\/et_pb_column][\/et_pb_row][\/et_pb_section]\n","protected":false},"excerpt":{"rendered":"<p>Este mi\u00e9rcoles 23 de enero, el Defensor P\u00fablico General, Dr. \u00c1ngel Torres Machuca, dialog\u00f3 con Wilson Moposita, director de noticias de Radio Sonorama. La M\u00e1xima Autoridad habl\u00f3 sobre la labor [&hellip;]<\/p>\n","protected":false},"author":1,"featured_media":2351,"comment_status":"open","ping_status":"closed","template":"","meta":{"_et_pb_use_builder":"on","_et_pb_old_content":"","_et_gb_content_width":"","footnotes":""},"project_category":[5],"project_tag":[],"class_list":["post-2350","project","type-project","status-publish","has-post-thumbnail","hentry","project_category-noticias"],"_links":{"self":[{"href":"https:\/\/www.defensoria.gob.ec\/index.php?rest_route=\/wp\/v2\/project\/2350","targetHints":{"allow":["GET"]}}],"collection":[{"href":"https:\/\/www.defensoria.gob.ec\/index.php?rest_route=\/wp\/v2\/project"}],"about":[{"href":"https:\/\/www.defensoria.gob.ec\/index.php?rest_route=\/wp\/v2\/types\/project"}],"author":[{"embeddable":true,"href":"https:\/\/www.defensoria.gob.ec\/index.php?rest_route=\/wp\/v2\/users\/1"}],"replies":[{"embeddable":true,"href":"https:\/\/www.defensoria.gob.ec\/index.php?rest_route=%2Fwp%2Fv2%2Fcomments&post=2350"}],"version-history":[{"count":0,"href":"https:\/\/www.defensoria.gob.ec\/index.php?rest_route=\/wp\/v2\/project\/2350\/revisions"}],"wp:featuredmedia":[{"embeddable":true,"href":"https:\/\/www.defensoria.gob.ec\/index.php?rest_route=\/wp\/v2\/media\/2351"}],"wp:attachment":[{"href":"https:\/\/www.defensoria.gob.ec\/index.php?rest_route=%2Fwp%2Fv2%2Fmedia&parent=2350"}],"wp:term":[{"taxonomy":"project_category","embeddable":true,"href":"https:\/\/www.defensoria.gob.ec\/index.php?rest_route=%2Fwp%2Fv2%2Fproject_category&post=2350"},{"taxonomy":"project_tag","embeddable":true,"href":"https:\/\/www.defensoria.gob.ec\/index.php?rest_route=%2Fwp%2Fv2%2Fproject_tag&post=2350"}],"curies":[{"name":"wp","href":"https:\/\/api.w.org\/{rel}","templated":true}]}}

Radio Sonorama: entrevista al Defensor Público General sobre actos de violencia

[et_pb_section fb_built=»1&#8243; _builder_version=»3.19.5&#8243;][et_pb_row _builder_version=»3.19.5&#8243;][et_pb_column type=»3_4&#8243; _builder_version=»3.19.5&#8243; parallax=»off» parallax_method=»on»][et_pb_post_title meta=»off» featured_image=»off» _builder_version=»3.19.5&#8243;][/et_pb_post_title][et_pb_text _builder_version=»3.19.5&#8243; text_font=»||||||||» text_orientation=»justified»]<p>Este miércoles 23 de enero, el Defensor Público General, Dr. Ángel Torres Machuca, dialogó con Wilson Moposita, director de noticias de Radio Sonorama. La Máxima Autoridad habló sobre la labor que realiza la Institución en el marco coyuntural que vive el país.</p>
<p>Durante la entrevista, el Defensor Público General recalcó que la Defensoría continuará trabajando por el respeto a los derechos y a la dignidad de todas las personas, sin discriminación alguna. Además manifestó el rechazó a todo acto de violencia, recalcando que la Institución está para contribuir con propuestas en favor de la aplicación de leyes que eliminen la violencia de género.</p>[/et_pb_text][et_pb_video src=»https://www.defensoria.gob.ec/wp-content/uploads/2019/01/radio_sonorama.mp4&#8243; _builder_version=»3.19.5&#8243;][/et_pb_video][/et_pb_column][et_pb_column type=»1_4&#8243; _builder_version=»3.19.5&#8243; parallax=»off» parallax_method=»on»][et_pb_sidebar _builder_version=»3.19.5&#8243;][/et_pb_sidebar][/et_pb_column][/et_pb_row][/et_pb_section]

<p>Este miércoles 23 de enero, el Defensor Público General, Dr. Ángel Torres Machuca, dialogó con Wilson Moposita, director de noticias de Radio Sonorama. La Máxima Autoridad habló sobre la labor [&hellip;]</p>
