{"id":2330,"date":"2019-01-22T15:53:09","date_gmt":"2019-01-22T15:53:09","guid":{"rendered":"https:\/\/www.defensoria.gob.ec\/?post_type=project&#038;p=2330"},"modified":"2019-01-22T15:54:33","modified_gmt":"2019-01-22T15:54:33","slug":"tungurahua-se-evaluaron-las-acciones-en-movilidad-humana-y-refugio","status":"publish","type":"project","link":"https:\/\/www.defensoria.gob.ec\/?project=tungurahua-se-evaluaron-las-acciones-en-movilidad-humana-y-refugio","title":{"rendered":"Tungurahua: se evaluaron las acciones en movilidad humana y refugio"},"content":{"rendered":"<p>[et_pb_section fb_built=\u00bb1&#8243; _builder_version=\u00bb3.19.5&#8243;][et_pb_row _builder_version=\u00bb3.19.5&#8243;][et_pb_column type=\u00bb3_4&#8243; _builder_version=\u00bb3.19.5&#8243; parallax=\u00bboff\u00bb parallax_method=\u00bbon\u00bb][et_pb_post_title meta=\u00bboff\u00bb featured_image=\u00bboff\u00bb _builder_version=\u00bb3.19.5&#8243;][\/et_pb_post_title][et_pb_text text_orientation=\u00bbjustified\u00bb _builder_version=\u00bb3.19.5&#8243; text_font=\u00bb||||||||\u00bb]<\/p>\n<p>\u00c1ngel Jarr\u00edn, defensor p\u00fablico provincial de Tungurahua, junto con los representantes de ACNUR, del Concejo Cantonal para la Protecci\u00f3n de Derechos del GAD Municipal de Ambato y de la Defensor\u00eda del Pueblo, realiz\u00f3, el 15 de enero, una evaluaci\u00f3n de las acciones emprendidas por las instituciones del sector justicia, en el tema de movilidad humana y refugio.<\/p>\n<audio class=\"wp-audio-shortcode\" id=\"audio-2330-1\" preload=\"none\" style=\"width: 100%;\" controls=\"controls\"><source type=\"audio\/mpeg\" src=\"https:\/\/www.defensoria.gob.ec\/wp-content\/uploads\/2019\/01\/tungurahua-1.mp3?_=1\" \/><a href=\"https:\/\/www.defensoria.gob.ec\/wp-content\/uploads\/2019\/01\/tungurahua-1.mp3\">https:\/\/www.defensoria.gob.ec\/wp-content\/uploads\/2019\/01\/tungurahua-1.mp3<\/a><\/audio>\n<p>[\/et_pb_text][et_pb_gallery _builder_version=\u00bb3.19.5&#8243; gallery_ids=\u00bb2331&#8243;][\/et_pb_gallery][\/et_pb_column][et_pb_column type=\u00bb1_4&#8243; _builder_version=\u00bb3.19.5&#8243; parallax=\u00bboff\u00bb parallax_method=\u00bbon\u00bb][et_pb_sidebar _builder_version=\u00bb3.19.5&#8243;][\/et_pb_sidebar][\/et_pb_column][\/et_pb_row][\/et_pb_section]<\/p>\n","protected":false},"excerpt":{"rendered":"<p>\u00c1ngel Jarr\u00edn, defensor p\u00fablico provincial de Tungurahua, junto con los representantes de ACNUR, del Concejo Cantonal para la Protecci\u00f3n de Derechos del GAD Municipal de Ambato y de la Defensor\u00eda [&hellip;]<\/p>\n","protected":false},"author":1,"featured_media":2331,"comment_status":"open","ping_status":"closed","template":"","meta":{"_et_pb_use_builder":"on","_et_pb_old_content":"","_et_gb_content_width":"","footnotes":""},"project_category":[8],"project_tag":[],"class_list":["post-2330","project","type-project","status-publish","has-post-thumbnail","hentry","project_category-cerca-a-ti"],"_links":{"self":[{"href":"https:\/\/www.defensoria.gob.ec\/index.php?rest_route=\/wp\/v2\/project\/2330","targetHints":{"allow":["GET"]}}],"collection":[{"href":"https:\/\/www.defensoria.gob.ec\/index.php?rest_route=\/wp\/v2\/project"}],"about":[{"href":"https:\/\/www.defensoria.gob.ec\/index.php?rest_route=\/wp\/v2\/types\/project"}],"author":[{"embeddable":true,"href":"https:\/\/www.defensoria.gob.ec\/index.php?rest_route=\/wp\/v2\/users\/1"}],"replies":[{"embeddable":true,"href":"https:\/\/www.defensoria.gob.ec\/index.php?rest_route=%2Fwp%2Fv2%2Fcomments&post=2330"}],"version-history":[{"count":0,"href":"https:\/\/www.defensoria.gob.ec\/index.php?rest_route=\/wp\/v2\/project\/2330\/revisions"}],"wp:featuredmedia":[{"embeddable":true,"href":"https:\/\/www.defensoria.gob.ec\/index.php?rest_route=\/wp\/v2\/media\/2331"}],"wp:attachment":[{"href":"https:\/\/www.defensoria.gob.ec\/index.php?rest_route=%2Fwp%2Fv2%2Fmedia&parent=2330"}],"wp:term":[{"taxonomy":"project_category","embeddable":true,"href":"https:\/\/www.defensoria.gob.ec\/index.php?rest_route=%2Fwp%2Fv2%2Fproject_category&post=2330"},{"taxonomy":"project_tag","embeddable":true,"href":"https:\/\/www.defensoria.gob.ec\/index.php?rest_route=%2Fwp%2Fv2%2Fproject_tag&post=2330"}],"curies":[{"name":"wp","href":"https:\/\/api.w.org\/{rel}","templated":true}]}}

<p>[et_pb_section fb_built=»1&#8243; _builder_version=»3.19.5&#8243;][et_pb_row _builder_version=»3.19.5&#8243;][et_pb_column type=»3_4&#8243; _builder_version=»3.19.5&#8243; parallax=»off» parallax_method=»on»][et_pb_post_title meta=»off» featured_image=»off» _builder_version=»3.19.5&#8243;][/et_pb_post_title][et_pb_text text_orientation=»justified» _builder_version=»3.19.5&#8243; text_font=»||||||||»]</p>
<p>Ángel Jarrín, defensor público provincial de Tungurahua, junto con los representantes de ACNUR, del Concejo Cantonal para la Protección de Derechos del GAD Municipal de Ambato y de la Defensoría del Pueblo, realizó, el 15 de enero, una evaluación de las acciones emprendidas por las instituciones del sector justicia, en el tema de movilidad humana y refugio.</p>
<audio class="wp-audio-shortcode" id="audio-2330-1" preload="none" style="width: 100%;" controls="controls"><source type="audio/mpeg" src="https://www.defensoria.gob.ec/wp-content/uploads/2019/01/tungurahua-1.mp3?_=1" /><a href="https://www.defensoria.gob.ec/wp-content/uploads/2019/01/tungurahua-1.mp3">https://www.defensoria.gob.ec/wp-content/uploads/2019/01/tungurahua-1.mp3</a></audio>
<p>[/et_pb_text][et_pb_gallery _builder_version=»3.19.5&#8243; gallery_ids=»2331&#8243;][/et_pb_gallery][/et_pb_column][et_pb_column type=»1_4&#8243; _builder_version=»3.19.5&#8243; parallax=»off» parallax_method=»on»][et_pb_sidebar _builder_version=»3.19.5&#8243;][/et_pb_sidebar][/et_pb_column][/et_pb_row][/et_pb_section]</p>

<p>Ángel Jarrín, defensor público provincial de Tungurahua, junto con los representantes de ACNUR, del Concejo Cantonal para la Protección de Derechos del GAD Municipal de Ambato y de la Defensoría [&hellip;]</p>
