{"id":2314,"date":"2019-01-22T15:37:58","date_gmt":"2019-01-22T15:37:58","guid":{"rendered":"https:\/\/www.defensoria.gob.ec\/?post_type=project&#038;p=2314"},"modified":"2019-01-22T15:37:58","modified_gmt":"2019-01-22T15:37:58","slug":"santa-elena-se-reunio-mesa-territorial-y-se-realizo-difusion-de-servicios","status":"publish","type":"project","link":"https:\/\/www.defensoria.gob.ec\/?project=santa-elena-se-reunio-mesa-territorial-y-se-realizo-difusion-de-servicios","title":{"rendered":"Santa Elena: se reuni\u00f3 mesa territorial y se realiz\u00f3 difusi\u00f3n de servicios"},"content":{"rendered":"<p>[et_pb_section fb_built=\u00bb1&#8243; _builder_version=\u00bb3.19.5&#8243;][et_pb_row _builder_version=\u00bb3.19.5&#8243;][et_pb_column type=\u00bb3_4&#8243; _builder_version=\u00bb3.19.5&#8243; parallax=\u00bboff\u00bb parallax_method=\u00bbon\u00bb][et_pb_post_title meta=\u00bboff\u00bb featured_image=\u00bboff\u00bb _builder_version=\u00bb3.19.5&#8243;][\/et_pb_post_title][et_pb_text text_orientation=\u00bbjustified\u00bb _builder_version=\u00bb3.19.5&#8243; text_font=\u00bb||||||||\u00bb]<\/p>\n<p>Jos\u00e9 Ram\u00edrez, defensor p\u00fablico provincial de Santa Elena, particip\u00f3 el 17 de enero, en la mesa territorial reunida en la Direcci\u00f3n Distrital de Educaci\u00f3n, en la que se abord\u00f3 la prevenci\u00f3n y el tratamiento a delitos sexuales que ocurrieran en los planteles educativos.<\/p>\n<p>De igual manera, el\u00a0 16 de enero, Jos\u00e9 Ram\u00edrez y la defensora p\u00fablica, Diana Alvarado, difundieron los servicios gratuitos que ofrece la Instituci\u00f3n y atendieron las inquietudes de los oyentes, durante una entrevista en Radio Amor, del cant\u00f3n Libertad.<\/p>\n<p>Finalmente, el 15 de enero, se realiz\u00f3 una charla en la parroquia Manglaralto, del cant\u00f3n Santa Elena, donde la defensora p\u00fablica Karla Zambrano, inform\u00f3 sobre los servicios que entrega la Defensor\u00eda P\u00fablica y atendi\u00f3 las inquietudes de los usuarios.<\/p>\n<audio class=\"wp-audio-shortcode\" id=\"audio-2314-1\" preload=\"none\" style=\"width: 100%;\" controls=\"controls\"><source type=\"audio\/mpeg\" src=\"https:\/\/www.defensoria.gob.ec\/wp-content\/uploads\/2019\/01\/santaelena.mp3?_=1\" \/><a href=\"https:\/\/www.defensoria.gob.ec\/wp-content\/uploads\/2019\/01\/santaelena.mp3\">https:\/\/www.defensoria.gob.ec\/wp-content\/uploads\/2019\/01\/santaelena.mp3<\/a><\/audio>\n<p>[\/et_pb_text][et_pb_gallery _builder_version=\u00bb3.19.5&#8243; gallery_ids=\u00bb2315,2316,2317&#8243;][\/et_pb_gallery][\/et_pb_column][et_pb_column type=\u00bb1_4&#8243; _builder_version=\u00bb3.19.5&#8243; parallax=\u00bboff\u00bb parallax_method=\u00bbon\u00bb][et_pb_sidebar _builder_version=\u00bb3.19.5&#8243;][\/et_pb_sidebar][\/et_pb_column][\/et_pb_row][\/et_pb_section]<\/p>\n","protected":false},"excerpt":{"rendered":"<p>Jos\u00e9 Ram\u00edrez, defensor p\u00fablico provincial de Santa Elena, particip\u00f3 el 17 de enero, en la mesa territorial reunida en la Direcci\u00f3n Distrital de Educaci\u00f3n, en la que se abord\u00f3 la [&hellip;]<\/p>\n","protected":false},"author":1,"featured_media":2315,"comment_status":"open","ping_status":"closed","template":"","meta":{"_et_pb_use_builder":"on","_et_pb_old_content":"","_et_gb_content_width":"","footnotes":""},"project_category":[8],"project_tag":[],"class_list":["post-2314","project","type-project","status-publish","has-post-thumbnail","hentry","project_category-cerca-a-ti"],"_links":{"self":[{"href":"https:\/\/www.defensoria.gob.ec\/index.php?rest_route=\/wp\/v2\/project\/2314","targetHints":{"allow":["GET"]}}],"collection":[{"href":"https:\/\/www.defensoria.gob.ec\/index.php?rest_route=\/wp\/v2\/project"}],"about":[{"href":"https:\/\/www.defensoria.gob.ec\/index.php?rest_route=\/wp\/v2\/types\/project"}],"author":[{"embeddable":true,"href":"https:\/\/www.defensoria.gob.ec\/index.php?rest_route=\/wp\/v2\/users\/1"}],"replies":[{"embeddable":true,"href":"https:\/\/www.defensoria.gob.ec\/index.php?rest_route=%2Fwp%2Fv2%2Fcomments&post=2314"}],"version-history":[{"count":0,"href":"https:\/\/www.defensoria.gob.ec\/index.php?rest_route=\/wp\/v2\/project\/2314\/revisions"}],"wp:featuredmedia":[{"embeddable":true,"href":"https:\/\/www.defensoria.gob.ec\/index.php?rest_route=\/wp\/v2\/media\/2315"}],"wp:attachment":[{"href":"https:\/\/www.defensoria.gob.ec\/index.php?rest_route=%2Fwp%2Fv2%2Fmedia&parent=2314"}],"wp:term":[{"taxonomy":"project_category","embeddable":true,"href":"https:\/\/www.defensoria.gob.ec\/index.php?rest_route=%2Fwp%2Fv2%2Fproject_category&post=2314"},{"taxonomy":"project_tag","embeddable":true,"href":"https:\/\/www.defensoria.gob.ec\/index.php?rest_route=%2Fwp%2Fv2%2Fproject_tag&post=2314"}],"curies":[{"name":"wp","href":"https:\/\/api.w.org\/{rel}","templated":true}]}}

Santa Elena: se reunió mesa territorial y se realizó difusión de servicios

<p>[et_pb_section fb_built=»1&#8243; _builder_version=»3.19.5&#8243;][et_pb_row _builder_version=»3.19.5&#8243;][et_pb_column type=»3_4&#8243; _builder_version=»3.19.5&#8243; parallax=»off» parallax_method=»on»][et_pb_post_title meta=»off» featured_image=»off» _builder_version=»3.19.5&#8243;][/et_pb_post_title][et_pb_text text_orientation=»justified» _builder_version=»3.19.5&#8243; text_font=»||||||||»]</p>
<p>José Ramírez, defensor público provincial de Santa Elena, participó el 17 de enero, en la mesa territorial reunida en la Dirección Distrital de Educación, en la que se abordó la prevención y el tratamiento a delitos sexuales que ocurrieran en los planteles educativos.</p>
<p>De igual manera, el  16 de enero, José Ramírez y la defensora pública, Diana Alvarado, difundieron los servicios gratuitos que ofrece la Institución y atendieron las inquietudes de los oyentes, durante una entrevista en Radio Amor, del cantón Libertad.</p>
<p>Finalmente, el 15 de enero, se realizó una charla en la parroquia Manglaralto, del cantón Santa Elena, donde la defensora pública Karla Zambrano, informó sobre los servicios que entrega la Defensoría Pública y atendió las inquietudes de los usuarios.</p>
<audio class="wp-audio-shortcode" id="audio-2314-1" preload="none" style="width: 100%;" controls="controls"><source type="audio/mpeg" src="https://www.defensoria.gob.ec/wp-content/uploads/2019/01/santaelena.mp3?_=1" /><a href="https://www.defensoria.gob.ec/wp-content/uploads/2019/01/santaelena.mp3">https://www.defensoria.gob.ec/wp-content/uploads/2019/01/santaelena.mp3</a></audio>
<p>[/et_pb_text][et_pb_gallery _builder_version=»3.19.5&#8243; gallery_ids=»2315,2316,2317&#8243;][/et_pb_gallery][/et_pb_column][et_pb_column type=»1_4&#8243; _builder_version=»3.19.5&#8243; parallax=»off» parallax_method=»on»][et_pb_sidebar _builder_version=»3.19.5&#8243;][/et_pb_sidebar][/et_pb_column][/et_pb_row][/et_pb_section]</p>

<p>José Ramírez, defensor público provincial de Santa Elena, participó el 17 de enero, en la mesa territorial reunida en la Dirección Distrital de Educación, en la que se abordó la [&hellip;]</p>
