{"id":2292,"date":"2019-01-21T21:21:57","date_gmt":"2019-01-21T21:21:57","guid":{"rendered":"https:\/\/www.defensoria.gob.ec\/?post_type=project&#038;p=2292"},"modified":"2019-01-21T21:22:17","modified_gmt":"2019-01-21T21:22:17","slug":"comunicado-oficial","status":"publish","type":"project","link":"https:\/\/www.defensoria.gob.ec\/?project=comunicado-oficial","title":{"rendered":"COMUNICADO OFICIAL"},"content":{"rendered":"<p>[et_pb_section fb_built=\u00bb1&#8243; _builder_version=\u00bb3.19.5&#8243;][et_pb_row _builder_version=\u00bb3.19.5&#8243;][et_pb_column type=\u00bb3_4&#8243; _builder_version=\u00bb3.19.5&#8243; parallax=\u00bboff\u00bb parallax_method=\u00bbon\u00bb][et_pb_post_title meta=\u00bboff\u00bb featured_image=\u00bboff\u00bb _builder_version=\u00bb3.19.5&#8243;][\/et_pb_post_title][et_pb_text text_orientation=\u00bbjustified\u00bb _builder_version=\u00bb3.19.5&#8243; text_font=\u00bb||||||||\u00bb]<\/p>\n<p>La Defensoria P\u00fablica, acorde con su misi\u00f3n en defensa de los grupos vulnerables, repudia todo acto de violencia generado en nuestro pa\u00eds.<\/p>\n<p>El Ecuador es un pa\u00eds de paz, en cuyo territorio las instituciones en conjunto est\u00e1n llamadas a procurar la lucha contra la Violencia. <br \/>La Defensor\u00eda P\u00fablica est\u00e1 para contribuir con propuestas en favor de la aplicaci\u00f3n de leyes que eliminen la Violencia de g\u00e9nero, ejercer y representar en la defensa t\u00e9cnica, a aquellas mujeres que han sido maltratadas y violentadas en sus derechos.<\/p>\n<p>Hacemos un llamado a mantener la paz y la unidad nacional, rechazamos todo acto de violencia en general y manifestamos nuestra solidaridad con los familiares y amigos de Diana Carolina, Martha y dem\u00e1s mujeres agredidas; as\u00ed como con el pueblo del Ecuador que se encuentra de luto ante los hechos acaecidos. <br \/>La Instituci\u00f3n promulga el respeto a la seguridad jur\u00eddica y la esperanza de que se encuentren soluciones definitivas a los conflictos generados en estos \u00faltimos d\u00edas.<\/p>\n<p>Seguiremos luchando por el respeto a los derechos y a la dignidad de todas las personas sin discriminaci\u00f3n alguna por razones de etnia, lugar de nacimiento, edad, sexo, identidad de g\u00e9nero, identidad cultural, estado civil, idioma, religi\u00f3n, ideolog\u00eda, filiaci\u00f3n pol\u00edtica, pasado judicial, condici\u00f3n socio-econ\u00f3mica, condici\u00f3n migratoria, orientaci\u00f3n sexual, estado de salud, portador VHI, discapacidad, diferencia f\u00edsica, a fin de erradicar todo tipo de Violencia de g\u00e9nero o de cualquier naturaleza.<\/p>\n<p><strong>Dr. \u00c1ngel Torres Machuca<\/strong><br \/><strong>Defensor P\u00fablico General (E)<\/strong><\/p>\n<p>[\/et_pb_text][\/et_pb_column][et_pb_column type=\u00bb1_4&#8243; _builder_version=\u00bb3.19.5&#8243; parallax=\u00bboff\u00bb parallax_method=\u00bbon\u00bb][et_pb_sidebar _builder_version=\u00bb3.19.5&#8243;][\/et_pb_sidebar][\/et_pb_column][\/et_pb_row][\/et_pb_section]<\/p>\n","protected":false},"excerpt":{"rendered":"<p>La Defensoria P\u00fablica, acorde con su misi\u00f3n en defensa de los grupos vulnerables, repudia todo acto de violencia generado en nuestro pa\u00eds. El Ecuador es un pa\u00eds de paz, en [&hellip;]<\/p>\n","protected":false},"author":1,"featured_media":2293,"comment_status":"open","ping_status":"closed","template":"","meta":{"_et_pb_use_builder":"on","_et_pb_old_content":"","_et_gb_content_width":"","footnotes":""},"project_category":[5],"project_tag":[],"class_list":["post-2292","project","type-project","status-publish","has-post-thumbnail","hentry","project_category-noticias"],"_links":{"self":[{"href":"https:\/\/www.defensoria.gob.ec\/index.php?rest_route=\/wp\/v2\/project\/2292","targetHints":{"allow":["GET"]}}],"collection":[{"href":"https:\/\/www.defensoria.gob.ec\/index.php?rest_route=\/wp\/v2\/project"}],"about":[{"href":"https:\/\/www.defensoria.gob.ec\/index.php?rest_route=\/wp\/v2\/types\/project"}],"author":[{"embeddable":true,"href":"https:\/\/www.defensoria.gob.ec\/index.php?rest_route=\/wp\/v2\/users\/1"}],"replies":[{"embeddable":true,"href":"https:\/\/www.defensoria.gob.ec\/index.php?rest_route=%2Fwp%2Fv2%2Fcomments&post=2292"}],"version-history":[{"count":0,"href":"https:\/\/www.defensoria.gob.ec\/index.php?rest_route=\/wp\/v2\/project\/2292\/revisions"}],"wp:featuredmedia":[{"embeddable":true,"href":"https:\/\/www.defensoria.gob.ec\/index.php?rest_route=\/wp\/v2\/media\/2293"}],"wp:attachment":[{"href":"https:\/\/www.defensoria.gob.ec\/index.php?rest_route=%2Fwp%2Fv2%2Fmedia&parent=2292"}],"wp:term":[{"taxonomy":"project_category","embeddable":true,"href":"https:\/\/www.defensoria.gob.ec\/index.php?rest_route=%2Fwp%2Fv2%2Fproject_category&post=2292"},{"taxonomy":"project_tag","embeddable":true,"href":"https:\/\/www.defensoria.gob.ec\/index.php?rest_route=%2Fwp%2Fv2%2Fproject_tag&post=2292"}],"curies":[{"name":"wp","href":"https:\/\/api.w.org\/{rel}","templated":true}]}}

<p>[et_pb_section fb_built=»1&#8243; _builder_version=»3.19.5&#8243;][et_pb_row _builder_version=»3.19.5&#8243;][et_pb_column type=»3_4&#8243; _builder_version=»3.19.5&#8243; parallax=»off» parallax_method=»on»][et_pb_post_title meta=»off» featured_image=»off» _builder_version=»3.19.5&#8243;][/et_pb_post_title][et_pb_text text_orientation=»justified» _builder_version=»3.19.5&#8243; text_font=»||||||||»]</p>
<p>La Defensoria Pública, acorde con su misión en defensa de los grupos vulnerables, repudia todo acto de violencia generado en nuestro país.</p>
<p>El Ecuador es un país de paz, en cuyo territorio las instituciones en conjunto están llamadas a procurar la lucha contra la Violencia. <br />La Defensoría Pública está para contribuir con propuestas en favor de la aplicación de leyes que eliminen la Violencia de género, ejercer y representar en la defensa técnica, a aquellas mujeres que han sido maltratadas y violentadas en sus derechos.</p>
<p>Hacemos un llamado a mantener la paz y la unidad nacional, rechazamos todo acto de violencia en general y manifestamos nuestra solidaridad con los familiares y amigos de Diana Carolina, Martha y demás mujeres agredidas; así como con el pueblo del Ecuador que se encuentra de luto ante los hechos acaecidos. <br />La Institución promulga el respeto a la seguridad jurídica y la esperanza de que se encuentren soluciones definitivas a los conflictos generados en estos últimos días.</p>
<p>Seguiremos luchando por el respeto a los derechos y a la dignidad de todas las personas sin discriminación alguna por razones de etnia, lugar de nacimiento, edad, sexo, identidad de género, identidad cultural, estado civil, idioma, religión, ideología, filiación política, pasado judicial, condición socio-económica, condición migratoria, orientación sexual, estado de salud, portador VHI, discapacidad, diferencia física, a fin de erradicar todo tipo de Violencia de género o de cualquier naturaleza.</p>
<p><strong>Dr. Ángel Torres Machuca</strong><br /><strong>Defensor Público General (E)</strong></p>
<p>[/et_pb_text][/et_pb_column][et_pb_column type=»1_4&#8243; _builder_version=»3.19.5&#8243; parallax=»off» parallax_method=»on»][et_pb_sidebar _builder_version=»3.19.5&#8243;][/et_pb_sidebar][/et_pb_column][/et_pb_row][/et_pb_section]</p>

<p>La Defensoria Pública, acorde con su misión en defensa de los grupos vulnerables, repudia todo acto de violencia generado en nuestro país. El Ecuador es un país de paz, en [&hellip;]</p>
