{"id":2284,"date":"2019-01-17T22:29:23","date_gmt":"2019-01-17T22:29:23","guid":{"rendered":"https:\/\/www.defensoria.gob.ec\/?post_type=project&#038;p=2284"},"modified":"2019-01-17T22:29:23","modified_gmt":"2019-01-17T22:29:23","slug":"carchi-se-evaluo-el-tema-de-movilidad-humana-con-representantes-de-acnur","status":"publish","type":"project","link":"https:\/\/www.defensoria.gob.ec\/?project=carchi-se-evaluo-el-tema-de-movilidad-humana-con-representantes-de-acnur","title":{"rendered":"Carchi: se evalu\u00f3 el tema de movilidad humana con representantes de ACNUR"},"content":{"rendered":"<p>[et_pb_section fb_built=\u00bb1&#8243; _builder_version=\u00bb3.19.5&#8243;][et_pb_row _builder_version=\u00bb3.19.5&#8243;][et_pb_column type=\u00bb3_4&#8243; _builder_version=\u00bb3.19.5&#8243; parallax=\u00bboff\u00bb parallax_method=\u00bbon\u00bb][et_pb_post_title meta=\u00bboff\u00bb featured_image=\u00bboff\u00bb _builder_version=\u00bb3.19.5&#8243;][\/et_pb_post_title][et_pb_text _builder_version=\u00bb3.19.5&#8243; text_font=\u00bb||||||||\u00bb]<\/p>\n<p>La Defensor\u00eda P\u00fablica del\u00a0 Carchi y ACNUR, abordaron el tema de movilidad humana e hicieron un an\u00e1lisis de las intervenciones realizadas durante el a\u00f1o 2018 y las proyecci\u00f3n para el 2019, con el\u00a0 fin de determinar acciones para el fortalecimiento del convenio suscrito entre las dos instituciones.<\/p>\n<p>La reuni\u00f3n realizada el 10 de enero, estuvo liderada por Edison Aldaz Mart\u00ednez, defensor p\u00fablico provincial del Carchi y cont\u00f3\u00a0 con la participaci\u00f3n de Mar\u00eda Fernanda Pozo, asistente de protecci\u00f3n\u00a0 de ACNUR,\u00a0 Renny Ochoa, consultor especialista de Movilidad Humana para la Defensor\u00eda P\u00fablica del Carchi, Jonathan Rosero, abogado patrocinador del \u00e1rea de Movilidad Humana de la Defensor\u00eda P\u00fablica de Tulc\u00e1n y personal de asistencia de ACNUR.<\/p>\n<p>[\/et_pb_text][et_pb_gallery _builder_version=\u00bb3.19.5&#8243; gallery_ids=\u00bb2285&#8243;][\/et_pb_gallery][\/et_pb_column][et_pb_column type=\u00bb1_4&#8243; _builder_version=\u00bb3.19.5&#8243; parallax=\u00bboff\u00bb parallax_method=\u00bbon\u00bb][et_pb_sidebar _builder_version=\u00bb3.19.5&#8243;][\/et_pb_sidebar][\/et_pb_column][\/et_pb_row][\/et_pb_section]<\/p>\n","protected":false},"excerpt":{"rendered":"<p>La Defensor\u00eda P\u00fablica del\u00a0 Carchi y ACNUR, abordaron el tema de movilidad humana e hicieron un an\u00e1lisis de las intervenciones realizadas durante el a\u00f1o 2018 y las proyecci\u00f3n para el [&hellip;]<\/p>\n","protected":false},"author":1,"featured_media":2285,"comment_status":"open","ping_status":"closed","template":"","meta":{"_et_pb_use_builder":"on","_et_pb_old_content":"","_et_gb_content_width":"","footnotes":""},"project_category":[8],"project_tag":[],"class_list":["post-2284","project","type-project","status-publish","has-post-thumbnail","hentry","project_category-cerca-a-ti"],"_links":{"self":[{"href":"https:\/\/www.defensoria.gob.ec\/index.php?rest_route=\/wp\/v2\/project\/2284","targetHints":{"allow":["GET"]}}],"collection":[{"href":"https:\/\/www.defensoria.gob.ec\/index.php?rest_route=\/wp\/v2\/project"}],"about":[{"href":"https:\/\/www.defensoria.gob.ec\/index.php?rest_route=\/wp\/v2\/types\/project"}],"author":[{"embeddable":true,"href":"https:\/\/www.defensoria.gob.ec\/index.php?rest_route=\/wp\/v2\/users\/1"}],"replies":[{"embeddable":true,"href":"https:\/\/www.defensoria.gob.ec\/index.php?rest_route=%2Fwp%2Fv2%2Fcomments&post=2284"}],"version-history":[{"count":0,"href":"https:\/\/www.defensoria.gob.ec\/index.php?rest_route=\/wp\/v2\/project\/2284\/revisions"}],"wp:featuredmedia":[{"embeddable":true,"href":"https:\/\/www.defensoria.gob.ec\/index.php?rest_route=\/wp\/v2\/media\/2285"}],"wp:attachment":[{"href":"https:\/\/www.defensoria.gob.ec\/index.php?rest_route=%2Fwp%2Fv2%2Fmedia&parent=2284"}],"wp:term":[{"taxonomy":"project_category","embeddable":true,"href":"https:\/\/www.defensoria.gob.ec\/index.php?rest_route=%2Fwp%2Fv2%2Fproject_category&post=2284"},{"taxonomy":"project_tag","embeddable":true,"href":"https:\/\/www.defensoria.gob.ec\/index.php?rest_route=%2Fwp%2Fv2%2Fproject_tag&post=2284"}],"curies":[{"name":"wp","href":"https:\/\/api.w.org\/{rel}","templated":true}]}}

Carchi: se evaluó el tema de movilidad humana con representantes de ACNUR

<p>[et_pb_section fb_built=»1&#8243; _builder_version=»3.19.5&#8243;][et_pb_row _builder_version=»3.19.5&#8243;][et_pb_column type=»3_4&#8243; _builder_version=»3.19.5&#8243; parallax=»off» parallax_method=»on»][et_pb_post_title meta=»off» featured_image=»off» _builder_version=»3.19.5&#8243;][/et_pb_post_title][et_pb_text _builder_version=»3.19.5&#8243; text_font=»||||||||»]</p>
<p>La Defensoría Pública del  Carchi y ACNUR, abordaron el tema de movilidad humana e hicieron un análisis de las intervenciones realizadas durante el año 2018 y las proyección para el 2019, con el  fin de determinar acciones para el fortalecimiento del convenio suscrito entre las dos instituciones.</p>
<p>La reunión realizada el 10 de enero, estuvo liderada por Edison Aldaz Martínez, defensor público provincial del Carchi y contó  con la participación de María Fernanda Pozo, asistente de protección  de ACNUR,  Renny Ochoa, consultor especialista de Movilidad Humana para la Defensoría Pública del Carchi, Jonathan Rosero, abogado patrocinador del área de Movilidad Humana de la Defensoría Pública de Tulcán y personal de asistencia de ACNUR.</p>
<p>[/et_pb_text][et_pb_gallery _builder_version=»3.19.5&#8243; gallery_ids=»2285&#8243;][/et_pb_gallery][/et_pb_column][et_pb_column type=»1_4&#8243; _builder_version=»3.19.5&#8243; parallax=»off» parallax_method=»on»][et_pb_sidebar _builder_version=»3.19.5&#8243;][/et_pb_sidebar][/et_pb_column][/et_pb_row][/et_pb_section]</p>

<p>La Defensoría Pública del  Carchi y ACNUR, abordaron el tema de movilidad humana e hicieron un análisis de las intervenciones realizadas durante el año 2018 y las proyección para el [&hellip;]</p>
