{"id":2221,"date":"2019-01-15T19:33:05","date_gmt":"2019-01-15T19:33:05","guid":{"rendered":"https:\/\/www.defensoria.gob.ec\/?post_type=project&#038;p=2221"},"modified":"2019-01-15T19:33:05","modified_gmt":"2019-01-15T19:33:05","slug":"sucumbios-se-realizo-taller-de-movilidad-humana","status":"publish","type":"project","link":"https:\/\/www.defensoria.gob.ec\/?project=sucumbios-se-realizo-taller-de-movilidad-humana","title":{"rendered":"Sucumb\u00edos: se realiz\u00f3 taller de movilidad humana"},"content":{"rendered":"<p>[et_pb_section fb_built=\u00bb1&#8243; _builder_version=\u00bb3.19.5&#8243;][et_pb_row _builder_version=\u00bb3.19.5&#8243;][et_pb_column type=\u00bb3_4&#8243; _builder_version=\u00bb3.19.5&#8243; parallax=\u00bboff\u00bb parallax_method=\u00bbon\u00bb][et_pb_post_title meta=\u00bboff\u00bb featured_image=\u00bboff\u00bb _builder_version=\u00bb3.19.5&#8243;][\/et_pb_post_title][et_pb_text text_orientation=\u00bbjustified\u00bb _builder_version=\u00bb3.19.5&#8243; text_font=\u00bb||||||||\u00bb]<\/p>\n<p>Edilma Borja, defensora p\u00fablica provincial de Sucumb\u00edos y Jean Jaramillo, consultor en movilidad humana, participaron el 10 de enero en el taller \u201cProtocolo de Atenci\u00f3n a Ni\u00f1os, Ni\u00f1as y Adolescentes y sus familiares en contextos de movilidad humana en Ecuador\u201d, organizado por el Fondo de las Naciones Unidas para la Infancia (Unicef) y la Fundaci\u00f3n Alas de Colibr\u00ed.<\/p>\n<p>El objetivo del taller fue trabajar con el Protocolo existente para casos de Ni\u00f1os, Ni\u00f1as y Adolescentes que ingresen al pa\u00eds, asegurando su protecci\u00f3n integral.<\/p>\n<audio class=\"wp-audio-shortcode\" id=\"audio-2221-1\" preload=\"none\" style=\"width: 100%;\" controls=\"controls\"><source type=\"audio\/mpeg\" src=\"https:\/\/www.defensoria.gob.ec\/wp-content\/uploads\/2019\/01\/sucumbios.mp3?_=1\" \/><a href=\"https:\/\/www.defensoria.gob.ec\/wp-content\/uploads\/2019\/01\/sucumbios.mp3\">https:\/\/www.defensoria.gob.ec\/wp-content\/uploads\/2019\/01\/sucumbios.mp3<\/a><\/audio>\n<p>&nbsp;<\/p>\n<p>[\/et_pb_text][et_pb_gallery posts_number=\u00bb3&#8243; _builder_version=\u00bb3.19.5&#8243; gallery_ids=\u00bb2222,2223,2224&#8243;][\/et_pb_gallery][\/et_pb_column][et_pb_column type=\u00bb1_4&#8243; _builder_version=\u00bb3.19.5&#8243; parallax=\u00bboff\u00bb parallax_method=\u00bbon\u00bb][et_pb_sidebar _builder_version=\u00bb3.19.5&#8243;][\/et_pb_sidebar][\/et_pb_column][\/et_pb_row][\/et_pb_section]<\/p>\n","protected":false},"excerpt":{"rendered":"<p>Edilma Borja, defensora p\u00fablica provincial de Sucumb\u00edos y Jean Jaramillo, consultor en movilidad humana, participaron el 10 de enero en el taller \u201cProtocolo de Atenci\u00f3n a Ni\u00f1os, Ni\u00f1as y Adolescentes [&hellip;]<\/p>\n","protected":false},"author":1,"featured_media":2222,"comment_status":"open","ping_status":"closed","template":"","meta":{"_et_pb_use_builder":"on","_et_pb_old_content":"","_et_gb_content_width":"","footnotes":""},"project_category":[8],"project_tag":[],"class_list":["post-2221","project","type-project","status-publish","has-post-thumbnail","hentry","project_category-cerca-a-ti"],"_links":{"self":[{"href":"https:\/\/www.defensoria.gob.ec\/index.php?rest_route=\/wp\/v2\/project\/2221","targetHints":{"allow":["GET"]}}],"collection":[{"href":"https:\/\/www.defensoria.gob.ec\/index.php?rest_route=\/wp\/v2\/project"}],"about":[{"href":"https:\/\/www.defensoria.gob.ec\/index.php?rest_route=\/wp\/v2\/types\/project"}],"author":[{"embeddable":true,"href":"https:\/\/www.defensoria.gob.ec\/index.php?rest_route=\/wp\/v2\/users\/1"}],"replies":[{"embeddable":true,"href":"https:\/\/www.defensoria.gob.ec\/index.php?rest_route=%2Fwp%2Fv2%2Fcomments&post=2221"}],"version-history":[{"count":0,"href":"https:\/\/www.defensoria.gob.ec\/index.php?rest_route=\/wp\/v2\/project\/2221\/revisions"}],"wp:featuredmedia":[{"embeddable":true,"href":"https:\/\/www.defensoria.gob.ec\/index.php?rest_route=\/wp\/v2\/media\/2222"}],"wp:attachment":[{"href":"https:\/\/www.defensoria.gob.ec\/index.php?rest_route=%2Fwp%2Fv2%2Fmedia&parent=2221"}],"wp:term":[{"taxonomy":"project_category","embeddable":true,"href":"https:\/\/www.defensoria.gob.ec\/index.php?rest_route=%2Fwp%2Fv2%2Fproject_category&post=2221"},{"taxonomy":"project_tag","embeddable":true,"href":"https:\/\/www.defensoria.gob.ec\/index.php?rest_route=%2Fwp%2Fv2%2Fproject_tag&post=2221"}],"curies":[{"name":"wp","href":"https:\/\/api.w.org\/{rel}","templated":true}]}}

Sucumbíos: se realizó taller de movilidad humana

<p>[et_pb_section fb_built=»1&#8243; _builder_version=»3.19.5&#8243;][et_pb_row _builder_version=»3.19.5&#8243;][et_pb_column type=»3_4&#8243; _builder_version=»3.19.5&#8243; parallax=»off» parallax_method=»on»][et_pb_post_title meta=»off» featured_image=»off» _builder_version=»3.19.5&#8243;][/et_pb_post_title][et_pb_text text_orientation=»justified» _builder_version=»3.19.5&#8243; text_font=»||||||||»]</p>
<p>Edilma Borja, defensora pública provincial de Sucumbíos y Jean Jaramillo, consultor en movilidad humana, participaron el 10 de enero en el taller “Protocolo de Atención a Niños, Niñas y Adolescentes y sus familiares en contextos de movilidad humana en Ecuador”, organizado por el Fondo de las Naciones Unidas para la Infancia (Unicef) y la Fundación Alas de Colibrí.</p>
<p>El objetivo del taller fue trabajar con el Protocolo existente para casos de Niños, Niñas y Adolescentes que ingresen al país, asegurando su protección integral.</p>
<audio class="wp-audio-shortcode" id="audio-2221-1" preload="none" style="width: 100%;" controls="controls"><source type="audio/mpeg" src="https://www.defensoria.gob.ec/wp-content/uploads/2019/01/sucumbios.mp3?_=1" /><a href="https://www.defensoria.gob.ec/wp-content/uploads/2019/01/sucumbios.mp3">https://www.defensoria.gob.ec/wp-content/uploads/2019/01/sucumbios.mp3</a></audio>
<p>&nbsp;</p>
<p>[/et_pb_text][et_pb_gallery posts_number=»3&#8243; _builder_version=»3.19.5&#8243; gallery_ids=»2222,2223,2224&#8243;][/et_pb_gallery][/et_pb_column][et_pb_column type=»1_4&#8243; _builder_version=»3.19.5&#8243; parallax=»off» parallax_method=»on»][et_pb_sidebar _builder_version=»3.19.5&#8243;][/et_pb_sidebar][/et_pb_column][/et_pb_row][/et_pb_section]</p>

<p>Edilma Borja, defensora pública provincial de Sucumbíos y Jean Jaramillo, consultor en movilidad humana, participaron el 10 de enero en el taller “Protocolo de Atención a Niños, Niñas y Adolescentes [&hellip;]</p>
