{"id":2215,"date":"2019-01-15T19:26:49","date_gmt":"2019-01-15T19:26:49","guid":{"rendered":"https:\/\/www.defensoria.gob.ec\/?post_type=project&#038;p=2215"},"modified":"2019-01-15T19:26:50","modified_gmt":"2019-01-15T19:26:50","slug":"chimborazo-reunion-con-el-consejo-de-la-judicatura","status":"publish","type":"project","link":"https:\/\/www.defensoria.gob.ec\/?project=chimborazo-reunion-con-el-consejo-de-la-judicatura","title":{"rendered":"Chimborazo: reuni\u00f3n con el Consejo de la Judicatura"},"content":{"rendered":"<p>[et_pb_section fb_built=\u00bb1&#8243; _builder_version=\u00bb3.19.5&#8243;][et_pb_row _builder_version=\u00bb3.19.5&#8243;][et_pb_column type=\u00bb3_4&#8243; _builder_version=\u00bb3.19.5&#8243; parallax=\u00bboff\u00bb parallax_method=\u00bbon\u00bb][et_pb_post_title meta=\u00bboff\u00bb featured_image=\u00bboff\u00bb _builder_version=\u00bb3.19.5&#8243;][\/et_pb_post_title][et_pb_text text_orientation=\u00bbjustified\u00bb _builder_version=\u00bb3.19.5&#8243; text_font=\u00bb||||||||\u00bb]<\/p>\n<p>El 8 de enero, en el auditorio del Consejo de la Judicatura, Freddy Garz\u00f3n Jarr\u00edn, defensor p\u00fablico provincial de Chimborazo, se reuni\u00f3 con el delegado de esta instituci\u00f3n, as\u00ed como con los jueces de la Corte Provincial y de la Unidad de Violencia contra la Mujer y la Familia.\u00a0<\/p>\n<p>La reuni\u00f3n tuvo como objetivo primordial coordinar acciones para que no exista cruce de audiencias; por lo tanto, evitar audiencias fallidas. Existi\u00f3 gran apertura por parte del delegado del Consejo de la Judicatura y del coordinador de la Unidad de Violencia para tomar acciones que permitan una mejor coordinaci\u00f3n en el agendamiento de las diligencias.<\/p>\n<p>[\/et_pb_text][et_pb_gallery _builder_version=\u00bb3.19.5&#8243; gallery_ids=\u00bb2216,2217&#8243;][\/et_pb_gallery][\/et_pb_column][et_pb_column type=\u00bb1_4&#8243; _builder_version=\u00bb3.19.5&#8243; parallax=\u00bboff\u00bb parallax_method=\u00bbon\u00bb][et_pb_sidebar _builder_version=\u00bb3.19.5&#8243;][\/et_pb_sidebar][\/et_pb_column][\/et_pb_row][\/et_pb_section]<\/p>\n","protected":false},"excerpt":{"rendered":"<p>El 8 de enero, en el auditorio del Consejo de la Judicatura, Freddy Garz\u00f3n Jarr\u00edn, defensor p\u00fablico provincial de Chimborazo, se reuni\u00f3 con el delegado de esta instituci\u00f3n, as\u00ed como [&hellip;]<\/p>\n","protected":false},"author":1,"featured_media":2216,"comment_status":"open","ping_status":"closed","template":"","meta":{"_et_pb_use_builder":"on","_et_pb_old_content":"","_et_gb_content_width":"","footnotes":""},"project_category":[8],"project_tag":[],"class_list":["post-2215","project","type-project","status-publish","has-post-thumbnail","hentry","project_category-cerca-a-ti"],"_links":{"self":[{"href":"https:\/\/www.defensoria.gob.ec\/index.php?rest_route=\/wp\/v2\/project\/2215","targetHints":{"allow":["GET"]}}],"collection":[{"href":"https:\/\/www.defensoria.gob.ec\/index.php?rest_route=\/wp\/v2\/project"}],"about":[{"href":"https:\/\/www.defensoria.gob.ec\/index.php?rest_route=\/wp\/v2\/types\/project"}],"author":[{"embeddable":true,"href":"https:\/\/www.defensoria.gob.ec\/index.php?rest_route=\/wp\/v2\/users\/1"}],"replies":[{"embeddable":true,"href":"https:\/\/www.defensoria.gob.ec\/index.php?rest_route=%2Fwp%2Fv2%2Fcomments&post=2215"}],"version-history":[{"count":0,"href":"https:\/\/www.defensoria.gob.ec\/index.php?rest_route=\/wp\/v2\/project\/2215\/revisions"}],"wp:featuredmedia":[{"embeddable":true,"href":"https:\/\/www.defensoria.gob.ec\/index.php?rest_route=\/wp\/v2\/media\/2216"}],"wp:attachment":[{"href":"https:\/\/www.defensoria.gob.ec\/index.php?rest_route=%2Fwp%2Fv2%2Fmedia&parent=2215"}],"wp:term":[{"taxonomy":"project_category","embeddable":true,"href":"https:\/\/www.defensoria.gob.ec\/index.php?rest_route=%2Fwp%2Fv2%2Fproject_category&post=2215"},{"taxonomy":"project_tag","embeddable":true,"href":"https:\/\/www.defensoria.gob.ec\/index.php?rest_route=%2Fwp%2Fv2%2Fproject_tag&post=2215"}],"curies":[{"name":"wp","href":"https:\/\/api.w.org\/{rel}","templated":true}]}}

Chimborazo: reunión con el Consejo de la Judicatura

<p>[et_pb_section fb_built=»1&#8243; _builder_version=»3.19.5&#8243;][et_pb_row _builder_version=»3.19.5&#8243;][et_pb_column type=»3_4&#8243; _builder_version=»3.19.5&#8243; parallax=»off» parallax_method=»on»][et_pb_post_title meta=»off» featured_image=»off» _builder_version=»3.19.5&#8243;][/et_pb_post_title][et_pb_text text_orientation=»justified» _builder_version=»3.19.5&#8243; text_font=»||||||||»]</p>
<p>El 8 de enero, en el auditorio del Consejo de la Judicatura, Freddy Garzón Jarrín, defensor público provincial de Chimborazo, se reunió con el delegado de esta institución, así como con los jueces de la Corte Provincial y de la Unidad de Violencia contra la Mujer y la Familia. </p>
<p>La reunión tuvo como objetivo primordial coordinar acciones para que no exista cruce de audiencias; por lo tanto, evitar audiencias fallidas. Existió gran apertura por parte del delegado del Consejo de la Judicatura y del coordinador de la Unidad de Violencia para tomar acciones que permitan una mejor coordinación en el agendamiento de las diligencias.</p>
<p>[/et_pb_text][et_pb_gallery _builder_version=»3.19.5&#8243; gallery_ids=»2216,2217&#8243;][/et_pb_gallery][/et_pb_column][et_pb_column type=»1_4&#8243; _builder_version=»3.19.5&#8243; parallax=»off» parallax_method=»on»][et_pb_sidebar _builder_version=»3.19.5&#8243;][/et_pb_sidebar][/et_pb_column][/et_pb_row][/et_pb_section]</p>

<p>El 8 de enero, en el auditorio del Consejo de la Judicatura, Freddy Garzón Jarrín, defensor público provincial de Chimborazo, se reunió con el delegado de esta institución, así como [&hellip;]</p>
