{"id":2203,"date":"2019-01-15T19:19:49","date_gmt":"2019-01-15T19:19:49","guid":{"rendered":"https:\/\/www.defensoria.gob.ec\/?post_type=project&#038;p=2203"},"modified":"2019-01-15T19:19:49","modified_gmt":"2019-01-15T19:19:49","slug":"morona-santiago-se-activo-la-red-interinstitucional-de-proteccion-de-derechos","status":"publish","type":"project","link":"https:\/\/www.defensoria.gob.ec\/?project=morona-santiago-se-activo-la-red-interinstitucional-de-proteccion-de-derechos","title":{"rendered":"Morona Santiago: se activ\u00f3 la Red Interinstitucional de Protecci\u00f3n de Derechos"},"content":{"rendered":"<p>[et_pb_section fb_built=\u00bb1&#8243; _builder_version=\u00bb3.19.5&#8243;][et_pb_row _builder_version=\u00bb3.19.5&#8243;][et_pb_column type=\u00bb3_4&#8243; _builder_version=\u00bb3.19.5&#8243; parallax=\u00bboff\u00bb parallax_method=\u00bbon\u00bb][et_pb_post_title meta=\u00bboff\u00bb featured_image=\u00bboff\u00bb _builder_version=\u00bb3.19.5&#8243;][\/et_pb_post_title][et_pb_text text_orientation=\u00bbjustified\u00bb _builder_version=\u00bb3.19.5&#8243; text_font=\u00bb||||||||\u00bb]<\/p>\n<p>El 9 de enero, la Defensor\u00eda P\u00fablica de Morona Santiago particip\u00f3 en una reuni\u00f3n de trabajo sobre la activaci\u00f3n de la Red Interinstitucional de Protecci\u00f3n de Derechos, con el fin de abordar los temas de violencia intrafamiliar y drogas.<\/p>\n<p>Jos\u00e9 Sarmiento, defensor p\u00fablico provincial durante el encuentro sostuvo: \u201cnuestro firme compromiso con la defensa y el reconocimiento de los derechos humanos, la Defensor\u00eda P\u00fablica trabaja con enfoque en la calidad de los servicios gratuitos, garantizando el acceso a la justicia\u201d.<\/p>\n<p>[\/et_pb_text][et_pb_gallery _builder_version=\u00bb3.19.5&#8243; gallery_ids=\u00bb2204&#8243;][\/et_pb_gallery][\/et_pb_column][et_pb_column type=\u00bb1_4&#8243; _builder_version=\u00bb3.19.5&#8243; parallax=\u00bboff\u00bb parallax_method=\u00bbon\u00bb][et_pb_sidebar _builder_version=\u00bb3.19.5&#8243;][\/et_pb_sidebar][\/et_pb_column][\/et_pb_row][\/et_pb_section]<\/p>\n","protected":false},"excerpt":{"rendered":"<p>El 9 de enero, la Defensor\u00eda P\u00fablica de Morona Santiago particip\u00f3 en una reuni\u00f3n de trabajo sobre la activaci\u00f3n de la Red Interinstitucional de Protecci\u00f3n de Derechos, con el fin [&hellip;]<\/p>\n","protected":false},"author":1,"featured_media":2204,"comment_status":"open","ping_status":"closed","template":"","meta":{"_et_pb_use_builder":"on","_et_pb_old_content":"","_et_gb_content_width":"","footnotes":""},"project_category":[8],"project_tag":[],"class_list":["post-2203","project","type-project","status-publish","has-post-thumbnail","hentry","project_category-cerca-a-ti"],"_links":{"self":[{"href":"https:\/\/www.defensoria.gob.ec\/index.php?rest_route=\/wp\/v2\/project\/2203","targetHints":{"allow":["GET"]}}],"collection":[{"href":"https:\/\/www.defensoria.gob.ec\/index.php?rest_route=\/wp\/v2\/project"}],"about":[{"href":"https:\/\/www.defensoria.gob.ec\/index.php?rest_route=\/wp\/v2\/types\/project"}],"author":[{"embeddable":true,"href":"https:\/\/www.defensoria.gob.ec\/index.php?rest_route=\/wp\/v2\/users\/1"}],"replies":[{"embeddable":true,"href":"https:\/\/www.defensoria.gob.ec\/index.php?rest_route=%2Fwp%2Fv2%2Fcomments&post=2203"}],"version-history":[{"count":0,"href":"https:\/\/www.defensoria.gob.ec\/index.php?rest_route=\/wp\/v2\/project\/2203\/revisions"}],"wp:featuredmedia":[{"embeddable":true,"href":"https:\/\/www.defensoria.gob.ec\/index.php?rest_route=\/wp\/v2\/media\/2204"}],"wp:attachment":[{"href":"https:\/\/www.defensoria.gob.ec\/index.php?rest_route=%2Fwp%2Fv2%2Fmedia&parent=2203"}],"wp:term":[{"taxonomy":"project_category","embeddable":true,"href":"https:\/\/www.defensoria.gob.ec\/index.php?rest_route=%2Fwp%2Fv2%2Fproject_category&post=2203"},{"taxonomy":"project_tag","embeddable":true,"href":"https:\/\/www.defensoria.gob.ec\/index.php?rest_route=%2Fwp%2Fv2%2Fproject_tag&post=2203"}],"curies":[{"name":"wp","href":"https:\/\/api.w.org\/{rel}","templated":true}]}}

Morona Santiago: se activó la Red Interinstitucional de Protección de Derechos

<p>[et_pb_section fb_built=»1&#8243; _builder_version=»3.19.5&#8243;][et_pb_row _builder_version=»3.19.5&#8243;][et_pb_column type=»3_4&#8243; _builder_version=»3.19.5&#8243; parallax=»off» parallax_method=»on»][et_pb_post_title meta=»off» featured_image=»off» _builder_version=»3.19.5&#8243;][/et_pb_post_title][et_pb_text text_orientation=»justified» _builder_version=»3.19.5&#8243; text_font=»||||||||»]</p>
<p>El 9 de enero, la Defensoría Pública de Morona Santiago participó en una reunión de trabajo sobre la activación de la Red Interinstitucional de Protección de Derechos, con el fin de abordar los temas de violencia intrafamiliar y drogas.</p>
<p>José Sarmiento, defensor público provincial durante el encuentro sostuvo: “nuestro firme compromiso con la defensa y el reconocimiento de los derechos humanos, la Defensoría Pública trabaja con enfoque en la calidad de los servicios gratuitos, garantizando el acceso a la justicia”.</p>
<p>[/et_pb_text][et_pb_gallery _builder_version=»3.19.5&#8243; gallery_ids=»2204&#8243;][/et_pb_gallery][/et_pb_column][et_pb_column type=»1_4&#8243; _builder_version=»3.19.5&#8243; parallax=»off» parallax_method=»on»][et_pb_sidebar _builder_version=»3.19.5&#8243;][/et_pb_sidebar][/et_pb_column][/et_pb_row][/et_pb_section]</p>

<p>El 9 de enero, la Defensoría Pública de Morona Santiago participó en una reunión de trabajo sobre la activación de la Red Interinstitucional de Protección de Derechos, con el fin [&hellip;]</p>
