{"id":2190,"date":"2019-01-15T13:36:22","date_gmt":"2019-01-15T13:36:22","guid":{"rendered":"https:\/\/www.defensoria.gob.ec\/?post_type=project&#038;p=2190"},"modified":"2019-01-15T16:55:40","modified_gmt":"2019-01-15T16:55:40","slug":"nuevas-autoridades-en-el-austro-y-azuay","status":"publish","type":"project","link":"https:\/\/www.defensoria.gob.ec\/?project=nuevas-autoridades-en-el-austro-y-azuay","title":{"rendered":"Nuevas autoridades en el Austro y Azuay"},"content":{"rendered":"<p>[et_pb_section fb_built=\u00bb1&#8243; _builder_version=\u00bb3.19.5&#8243;][et_pb_row _builder_version=\u00bb3.19.5&#8243;][et_pb_column type=\u00bb3_4&#8243; _builder_version=\u00bb3.19.5&#8243; parallax=\u00bboff\u00bb parallax_method=\u00bbon\u00bb][et_pb_post_title meta=\u00bboff\u00bb featured_image=\u00bboff\u00bb _builder_version=\u00bb3.19.5&#8243;][\/et_pb_post_title][et_pb_text _builder_version=\u00bb3.19.5&#8243; text_font=\u00bb||||||||\u00bb text_orientation=\u00bbjustified\u00bb]<\/p>\n<p>Desde hoy 15 de enero, la Defensor\u00eda P\u00fablica cuenta con nuevas autoridades en las representaciones del Austro y Azuay. Mauricio V\u00e1squez Illescas asumi\u00f3 la Defensor\u00eda P\u00fablica Regional del Austro; mientras que Sergio Sinche Mora, la dependencia provincial de Azuay.<\/p>\n<p>Sergio Sinche es abogado y egresado de una maestr\u00eda en Derechos Constitucional. Afirm\u00f3 que recibe el cargo de las manos del Dr. \u00c1ngel Torres Machuca, Defensor P\u00fablico General, como un gran reto profesional. \u201cSeguiremos los lineamientos del Defensor General, con miras hacia el objetivo misional: garantizar el acceso a la justicia y servir a los m\u00e1s vulnerables\u201d. As\u00ed tambi\u00e9n, asegur\u00f3 que convocar\u00e1 al personal misional del Azuay a una reuni\u00f3n urgente para establecer acciones y empezar a trabajar.<\/p>\n<p>Por su parte, el nuevo representante del Austro, Mauricio V\u00e1squez, es m\u00e1ster en Derecho Penal y Criminolog\u00eda, adem\u00e1s cuenta con una especialidad en derecho penal y justicia ind\u00edgena. Es catedr\u00e1tico en la Universidad Cat\u00f3lica de Cuenca y ha desempe\u00f1ado diversos cargos p\u00fablicos en la provincia.<\/p>\n<p>B003-2019<br \/> 15-enero-2019<\/p>\n<p>[\/et_pb_text][et_pb_gallery gallery_ids=\u00bb2191&#8243; _builder_version=\u00bb3.19.5&#8243;][\/et_pb_gallery][\/et_pb_column][et_pb_column type=\u00bb1_4&#8243; _builder_version=\u00bb3.19.5&#8243; parallax=\u00bboff\u00bb parallax_method=\u00bbon\u00bb][et_pb_sidebar _builder_version=\u00bb3.19.5&#8243;][\/et_pb_sidebar][\/et_pb_column][\/et_pb_row][\/et_pb_section]<\/p>\n","protected":false},"excerpt":{"rendered":"<p>Desde hoy 15 de enero, la Defensor\u00eda P\u00fablica cuenta con nuevas autoridades en las representaciones del Austro y Azuay. Mauricio V\u00e1squez Illescas asumi\u00f3 la Defensor\u00eda P\u00fablica Regional del Austro; mientras [&hellip;]<\/p>\n","protected":false},"author":1,"featured_media":2191,"comment_status":"open","ping_status":"closed","template":"","meta":{"_et_pb_use_builder":"on","_et_pb_old_content":"","_et_gb_content_width":"","footnotes":""},"project_category":[5],"project_tag":[],"class_list":["post-2190","project","type-project","status-publish","has-post-thumbnail","hentry","project_category-noticias"],"_links":{"self":[{"href":"https:\/\/www.defensoria.gob.ec\/index.php?rest_route=\/wp\/v2\/project\/2190","targetHints":{"allow":["GET"]}}],"collection":[{"href":"https:\/\/www.defensoria.gob.ec\/index.php?rest_route=\/wp\/v2\/project"}],"about":[{"href":"https:\/\/www.defensoria.gob.ec\/index.php?rest_route=\/wp\/v2\/types\/project"}],"author":[{"embeddable":true,"href":"https:\/\/www.defensoria.gob.ec\/index.php?rest_route=\/wp\/v2\/users\/1"}],"replies":[{"embeddable":true,"href":"https:\/\/www.defensoria.gob.ec\/index.php?rest_route=%2Fwp%2Fv2%2Fcomments&post=2190"}],"version-history":[{"count":0,"href":"https:\/\/www.defensoria.gob.ec\/index.php?rest_route=\/wp\/v2\/project\/2190\/revisions"}],"wp:featuredmedia":[{"embeddable":true,"href":"https:\/\/www.defensoria.gob.ec\/index.php?rest_route=\/wp\/v2\/media\/2191"}],"wp:attachment":[{"href":"https:\/\/www.defensoria.gob.ec\/index.php?rest_route=%2Fwp%2Fv2%2Fmedia&parent=2190"}],"wp:term":[{"taxonomy":"project_category","embeddable":true,"href":"https:\/\/www.defensoria.gob.ec\/index.php?rest_route=%2Fwp%2Fv2%2Fproject_category&post=2190"},{"taxonomy":"project_tag","embeddable":true,"href":"https:\/\/www.defensoria.gob.ec\/index.php?rest_route=%2Fwp%2Fv2%2Fproject_tag&post=2190"}],"curies":[{"name":"wp","href":"https:\/\/api.w.org\/{rel}","templated":true}]}}

<p>[et_pb_section fb_built=»1&#8243; _builder_version=»3.19.5&#8243;][et_pb_row _builder_version=»3.19.5&#8243;][et_pb_column type=»3_4&#8243; _builder_version=»3.19.5&#8243; parallax=»off» parallax_method=»on»][et_pb_post_title meta=»off» featured_image=»off» _builder_version=»3.19.5&#8243;][/et_pb_post_title][et_pb_text _builder_version=»3.19.5&#8243; text_font=»||||||||» text_orientation=»justified»]</p>
<p>Desde hoy 15 de enero, la Defensoría Pública cuenta con nuevas autoridades en las representaciones del Austro y Azuay. Mauricio Vásquez Illescas asumió la Defensoría Pública Regional del Austro; mientras que Sergio Sinche Mora, la dependencia provincial de Azuay.</p>
<p>Sergio Sinche es abogado y egresado de una maestría en Derechos Constitucional. Afirmó que recibe el cargo de las manos del Dr. Ángel Torres Machuca, Defensor Público General, como un gran reto profesional. “Seguiremos los lineamientos del Defensor General, con miras hacia el objetivo misional: garantizar el acceso a la justicia y servir a los más vulnerables”. Así también, aseguró que convocará al personal misional del Azuay a una reunión urgente para establecer acciones y empezar a trabajar.</p>
<p>Por su parte, el nuevo representante del Austro, Mauricio Vásquez, es máster en Derecho Penal y Criminología, además cuenta con una especialidad en derecho penal y justicia indígena. Es catedrático en la Universidad Católica de Cuenca y ha desempeñado diversos cargos públicos en la provincia.</p>
<p>B003-2019<br /> 15-enero-2019</p>
<p>[/et_pb_text][et_pb_gallery gallery_ids=»2191&#8243; _builder_version=»3.19.5&#8243;][/et_pb_gallery][/et_pb_column][et_pb_column type=»1_4&#8243; _builder_version=»3.19.5&#8243; parallax=»off» parallax_method=»on»][et_pb_sidebar _builder_version=»3.19.5&#8243;][/et_pb_sidebar][/et_pb_column][/et_pb_row][/et_pb_section]</p>

<p>Desde hoy 15 de enero, la Defensoría Pública cuenta con nuevas autoridades en las representaciones del Austro y Azuay. Mauricio Vásquez Illescas asumió la Defensoría Pública Regional del Austro; mientras [&hellip;]</p>
