{"id":2160,"date":"2019-01-10T20:07:39","date_gmt":"2019-01-10T20:07:39","guid":{"rendered":"https:\/\/www.defensoria.gob.ec\/?post_type=project&#038;p=2160"},"modified":"2019-01-11T12:56:35","modified_gmt":"2019-01-11T12:56:35","slug":"carchi-temas-sobre-el-centro-de-detencion-provisional-fueron-discutidos","status":"publish","type":"project","link":"https:\/\/www.defensoria.gob.ec\/?project=carchi-temas-sobre-el-centro-de-detencion-provisional-fueron-discutidos","title":{"rendered":"Carchi: temas sobre el Centro de Detenci\u00f3n Provisional fueron discutidos"},"content":{"rendered":"<p>[et_pb_section fb_built=\u00bb1&#8243; _builder_version=\u00bb3.19.4&#8243;][et_pb_row _builder_version=\u00bb3.19.4&#8243;][et_pb_column type=\u00bb3_4&#8243; _builder_version=\u00bb3.19.4&#8243; parallax=\u00bboff\u00bb parallax_method=\u00bbon\u00bb][et_pb_post_title meta=\u00bboff\u00bb featured_image=\u00bboff\u00bb _builder_version=\u00bb3.19.4&#8243;][\/et_pb_post_title][et_pb_text _builder_version=\u00bb3.19.4&#8243; text_font=\u00bb||||||||\u00bb text_orientation=\u00bbjustified\u00bb]<\/p>\n<p>El 28 de diciembre, en el sal\u00f3n de sesiones de la Cooperativa Cacet, el defensor p\u00fablico provincial del Carchi, Edison Aldaz Mart\u00ednez, particip\u00f3 en una reuni\u00f3n sobre las diferentes problem\u00e1ticas de la ciudad y de la provincia. El tema espec\u00edfico fue la ubicaci\u00f3n indebida del Centro de Detenci\u00f3n Provisional (CDP); adem\u00e1s de las agresiones perpetradas por contrabandistas contra los miembros de la Polic\u00eda Nacional y otros funcionarios que forman parte de los operativos. Por \u00faltimo, se trataron las estad\u00edsticas de la Fiscal\u00eda, del Consejo de la Judicatura y de la Polic\u00eda Nacional.<\/p>\n<p>Adem\u00e1s de la Defensor\u00eda P\u00fablica, asistieron representantes de otras instituciones como la Consejo de la Corte Provincial de Justicia, Fiscal\u00eda Provincial, Servicio Nacional de Aduana del Ecuador (Senae), Defensor\u00eda del Pueblo, Agencia de Regulaci\u00f3n y Control Hidrocarbur\u00edfero\u00a0(ARCH), ECU-911, Polic\u00eda Judicial y Fuerzas Armadas.<\/p>\n<audio class=\"wp-audio-shortcode\" id=\"audio-2160-1\" preload=\"none\" style=\"width: 100%;\" controls=\"controls\"><source type=\"audio\/mpeg\" src=\"https:\/\/www.defensoria.gob.ec\/wp-content\/uploads\/2019\/01\/carchi.mp3?_=1\" \/><a href=\"https:\/\/www.defensoria.gob.ec\/wp-content\/uploads\/2019\/01\/carchi.mp3\">https:\/\/www.defensoria.gob.ec\/wp-content\/uploads\/2019\/01\/carchi.mp3<\/a><\/audio>\n<p>[\/et_pb_text][et_pb_gallery gallery_ids=\u00bb2162,2161&#8243; _builder_version=\u00bb3.19.4&#8243;][\/et_pb_gallery][\/et_pb_column][et_pb_column type=\u00bb1_4&#8243; _builder_version=\u00bb3.19.4&#8243; parallax=\u00bboff\u00bb parallax_method=\u00bbon\u00bb][et_pb_sidebar _builder_version=\u00bb3.19.4&#8243;][\/et_pb_sidebar][\/et_pb_column][\/et_pb_row][\/et_pb_section]<\/p>\n","protected":false},"excerpt":{"rendered":"<p>El 28 de diciembre, en el sal\u00f3n de sesiones de la Cooperativa Cacet, el defensor p\u00fablico provincial del Carchi, Edison Aldaz Mart\u00ednez, particip\u00f3 en una reuni\u00f3n sobre las diferentes problem\u00e1ticas [&hellip;]<\/p>\n","protected":false},"author":1,"featured_media":2161,"comment_status":"open","ping_status":"closed","template":"","meta":{"_et_pb_use_builder":"on","_et_pb_old_content":"","_et_gb_content_width":"","footnotes":""},"project_category":[8],"project_tag":[],"class_list":["post-2160","project","type-project","status-publish","has-post-thumbnail","hentry","project_category-cerca-a-ti"],"_links":{"self":[{"href":"https:\/\/www.defensoria.gob.ec\/index.php?rest_route=\/wp\/v2\/project\/2160","targetHints":{"allow":["GET"]}}],"collection":[{"href":"https:\/\/www.defensoria.gob.ec\/index.php?rest_route=\/wp\/v2\/project"}],"about":[{"href":"https:\/\/www.defensoria.gob.ec\/index.php?rest_route=\/wp\/v2\/types\/project"}],"author":[{"embeddable":true,"href":"https:\/\/www.defensoria.gob.ec\/index.php?rest_route=\/wp\/v2\/users\/1"}],"replies":[{"embeddable":true,"href":"https:\/\/www.defensoria.gob.ec\/index.php?rest_route=%2Fwp%2Fv2%2Fcomments&post=2160"}],"version-history":[{"count":0,"href":"https:\/\/www.defensoria.gob.ec\/index.php?rest_route=\/wp\/v2\/project\/2160\/revisions"}],"wp:featuredmedia":[{"embeddable":true,"href":"https:\/\/www.defensoria.gob.ec\/index.php?rest_route=\/wp\/v2\/media\/2161"}],"wp:attachment":[{"href":"https:\/\/www.defensoria.gob.ec\/index.php?rest_route=%2Fwp%2Fv2%2Fmedia&parent=2160"}],"wp:term":[{"taxonomy":"project_category","embeddable":true,"href":"https:\/\/www.defensoria.gob.ec\/index.php?rest_route=%2Fwp%2Fv2%2Fproject_category&post=2160"},{"taxonomy":"project_tag","embeddable":true,"href":"https:\/\/www.defensoria.gob.ec\/index.php?rest_route=%2Fwp%2Fv2%2Fproject_tag&post=2160"}],"curies":[{"name":"wp","href":"https:\/\/api.w.org\/{rel}","templated":true}]}}

Carchi: temas sobre el Centro de Detención Provisional fueron discutidos

<p>[et_pb_section fb_built=»1&#8243; _builder_version=»3.19.4&#8243;][et_pb_row _builder_version=»3.19.4&#8243;][et_pb_column type=»3_4&#8243; _builder_version=»3.19.4&#8243; parallax=»off» parallax_method=»on»][et_pb_post_title meta=»off» featured_image=»off» _builder_version=»3.19.4&#8243;][/et_pb_post_title][et_pb_text _builder_version=»3.19.4&#8243; text_font=»||||||||» text_orientation=»justified»]</p>
<p>El 28 de diciembre, en el salón de sesiones de la Cooperativa Cacet, el defensor público provincial del Carchi, Edison Aldaz Martínez, participó en una reunión sobre las diferentes problemáticas de la ciudad y de la provincia. El tema específico fue la ubicación indebida del Centro de Detención Provisional (CDP); además de las agresiones perpetradas por contrabandistas contra los miembros de la Policía Nacional y otros funcionarios que forman parte de los operativos. Por último, se trataron las estadísticas de la Fiscalía, del Consejo de la Judicatura y de la Policía Nacional.</p>
<p>Además de la Defensoría Pública, asistieron representantes de otras instituciones como la Consejo de la Corte Provincial de Justicia, Fiscalía Provincial, Servicio Nacional de Aduana del Ecuador (Senae), Defensoría del Pueblo, Agencia de Regulación y Control Hidrocarburífero (ARCH), ECU-911, Policía Judicial y Fuerzas Armadas.</p>
<audio class="wp-audio-shortcode" id="audio-2160-1" preload="none" style="width: 100%;" controls="controls"><source type="audio/mpeg" src="https://www.defensoria.gob.ec/wp-content/uploads/2019/01/carchi.mp3?_=1" /><a href="https://www.defensoria.gob.ec/wp-content/uploads/2019/01/carchi.mp3">https://www.defensoria.gob.ec/wp-content/uploads/2019/01/carchi.mp3</a></audio>
<p>[/et_pb_text][et_pb_gallery gallery_ids=»2162,2161&#8243; _builder_version=»3.19.4&#8243;][/et_pb_gallery][/et_pb_column][et_pb_column type=»1_4&#8243; _builder_version=»3.19.4&#8243; parallax=»off» parallax_method=»on»][et_pb_sidebar _builder_version=»3.19.4&#8243;][/et_pb_sidebar][/et_pb_column][/et_pb_row][/et_pb_section]</p>

<p>El 28 de diciembre, en el salón de sesiones de la Cooperativa Cacet, el defensor público provincial del Carchi, Edison Aldaz Martínez, participó en una reunión sobre las diferentes problemáticas [&hellip;]</p>
