{"id":2156,"date":"2019-01-10T19:59:30","date_gmt":"2019-01-10T19:59:30","guid":{"rendered":"https:\/\/www.defensoria.gob.ec\/?post_type=project&#038;p=2156"},"modified":"2019-01-10T19:59:30","modified_gmt":"2019-01-10T19:59:30","slug":"imbabura-la-defensoria-publica-y-el-gad-de-cotacachi-firmaron-un-convenio","status":"publish","type":"project","link":"https:\/\/www.defensoria.gob.ec\/?project=imbabura-la-defensoria-publica-y-el-gad-de-cotacachi-firmaron-un-convenio","title":{"rendered":"Imbabura: la Defensor\u00eda P\u00fablica y el GAD de Cotacachi firmaron un convenio"},"content":{"rendered":"<p>[et_pb_section fb_built=\u00bb1&#8243; _builder_version=\u00bb3.19.4&#8243;][et_pb_row _builder_version=\u00bb3.19.4&#8243;][et_pb_column type=\u00bb3_4&#8243; _builder_version=\u00bb3.19.4&#8243; parallax=\u00bboff\u00bb parallax_method=\u00bbon\u00bb][et_pb_post_title meta=\u00bboff\u00bb featured_image=\u00bboff\u00bb _builder_version=\u00bb3.19.4&#8243;][\/et_pb_post_title][et_pb_text text_orientation=\u00bbjustified\u00bb _builder_version=\u00bb3.19.4&#8243; text_font=\u00bb||||||||\u00bb]<\/p>\n<p>El 3 de enero, la Defensor\u00eda P\u00fablica de Imbabura y el GAD Municipal de Cotacachi suscribieron la renovaci\u00f3n del un convenio interinstitucional. La firma estuvo a cargo del Dr. \u00c1ngel Torres Machuca, Defensor P\u00fablico General y Jomar Cevallos Moreno, alcalde de Cotacachi. El acuerdo consiste en brindar asesoramiento y patrocinio gratuito a los grupos de atenci\u00f3n prioritaria.<\/p>\n<p>[\/et_pb_text][et_pb_gallery _builder_version=\u00bb3.19.4&#8243; gallery_ids=\u00bb2157&#8243;][\/et_pb_gallery][\/et_pb_column][et_pb_column type=\u00bb1_4&#8243; _builder_version=\u00bb3.19.4&#8243; parallax=\u00bboff\u00bb parallax_method=\u00bbon\u00bb][et_pb_sidebar _builder_version=\u00bb3.19.4&#8243;][\/et_pb_sidebar][\/et_pb_column][\/et_pb_row][\/et_pb_section]<\/p>\n","protected":false},"excerpt":{"rendered":"<p>El 3 de enero, la Defensor\u00eda P\u00fablica de Imbabura y el GAD Municipal de Cotacachi suscribieron la renovaci\u00f3n del un convenio interinstitucional. La firma estuvo a cargo del Dr. \u00c1ngel [&hellip;]<\/p>\n","protected":false},"author":1,"featured_media":2157,"comment_status":"open","ping_status":"closed","template":"","meta":{"_et_pb_use_builder":"on","_et_pb_old_content":"","_et_gb_content_width":"","footnotes":""},"project_category":[8],"project_tag":[],"class_list":["post-2156","project","type-project","status-publish","has-post-thumbnail","hentry","project_category-cerca-a-ti"],"_links":{"self":[{"href":"https:\/\/www.defensoria.gob.ec\/index.php?rest_route=\/wp\/v2\/project\/2156","targetHints":{"allow":["GET"]}}],"collection":[{"href":"https:\/\/www.defensoria.gob.ec\/index.php?rest_route=\/wp\/v2\/project"}],"about":[{"href":"https:\/\/www.defensoria.gob.ec\/index.php?rest_route=\/wp\/v2\/types\/project"}],"author":[{"embeddable":true,"href":"https:\/\/www.defensoria.gob.ec\/index.php?rest_route=\/wp\/v2\/users\/1"}],"replies":[{"embeddable":true,"href":"https:\/\/www.defensoria.gob.ec\/index.php?rest_route=%2Fwp%2Fv2%2Fcomments&post=2156"}],"version-history":[{"count":0,"href":"https:\/\/www.defensoria.gob.ec\/index.php?rest_route=\/wp\/v2\/project\/2156\/revisions"}],"wp:featuredmedia":[{"embeddable":true,"href":"https:\/\/www.defensoria.gob.ec\/index.php?rest_route=\/wp\/v2\/media\/2157"}],"wp:attachment":[{"href":"https:\/\/www.defensoria.gob.ec\/index.php?rest_route=%2Fwp%2Fv2%2Fmedia&parent=2156"}],"wp:term":[{"taxonomy":"project_category","embeddable":true,"href":"https:\/\/www.defensoria.gob.ec\/index.php?rest_route=%2Fwp%2Fv2%2Fproject_category&post=2156"},{"taxonomy":"project_tag","embeddable":true,"href":"https:\/\/www.defensoria.gob.ec\/index.php?rest_route=%2Fwp%2Fv2%2Fproject_tag&post=2156"}],"curies":[{"name":"wp","href":"https:\/\/api.w.org\/{rel}","templated":true}]}}

Imbabura: la Defensoría Pública y el GAD de Cotacachi firmaron un convenio

<p>[et_pb_section fb_built=»1&#8243; _builder_version=»3.19.4&#8243;][et_pb_row _builder_version=»3.19.4&#8243;][et_pb_column type=»3_4&#8243; _builder_version=»3.19.4&#8243; parallax=»off» parallax_method=»on»][et_pb_post_title meta=»off» featured_image=»off» _builder_version=»3.19.4&#8243;][/et_pb_post_title][et_pb_text text_orientation=»justified» _builder_version=»3.19.4&#8243; text_font=»||||||||»]</p>
<p>El 3 de enero, la Defensoría Pública de Imbabura y el GAD Municipal de Cotacachi suscribieron la renovación del un convenio interinstitucional. La firma estuvo a cargo del Dr. Ángel Torres Machuca, Defensor Público General y Jomar Cevallos Moreno, alcalde de Cotacachi. El acuerdo consiste en brindar asesoramiento y patrocinio gratuito a los grupos de atención prioritaria.</p>
<p>[/et_pb_text][et_pb_gallery _builder_version=»3.19.4&#8243; gallery_ids=»2157&#8243;][/et_pb_gallery][/et_pb_column][et_pb_column type=»1_4&#8243; _builder_version=»3.19.4&#8243; parallax=»off» parallax_method=»on»][et_pb_sidebar _builder_version=»3.19.4&#8243;][/et_pb_sidebar][/et_pb_column][/et_pb_row][/et_pb_section]</p>

<p>El 3 de enero, la Defensoría Pública de Imbabura y el GAD Municipal de Cotacachi suscribieron la renovación del un convenio interinstitucional. La firma estuvo a cargo del Dr. Ángel [&hellip;]</p>
