{"id":2117,"date":"2019-01-08T18:32:15","date_gmt":"2019-01-08T18:32:15","guid":{"rendered":"https:\/\/www.defensoria.gob.ec\/?post_type=project&#038;p=2117"},"modified":"2019-01-08T21:38:54","modified_gmt":"2019-01-08T21:38:54","slug":"santo-domingo-reunion-con-autoridades-de-la-comunidad-tsachila","status":"publish","type":"project","link":"https:\/\/www.defensoria.gob.ec\/?project=santo-domingo-reunion-con-autoridades-de-la-comunidad-tsachila","title":{"rendered":"Santo Domingo: reuni\u00f3n con autoridades de la comunidad Ts\u00e1chila"},"content":{"rendered":"<p>[et_pb_section fb_built=\u00bb1&#8243; _builder_version=\u00bb3.19.3&#8243;][et_pb_row _builder_version=\u00bb3.19.3&#8243;][et_pb_column type=\u00bb3_4&#8243; _builder_version=\u00bb3.19.3&#8243; parallax=\u00bboff\u00bb parallax_method=\u00bbon\u00bb][et_pb_post_title meta=\u00bboff\u00bb featured_image=\u00bboff\u00bb _builder_version=\u00bb3.19.3&#8243;][\/et_pb_post_title][et_pb_text _builder_version=\u00bb3.19.3&#8243; text_font=\u00bb||||||||\u00bb text_orientation=\u00bbjustified\u00bb]<\/p>\n<p>Mauricio Sotal\u00edn, defensor p\u00fablico provincial y la gobernadora de la comunidad Ts\u00e1chila, Diana Aguavil, se reunieron el 4 de enero, en las instalaciones de la Instituci\u00f3n, con el fin de preparar la audiencia, prevista para el 23 de enero pr\u00f3ximo, sobre el caso que patrocina la Defensor\u00eda P\u00fablica sobre el asesinato del exgobernador Ts\u00e1chila, H\u00e9ctor Aguavil.<\/p>\n<audio class=\"wp-audio-shortcode\" id=\"audio-2117-1\" preload=\"none\" style=\"width: 100%;\" controls=\"controls\"><source type=\"audio\/mpeg\" src=\"https:\/\/www.defensoria.gob.ec\/wp-content\/uploads\/2019\/01\/santodomingo.mp3?_=1\" \/><a href=\"https:\/\/www.defensoria.gob.ec\/wp-content\/uploads\/2019\/01\/santodomingo.mp3\">https:\/\/www.defensoria.gob.ec\/wp-content\/uploads\/2019\/01\/santodomingo.mp3<\/a><\/audio>\n<p>[\/et_pb_text][et_pb_gallery gallery_ids=\u00bb2118&#8243; _builder_version=\u00bb3.19.3&#8243;][\/et_pb_gallery][\/et_pb_column][et_pb_column type=\u00bb1_4&#8243; _builder_version=\u00bb3.19.3&#8243; parallax=\u00bboff\u00bb parallax_method=\u00bbon\u00bb][et_pb_sidebar _builder_version=\u00bb3.19.3&#8243;][\/et_pb_sidebar][\/et_pb_column][\/et_pb_row][\/et_pb_section]<\/p>\n","protected":false},"excerpt":{"rendered":"<p>Mauricio Sotal\u00edn, defensor p\u00fablico provincial y la gobernadora de la comunidad Ts\u00e1chila, Diana Aguavil, se reunieron el 4 de enero, en las instalaciones de la Instituci\u00f3n, con el fin de [&hellip;]<\/p>\n","protected":false},"author":1,"featured_media":2118,"comment_status":"open","ping_status":"closed","template":"","meta":{"_et_pb_use_builder":"on","_et_pb_old_content":"","_et_gb_content_width":"","footnotes":""},"project_category":[8],"project_tag":[],"class_list":["post-2117","project","type-project","status-publish","has-post-thumbnail","hentry","project_category-cerca-a-ti"],"_links":{"self":[{"href":"https:\/\/www.defensoria.gob.ec\/index.php?rest_route=\/wp\/v2\/project\/2117","targetHints":{"allow":["GET"]}}],"collection":[{"href":"https:\/\/www.defensoria.gob.ec\/index.php?rest_route=\/wp\/v2\/project"}],"about":[{"href":"https:\/\/www.defensoria.gob.ec\/index.php?rest_route=\/wp\/v2\/types\/project"}],"author":[{"embeddable":true,"href":"https:\/\/www.defensoria.gob.ec\/index.php?rest_route=\/wp\/v2\/users\/1"}],"replies":[{"embeddable":true,"href":"https:\/\/www.defensoria.gob.ec\/index.php?rest_route=%2Fwp%2Fv2%2Fcomments&post=2117"}],"version-history":[{"count":0,"href":"https:\/\/www.defensoria.gob.ec\/index.php?rest_route=\/wp\/v2\/project\/2117\/revisions"}],"wp:featuredmedia":[{"embeddable":true,"href":"https:\/\/www.defensoria.gob.ec\/index.php?rest_route=\/wp\/v2\/media\/2118"}],"wp:attachment":[{"href":"https:\/\/www.defensoria.gob.ec\/index.php?rest_route=%2Fwp%2Fv2%2Fmedia&parent=2117"}],"wp:term":[{"taxonomy":"project_category","embeddable":true,"href":"https:\/\/www.defensoria.gob.ec\/index.php?rest_route=%2Fwp%2Fv2%2Fproject_category&post=2117"},{"taxonomy":"project_tag","embeddable":true,"href":"https:\/\/www.defensoria.gob.ec\/index.php?rest_route=%2Fwp%2Fv2%2Fproject_tag&post=2117"}],"curies":[{"name":"wp","href":"https:\/\/api.w.org\/{rel}","templated":true}]}}

Santo Domingo: reunión con autoridades de la comunidad Tsáchila

<p>[et_pb_section fb_built=»1&#8243; _builder_version=»3.19.3&#8243;][et_pb_row _builder_version=»3.19.3&#8243;][et_pb_column type=»3_4&#8243; _builder_version=»3.19.3&#8243; parallax=»off» parallax_method=»on»][et_pb_post_title meta=»off» featured_image=»off» _builder_version=»3.19.3&#8243;][/et_pb_post_title][et_pb_text _builder_version=»3.19.3&#8243; text_font=»||||||||» text_orientation=»justified»]</p>
<p>Mauricio Sotalín, defensor público provincial y la gobernadora de la comunidad Tsáchila, Diana Aguavil, se reunieron el 4 de enero, en las instalaciones de la Institución, con el fin de preparar la audiencia, prevista para el 23 de enero próximo, sobre el caso que patrocina la Defensoría Pública sobre el asesinato del exgobernador Tsáchila, Héctor Aguavil.</p>
<audio class="wp-audio-shortcode" id="audio-2117-1" preload="none" style="width: 100%;" controls="controls"><source type="audio/mpeg" src="https://www.defensoria.gob.ec/wp-content/uploads/2019/01/santodomingo.mp3?_=1" /><a href="https://www.defensoria.gob.ec/wp-content/uploads/2019/01/santodomingo.mp3">https://www.defensoria.gob.ec/wp-content/uploads/2019/01/santodomingo.mp3</a></audio>
<p>[/et_pb_text][et_pb_gallery gallery_ids=»2118&#8243; _builder_version=»3.19.3&#8243;][/et_pb_gallery][/et_pb_column][et_pb_column type=»1_4&#8243; _builder_version=»3.19.3&#8243; parallax=»off» parallax_method=»on»][et_pb_sidebar _builder_version=»3.19.3&#8243;][/et_pb_sidebar][/et_pb_column][/et_pb_row][/et_pb_section]</p>

<p>Mauricio Sotalín, defensor público provincial y la gobernadora de la comunidad Tsáchila, Diana Aguavil, se reunieron el 4 de enero, en las instalaciones de la Institución, con el fin de [&hellip;]</p>
