{"id":2108,"date":"2019-01-08T18:26:11","date_gmt":"2019-01-08T18:26:11","guid":{"rendered":"https:\/\/www.defensoria.gob.ec\/?post_type=project&#038;p=2108"},"modified":"2019-01-08T18:29:16","modified_gmt":"2019-01-08T18:29:16","slug":"bolivar-reuniones-y-difusiones-fortalecen-la-gestion","status":"publish","type":"project","link":"https:\/\/www.defensoria.gob.ec\/?project=bolivar-reuniones-y-difusiones-fortalecen-la-gestion","title":{"rendered":"Bol\u00edvar: reuniones y difusiones fortalecen la gesti\u00f3n"},"content":{"rendered":"<p>[et_pb_section fb_built=\u00bb1&#8243; _builder_version=\u00bb3.19.3&#8243;][et_pb_row _builder_version=\u00bb3.19.3&#8243;][et_pb_column type=\u00bb3_4&#8243; _builder_version=\u00bb3.19.3&#8243; parallax=\u00bboff\u00bb parallax_method=\u00bbon\u00bb][et_pb_post_title meta=\u00bboff\u00bb featured_image=\u00bboff\u00bb _builder_version=\u00bb3.19.3&#8243;][\/et_pb_post_title][et_pb_text _builder_version=\u00bb3.19.3&#8243; text_font=\u00bb||||||||\u00bb text_orientation=\u00bbjustified\u00bb]<\/p>\n<p>La Defensor\u00eda P\u00fablica de Bol\u00edvar hace hincapi\u00e9 en el fortalecimiento interinstitucional y en la difusi\u00f3n de servicios. Los d\u00edas 4 y 18 de diciembre, el defensor provincial, Mauricio Avil\u00e9s, mantuvo reuniones y mesas de trabajo sobre prevenci\u00f3n de la violencia sexual en las unidades educativas.<\/p>\n<p>En el cant\u00f3n San Miguel, el 13 de diciembre, la Defensor\u00eda P\u00fablica fue parte de una feria libre de mercados desarrollada en la Plaza Comunal. All\u00ed, se comparti\u00f3 material institucional y se brind\u00f3 asesor\u00eda legal gratuita a la ciudadan\u00eda.\u00a0<\/p>\n<p>Por otra parte, el represente provincial, se reuni\u00f3 con \u00c1ngel Naranjo, decano de la Facultad de Jurisprudencia de la Universidad Estatal de Bol\u00edvar. Trataron temas relacionados con el convenio de cooperaci\u00f3n interinstitucional, priorizando los patrocinios de la Defensor\u00eda en materias social y penal; de igual manera, la labor de los consultorios jur\u00eddicos gratuitos. Las partes acordaron realizar mesas de trabajo, una vez al mes, con el fin de garantizar un correcto y adecuado servicio al usuario.<\/p>\n<p>Finalmente, el 18 de diciembre, Mauricio Avil\u00e9s mantuvo una reuni\u00f3n con los representantes de las principales comunidades que integran Mateo Salinas, en el cant\u00f3n Guaranda. En el encuentro se comparti\u00f3 informaci\u00f3n sobre los patrocinios y las asesor\u00edas que brinda la Defensor\u00eda P\u00fablica.<\/p>\n<p>[\/et_pb_text][et_pb_gallery posts_number=\u00bb3&#8243; _builder_version=\u00bb3.19.3&#8243; gallery_ids=\u00bb2109,2112,2113,2114&#8243;][\/et_pb_gallery][\/et_pb_column][et_pb_column type=\u00bb1_4&#8243; _builder_version=\u00bb3.19.3&#8243; parallax=\u00bboff\u00bb parallax_method=\u00bbon\u00bb][et_pb_sidebar _builder_version=\u00bb3.19.3&#8243;][\/et_pb_sidebar][\/et_pb_column][\/et_pb_row][\/et_pb_section]<\/p>\n","protected":false},"excerpt":{"rendered":"<p>La Defensor\u00eda P\u00fablica de Bol\u00edvar hace hincapi\u00e9 en el fortalecimiento interinstitucional y en la difusi\u00f3n de servicios. Los d\u00edas 4 y 18 de diciembre, el defensor provincial, Mauricio Avil\u00e9s, mantuvo [&hellip;]<\/p>\n","protected":false},"author":1,"featured_media":2109,"comment_status":"open","ping_status":"closed","template":"","meta":{"_et_pb_use_builder":"on","_et_pb_old_content":"","_et_gb_content_width":"","footnotes":""},"project_category":[8],"project_tag":[],"class_list":["post-2108","project","type-project","status-publish","has-post-thumbnail","hentry","project_category-cerca-a-ti"],"_links":{"self":[{"href":"https:\/\/www.defensoria.gob.ec\/index.php?rest_route=\/wp\/v2\/project\/2108","targetHints":{"allow":["GET"]}}],"collection":[{"href":"https:\/\/www.defensoria.gob.ec\/index.php?rest_route=\/wp\/v2\/project"}],"about":[{"href":"https:\/\/www.defensoria.gob.ec\/index.php?rest_route=\/wp\/v2\/types\/project"}],"author":[{"embeddable":true,"href":"https:\/\/www.defensoria.gob.ec\/index.php?rest_route=\/wp\/v2\/users\/1"}],"replies":[{"embeddable":true,"href":"https:\/\/www.defensoria.gob.ec\/index.php?rest_route=%2Fwp%2Fv2%2Fcomments&post=2108"}],"version-history":[{"count":0,"href":"https:\/\/www.defensoria.gob.ec\/index.php?rest_route=\/wp\/v2\/project\/2108\/revisions"}],"wp:featuredmedia":[{"embeddable":true,"href":"https:\/\/www.defensoria.gob.ec\/index.php?rest_route=\/wp\/v2\/media\/2109"}],"wp:attachment":[{"href":"https:\/\/www.defensoria.gob.ec\/index.php?rest_route=%2Fwp%2Fv2%2Fmedia&parent=2108"}],"wp:term":[{"taxonomy":"project_category","embeddable":true,"href":"https:\/\/www.defensoria.gob.ec\/index.php?rest_route=%2Fwp%2Fv2%2Fproject_category&post=2108"},{"taxonomy":"project_tag","embeddable":true,"href":"https:\/\/www.defensoria.gob.ec\/index.php?rest_route=%2Fwp%2Fv2%2Fproject_tag&post=2108"}],"curies":[{"name":"wp","href":"https:\/\/api.w.org\/{rel}","templated":true}]}}

Bolívar: reuniones y difusiones fortalecen la gestión

<p>[et_pb_section fb_built=»1&#8243; _builder_version=»3.19.3&#8243;][et_pb_row _builder_version=»3.19.3&#8243;][et_pb_column type=»3_4&#8243; _builder_version=»3.19.3&#8243; parallax=»off» parallax_method=»on»][et_pb_post_title meta=»off» featured_image=»off» _builder_version=»3.19.3&#8243;][/et_pb_post_title][et_pb_text _builder_version=»3.19.3&#8243; text_font=»||||||||» text_orientation=»justified»]</p>
<p>La Defensoría Pública de Bolívar hace hincapié en el fortalecimiento interinstitucional y en la difusión de servicios. Los días 4 y 18 de diciembre, el defensor provincial, Mauricio Avilés, mantuvo reuniones y mesas de trabajo sobre prevención de la violencia sexual en las unidades educativas.</p>
<p>En el cantón San Miguel, el 13 de diciembre, la Defensoría Pública fue parte de una feria libre de mercados desarrollada en la Plaza Comunal. Allí, se compartió material institucional y se brindó asesoría legal gratuita a la ciudadanía. </p>
<p>Por otra parte, el represente provincial, se reunió con Ángel Naranjo, decano de la Facultad de Jurisprudencia de la Universidad Estatal de Bolívar. Trataron temas relacionados con el convenio de cooperación interinstitucional, priorizando los patrocinios de la Defensoría en materias social y penal; de igual manera, la labor de los consultorios jurídicos gratuitos. Las partes acordaron realizar mesas de trabajo, una vez al mes, con el fin de garantizar un correcto y adecuado servicio al usuario.</p>
<p>Finalmente, el 18 de diciembre, Mauricio Avilés mantuvo una reunión con los representantes de las principales comunidades que integran Mateo Salinas, en el cantón Guaranda. En el encuentro se compartió información sobre los patrocinios y las asesorías que brinda la Defensoría Pública.</p>
<p>[/et_pb_text][et_pb_gallery posts_number=»3&#8243; _builder_version=»3.19.3&#8243; gallery_ids=»2109,2112,2113,2114&#8243;][/et_pb_gallery][/et_pb_column][et_pb_column type=»1_4&#8243; _builder_version=»3.19.3&#8243; parallax=»off» parallax_method=»on»][et_pb_sidebar _builder_version=»3.19.3&#8243;][/et_pb_sidebar][/et_pb_column][/et_pb_row][/et_pb_section]</p>

<p>La Defensoría Pública de Bolívar hace hincapié en el fortalecimiento interinstitucional y en la difusión de servicios. Los días 4 y 18 de diciembre, el defensor provincial, Mauricio Avilés, mantuvo [&hellip;]</p>
