{"id":2079,"date":"2019-01-03T20:01:40","date_gmt":"2019-01-03T20:01:40","guid":{"rendered":"https:\/\/www.defensoria.gob.ec\/?post_type=project&#038;p=2079"},"modified":"2019-01-03T20:01:40","modified_gmt":"2019-01-03T20:01:40","slug":"tungurahua-visita-a-la-comunidad-salasaca","status":"publish","type":"project","link":"https:\/\/www.defensoria.gob.ec\/?project=tungurahua-visita-a-la-comunidad-salasaca","title":{"rendered":"Tungurahua: visita a la comunidad Salasaca"},"content":{"rendered":"<p>[et_pb_section fb_built=\u00bb1&#8243; _builder_version=\u00bb3.19.3&#8243;][et_pb_row _builder_version=\u00bb3.19.3&#8243;][et_pb_column type=\u00bb3_4&#8243; _builder_version=\u00bb3.19.3&#8243; parallax=\u00bboff\u00bb parallax_method=\u00bbon\u00bb][et_pb_post_title meta=\u00bboff\u00bb featured_image=\u00bboff\u00bb _builder_version=\u00bb3.19.3&#8243;][\/et_pb_post_title][et_pb_text text_orientation=\u00bbjustified\u00bb _builder_version=\u00bb3.19.3&#8243; text_font=\u00bb||||||||\u00bb]<\/p>\n<p>\u00c1ngel Jarr\u00edn, defensor p\u00fablico provincial de Tungurahua; y Gladys Chimborazo, defensora p\u00fablica; asistieron, el 15 de diciembre, a la parroquia Salasaca, del cant\u00f3n Pelileo, donde recibieron el agradecimiento de los pobladores por el patrocinio brindado en el caso de una ind\u00edgena de la comunidad acusada del delito de denuncia maliciosa y temeraria por parte de la Fiscal\u00eda; y, que luego de escuchar los argumentos de la Defensor\u00eda P\u00fablica, el Tribunal de Garant\u00edas Penales ratific\u00f3 la inocencia de la procesada.<\/p>\n<p>Durante la asamblea, tambi\u00e9n, el gobernador del\u00a0 Pueblo Salasaca, Baltazar Jim\u00e9nez, pidi\u00f3 a la Defensor\u00eda P\u00fablica impulsar la firma de un convenio de cooperaci\u00f3n, para fortalecer el asesoramiento legal y el patrocinio a las personas de los sectores m\u00e1s vulnerables.<\/p>\n<audio class=\"wp-audio-shortcode\" id=\"audio-2079-1\" preload=\"none\" style=\"width: 100%;\" controls=\"controls\"><source type=\"audio\/mpeg\" src=\"https:\/\/www.defensoria.gob.ec\/wp-content\/uploads\/2019\/01\/tungurahua.mp3?_=1\" \/><a href=\"https:\/\/www.defensoria.gob.ec\/wp-content\/uploads\/2019\/01\/tungurahua.mp3\">https:\/\/www.defensoria.gob.ec\/wp-content\/uploads\/2019\/01\/tungurahua.mp3<\/a><\/audio>\n<p>[\/et_pb_text][et_pb_gallery posts_number=\u00bb3&#8243; _builder_version=\u00bb3.19.3&#8243; gallery_ids=\u00bb2081,2082&#8243;][\/et_pb_gallery][\/et_pb_column][et_pb_column type=\u00bb1_4&#8243; _builder_version=\u00bb3.19.3&#8243; parallax=\u00bboff\u00bb parallax_method=\u00bbon\u00bb][et_pb_sidebar _builder_version=\u00bb3.19.3&#8243;][\/et_pb_sidebar][\/et_pb_column][\/et_pb_row][\/et_pb_section]<\/p>\n","protected":false},"excerpt":{"rendered":"<p>\u00c1ngel Jarr\u00edn, defensor p\u00fablico provincial de Tungurahua; y Gladys Chimborazo, defensora p\u00fablica; asistieron, el 15 de diciembre, a la parroquia Salasaca, del cant\u00f3n Pelileo, donde recibieron el agradecimiento de los [&hellip;]<\/p>\n","protected":false},"author":1,"featured_media":2080,"comment_status":"open","ping_status":"closed","template":"","meta":{"_et_pb_use_builder":"on","_et_pb_old_content":"","_et_gb_content_width":"","footnotes":""},"project_category":[8],"project_tag":[],"class_list":["post-2079","project","type-project","status-publish","has-post-thumbnail","hentry","project_category-cerca-a-ti"],"_links":{"self":[{"href":"https:\/\/www.defensoria.gob.ec\/index.php?rest_route=\/wp\/v2\/project\/2079","targetHints":{"allow":["GET"]}}],"collection":[{"href":"https:\/\/www.defensoria.gob.ec\/index.php?rest_route=\/wp\/v2\/project"}],"about":[{"href":"https:\/\/www.defensoria.gob.ec\/index.php?rest_route=\/wp\/v2\/types\/project"}],"author":[{"embeddable":true,"href":"https:\/\/www.defensoria.gob.ec\/index.php?rest_route=\/wp\/v2\/users\/1"}],"replies":[{"embeddable":true,"href":"https:\/\/www.defensoria.gob.ec\/index.php?rest_route=%2Fwp%2Fv2%2Fcomments&post=2079"}],"version-history":[{"count":0,"href":"https:\/\/www.defensoria.gob.ec\/index.php?rest_route=\/wp\/v2\/project\/2079\/revisions"}],"wp:featuredmedia":[{"embeddable":true,"href":"https:\/\/www.defensoria.gob.ec\/index.php?rest_route=\/wp\/v2\/media\/2080"}],"wp:attachment":[{"href":"https:\/\/www.defensoria.gob.ec\/index.php?rest_route=%2Fwp%2Fv2%2Fmedia&parent=2079"}],"wp:term":[{"taxonomy":"project_category","embeddable":true,"href":"https:\/\/www.defensoria.gob.ec\/index.php?rest_route=%2Fwp%2Fv2%2Fproject_category&post=2079"},{"taxonomy":"project_tag","embeddable":true,"href":"https:\/\/www.defensoria.gob.ec\/index.php?rest_route=%2Fwp%2Fv2%2Fproject_tag&post=2079"}],"curies":[{"name":"wp","href":"https:\/\/api.w.org\/{rel}","templated":true}]}}

<p>[et_pb_section fb_built=»1&#8243; _builder_version=»3.19.3&#8243;][et_pb_row _builder_version=»3.19.3&#8243;][et_pb_column type=»3_4&#8243; _builder_version=»3.19.3&#8243; parallax=»off» parallax_method=»on»][et_pb_post_title meta=»off» featured_image=»off» _builder_version=»3.19.3&#8243;][/et_pb_post_title][et_pb_text text_orientation=»justified» _builder_version=»3.19.3&#8243; text_font=»||||||||»]</p>
<p>Ángel Jarrín, defensor público provincial de Tungurahua; y Gladys Chimborazo, defensora pública; asistieron, el 15 de diciembre, a la parroquia Salasaca, del cantón Pelileo, donde recibieron el agradecimiento de los pobladores por el patrocinio brindado en el caso de una indígena de la comunidad acusada del delito de denuncia maliciosa y temeraria por parte de la Fiscalía; y, que luego de escuchar los argumentos de la Defensoría Pública, el Tribunal de Garantías Penales ratificó la inocencia de la procesada.</p>
<p>Durante la asamblea, también, el gobernador del  Pueblo Salasaca, Baltazar Jiménez, pidió a la Defensoría Pública impulsar la firma de un convenio de cooperación, para fortalecer el asesoramiento legal y el patrocinio a las personas de los sectores más vulnerables.</p>
<audio class="wp-audio-shortcode" id="audio-2079-1" preload="none" style="width: 100%;" controls="controls"><source type="audio/mpeg" src="https://www.defensoria.gob.ec/wp-content/uploads/2019/01/tungurahua.mp3?_=1" /><a href="https://www.defensoria.gob.ec/wp-content/uploads/2019/01/tungurahua.mp3">https://www.defensoria.gob.ec/wp-content/uploads/2019/01/tungurahua.mp3</a></audio>
<p>[/et_pb_text][et_pb_gallery posts_number=»3&#8243; _builder_version=»3.19.3&#8243; gallery_ids=»2081,2082&#8243;][/et_pb_gallery][/et_pb_column][et_pb_column type=»1_4&#8243; _builder_version=»3.19.3&#8243; parallax=»off» parallax_method=»on»][et_pb_sidebar _builder_version=»3.19.3&#8243;][/et_pb_sidebar][/et_pb_column][/et_pb_row][/et_pb_section]</p>

<p>Ángel Jarrín, defensor público provincial de Tungurahua; y Gladys Chimborazo, defensora pública; asistieron, el 15 de diciembre, a la parroquia Salasaca, del cantón Pelileo, donde recibieron el agradecimiento de los [&hellip;]</p>
