{"id":2074,"date":"2019-01-03T19:56:15","date_gmt":"2019-01-03T19:56:15","guid":{"rendered":"https:\/\/www.defensoria.gob.ec\/?post_type=project&#038;p=2074"},"modified":"2019-01-03T19:56:28","modified_gmt":"2019-01-03T19:56:28","slug":"azuay-agasajo-navideno-para-ninos-y-ninas","status":"publish","type":"project","link":"https:\/\/www.defensoria.gob.ec\/?project=azuay-agasajo-navideno-para-ninos-y-ninas","title":{"rendered":"Azuay: agasajo navide\u00f1o para ni\u00f1os y ni\u00f1as"},"content":{"rendered":"<p>[et_pb_section fb_built=\u00bb1&#8243; _builder_version=\u00bb3.19.3&#8243;][et_pb_row _builder_version=\u00bb3.19.3&#8243;][et_pb_column type=\u00bb3_4&#8243; _builder_version=\u00bb3.19.3&#8243; parallax=\u00bboff\u00bb parallax_method=\u00bbon\u00bb][et_pb_post_title meta=\u00bboff\u00bb featured_image=\u00bboff\u00bb _builder_version=\u00bb3.19.3&#8243;][\/et_pb_post_title][et_pb_text text_orientation=\u00bbjustified\u00bb _builder_version=\u00bb3.19.3&#8243; text_font=\u00bb||||||||\u00bb]<\/p>\n<p>El 21 de diciembre, en las instalaciones de la Defensor\u00eda P\u00fablica del Azuay, se llev\u00f3 a cabo el agasajo navide\u00f1o a los hijos e hijas de los usuarios que acuden a las oficinas en busca de asesor\u00eda legal y patrocinio gratuitos. Diana \u00c1vila, defensora p\u00fablica provincial, comparti\u00f3 un momento agradable con los menores y entreg\u00f3 fundas de caramelos, ropa y juguetes. Adem\u00e1s, los funcionarios compartieron un refrigerio con todos los asistentes para desearles felices fiestas.<\/p>\n<p>Este evento fue una iniciativa del personal misional del Azuay, quien organiz\u00f3 donaciones para homenajear a los ni\u00f1os y ni\u00f1as.<\/p>\n<p>[\/et_pb_text][et_pb_gallery _builder_version=\u00bb3.19.3&#8243; gallery_ids=\u00bb2076,2075&#8243;][\/et_pb_gallery][\/et_pb_column][et_pb_column type=\u00bb1_4&#8243; _builder_version=\u00bb3.19.3&#8243; parallax=\u00bboff\u00bb parallax_method=\u00bbon\u00bb][et_pb_sidebar _builder_version=\u00bb3.19.3&#8243;][\/et_pb_sidebar][\/et_pb_column][\/et_pb_row][\/et_pb_section]<\/p>\n","protected":false},"excerpt":{"rendered":"<p>El 21 de diciembre, en las instalaciones de la Defensor\u00eda P\u00fablica del Azuay, se llev\u00f3 a cabo el agasajo navide\u00f1o a los hijos e hijas de los usuarios que acuden [&hellip;]<\/p>\n","protected":false},"author":1,"featured_media":2075,"comment_status":"open","ping_status":"closed","template":"","meta":{"_et_pb_use_builder":"on","_et_pb_old_content":"","_et_gb_content_width":"","footnotes":""},"project_category":[8],"project_tag":[],"class_list":["post-2074","project","type-project","status-publish","has-post-thumbnail","hentry","project_category-cerca-a-ti"],"_links":{"self":[{"href":"https:\/\/www.defensoria.gob.ec\/index.php?rest_route=\/wp\/v2\/project\/2074","targetHints":{"allow":["GET"]}}],"collection":[{"href":"https:\/\/www.defensoria.gob.ec\/index.php?rest_route=\/wp\/v2\/project"}],"about":[{"href":"https:\/\/www.defensoria.gob.ec\/index.php?rest_route=\/wp\/v2\/types\/project"}],"author":[{"embeddable":true,"href":"https:\/\/www.defensoria.gob.ec\/index.php?rest_route=\/wp\/v2\/users\/1"}],"replies":[{"embeddable":true,"href":"https:\/\/www.defensoria.gob.ec\/index.php?rest_route=%2Fwp%2Fv2%2Fcomments&post=2074"}],"version-history":[{"count":0,"href":"https:\/\/www.defensoria.gob.ec\/index.php?rest_route=\/wp\/v2\/project\/2074\/revisions"}],"wp:featuredmedia":[{"embeddable":true,"href":"https:\/\/www.defensoria.gob.ec\/index.php?rest_route=\/wp\/v2\/media\/2075"}],"wp:attachment":[{"href":"https:\/\/www.defensoria.gob.ec\/index.php?rest_route=%2Fwp%2Fv2%2Fmedia&parent=2074"}],"wp:term":[{"taxonomy":"project_category","embeddable":true,"href":"https:\/\/www.defensoria.gob.ec\/index.php?rest_route=%2Fwp%2Fv2%2Fproject_category&post=2074"},{"taxonomy":"project_tag","embeddable":true,"href":"https:\/\/www.defensoria.gob.ec\/index.php?rest_route=%2Fwp%2Fv2%2Fproject_tag&post=2074"}],"curies":[{"name":"wp","href":"https:\/\/api.w.org\/{rel}","templated":true}]}}

Azuay: agasajo navideño para niños y niñas

<p>[et_pb_section fb_built=»1&#8243; _builder_version=»3.19.3&#8243;][et_pb_row _builder_version=»3.19.3&#8243;][et_pb_column type=»3_4&#8243; _builder_version=»3.19.3&#8243; parallax=»off» parallax_method=»on»][et_pb_post_title meta=»off» featured_image=»off» _builder_version=»3.19.3&#8243;][/et_pb_post_title][et_pb_text text_orientation=»justified» _builder_version=»3.19.3&#8243; text_font=»||||||||»]</p>
<p>El 21 de diciembre, en las instalaciones de la Defensoría Pública del Azuay, se llevó a cabo el agasajo navideño a los hijos e hijas de los usuarios que acuden a las oficinas en busca de asesoría legal y patrocinio gratuitos. Diana Ávila, defensora pública provincial, compartió un momento agradable con los menores y entregó fundas de caramelos, ropa y juguetes. Además, los funcionarios compartieron un refrigerio con todos los asistentes para desearles felices fiestas.</p>
<p>Este evento fue una iniciativa del personal misional del Azuay, quien organizó donaciones para homenajear a los niños y niñas.</p>
<p>[/et_pb_text][et_pb_gallery _builder_version=»3.19.3&#8243; gallery_ids=»2076,2075&#8243;][/et_pb_gallery][/et_pb_column][et_pb_column type=»1_4&#8243; _builder_version=»3.19.3&#8243; parallax=»off» parallax_method=»on»][et_pb_sidebar _builder_version=»3.19.3&#8243;][/et_pb_sidebar][/et_pb_column][/et_pb_row][/et_pb_section]</p>

<p>El 21 de diciembre, en las instalaciones de la Defensoría Pública del Azuay, se llevó a cabo el agasajo navideño a los hijos e hijas de los usuarios que acuden [&hellip;]</p>
