{"id":2056,"date":"2019-01-03T19:44:41","date_gmt":"2019-01-03T19:44:41","guid":{"rendered":"https:\/\/www.defensoria.gob.ec\/?post_type=project&#038;p=2056"},"modified":"2019-01-03T19:45:29","modified_gmt":"2019-01-03T19:45:29","slug":"morona-santiago-reunion-de-la-mesa-de-justicia","status":"publish","type":"project","link":"https:\/\/www.defensoria.gob.ec\/?project=morona-santiago-reunion-de-la-mesa-de-justicia","title":{"rendered":"Morona Santiago: reuni\u00f3n de la mesa de justicia"},"content":{"rendered":"\n[et_pb_section fb_built=\u00bb1&#8243; _builder_version=\u00bb3.19.3&#8243;][et_pb_row _builder_version=\u00bb3.19.3&#8243;][et_pb_column type=\u00bb3_4&#8243; _builder_version=\u00bb3.19.3&#8243; parallax=\u00bboff\u00bb parallax_method=\u00bbon\u00bb][et_pb_post_title meta=\u00bboff\u00bb featured_image=\u00bboff\u00bb _builder_version=\u00bb3.19.3&#8243;][\/et_pb_post_title][et_pb_text text_orientation=\u00bbjustified\u00bb _builder_version=\u00bb3.19.3&#8243; text_font=\u00bb||||||||\u00bb]<p>El 19 de diciembre, en el auditorio del Consejo de la Judicatura de Morona Santiago, se desarroll\u00f3 la mesa de justicia. A este encuentro acudi\u00f3 Jos\u00e9 Antonio Sarmiento, defensor p\u00fablico provincial, conjuntamente\u00a0con autoridades de la Corte de Justicia, Fiscal\u00eda, Gobernaci\u00f3n, Polic\u00eda Nacional, Defensor\u00eda del Pueblo y del Centro de Rehabilitaci\u00f3n Social.<\/p>\n<p style=\"text-align: justify;\">Los temas analizados fueron: prisi\u00f3n preventiva y medidas sustitutivas; durante la reuni\u00f3n de trabajo se presentaron inquietudes respecto a la ley y al reglamento para prevenir y erradicar la violencia contra la mujer. Al concluir la cita, el Defensor P\u00fablico Provincial de Morona Santiago asumi\u00f3 compromisos enfocados al efectivo servicio a la ciudadan\u00eda.<\/p>\n[\/et_pb_text][et_pb_gallery _builder_version=\u00bb3.19.3&#8243; gallery_ids=\u00bb2057,2058&#8243;][\/et_pb_gallery][\/et_pb_column][et_pb_column type=\u00bb1_4&#8243; _builder_version=\u00bb3.19.3&#8243; parallax=\u00bboff\u00bb parallax_method=\u00bbon\u00bb][et_pb_sidebar _builder_version=\u00bb3.19.3&#8243;][\/et_pb_sidebar][\/et_pb_column][\/et_pb_row][\/et_pb_section]\n","protected":false},"excerpt":{"rendered":"<p>El 19 de diciembre, en el auditorio del Consejo de la Judicatura de Morona Santiago, se desarroll\u00f3 la mesa de justicia. A este encuentro acudi\u00f3 Jos\u00e9 Antonio Sarmiento, defensor p\u00fablico [&hellip;]<\/p>\n","protected":false},"author":1,"featured_media":2057,"comment_status":"open","ping_status":"closed","template":"","meta":{"_et_pb_use_builder":"on","_et_pb_old_content":"<!-- wp:divi\/placeholder \/-->","_et_gb_content_width":"","footnotes":""},"project_category":[8],"project_tag":[],"class_list":["post-2056","project","type-project","status-publish","has-post-thumbnail","hentry","project_category-cerca-a-ti"],"_links":{"self":[{"href":"https:\/\/www.defensoria.gob.ec\/index.php?rest_route=\/wp\/v2\/project\/2056","targetHints":{"allow":["GET"]}}],"collection":[{"href":"https:\/\/www.defensoria.gob.ec\/index.php?rest_route=\/wp\/v2\/project"}],"about":[{"href":"https:\/\/www.defensoria.gob.ec\/index.php?rest_route=\/wp\/v2\/types\/project"}],"author":[{"embeddable":true,"href":"https:\/\/www.defensoria.gob.ec\/index.php?rest_route=\/wp\/v2\/users\/1"}],"replies":[{"embeddable":true,"href":"https:\/\/www.defensoria.gob.ec\/index.php?rest_route=%2Fwp%2Fv2%2Fcomments&post=2056"}],"version-history":[{"count":0,"href":"https:\/\/www.defensoria.gob.ec\/index.php?rest_route=\/wp\/v2\/project\/2056\/revisions"}],"wp:featuredmedia":[{"embeddable":true,"href":"https:\/\/www.defensoria.gob.ec\/index.php?rest_route=\/wp\/v2\/media\/2057"}],"wp:attachment":[{"href":"https:\/\/www.defensoria.gob.ec\/index.php?rest_route=%2Fwp%2Fv2%2Fmedia&parent=2056"}],"wp:term":[{"taxonomy":"project_category","embeddable":true,"href":"https:\/\/www.defensoria.gob.ec\/index.php?rest_route=%2Fwp%2Fv2%2Fproject_category&post=2056"},{"taxonomy":"project_tag","embeddable":true,"href":"https:\/\/www.defensoria.gob.ec\/index.php?rest_route=%2Fwp%2Fv2%2Fproject_tag&post=2056"}],"curies":[{"name":"wp","href":"https:\/\/api.w.org\/{rel}","templated":true}]}}

Morona Santiago: reunión de la mesa de justicia

[et_pb_section fb_built=»1&#8243; _builder_version=»3.19.3&#8243;][et_pb_row _builder_version=»3.19.3&#8243;][et_pb_column type=»3_4&#8243; _builder_version=»3.19.3&#8243; parallax=»off» parallax_method=»on»][et_pb_post_title meta=»off» featured_image=»off» _builder_version=»3.19.3&#8243;][/et_pb_post_title][et_pb_text text_orientation=»justified» _builder_version=»3.19.3&#8243; text_font=»||||||||»]<p>El 19 de diciembre, en el auditorio del Consejo de la Judicatura de Morona Santiago, se desarrolló la mesa de justicia. A este encuentro acudió José Antonio Sarmiento, defensor público provincial, conjuntamente con autoridades de la Corte de Justicia, Fiscalía, Gobernación, Policía Nacional, Defensoría del Pueblo y del Centro de Rehabilitación Social.</p>
<p style="text-align: justify;">Los temas analizados fueron: prisión preventiva y medidas sustitutivas; durante la reunión de trabajo se presentaron inquietudes respecto a la ley y al reglamento para prevenir y erradicar la violencia contra la mujer. Al concluir la cita, el Defensor Público Provincial de Morona Santiago asumió compromisos enfocados al efectivo servicio a la ciudadanía.</p>
[/et_pb_text][et_pb_gallery _builder_version=»3.19.3&#8243; gallery_ids=»2057,2058&#8243;][/et_pb_gallery][/et_pb_column][et_pb_column type=»1_4&#8243; _builder_version=»3.19.3&#8243; parallax=»off» parallax_method=»on»][et_pb_sidebar _builder_version=»3.19.3&#8243;][/et_pb_sidebar][/et_pb_column][/et_pb_row][/et_pb_section]

<p>El 19 de diciembre, en el auditorio del Consejo de la Judicatura de Morona Santiago, se desarrolló la mesa de justicia. A este encuentro acudió José Antonio Sarmiento, defensor público [&hellip;]</p>
