{"id":2002,"date":"2018-12-27T20:22:19","date_gmt":"2018-12-27T20:22:19","guid":{"rendered":"https:\/\/www.defensoria.gob.ec\/?post_type=project&#038;p=2002"},"modified":"2018-12-27T20:22:28","modified_gmt":"2018-12-27T20:22:28","slug":"santa-elena-difusion-de-servicios-y-reunion-con-un-cjg","status":"publish","type":"project","link":"https:\/\/www.defensoria.gob.ec\/?project=santa-elena-difusion-de-servicios-y-reunion-con-un-cjg","title":{"rendered":"Santa Elena: difusi\u00f3n de servicios y reuni\u00f3n con un CJG"},"content":{"rendered":"<p>[et_pb_section fb_built=\u00bb1&#8243; _builder_version=\u00bb3.18.9&#8243;][et_pb_row _builder_version=\u00bb3.18.9&#8243;][et_pb_column type=\u00bb3_4&#8243; _builder_version=\u00bb3.18.9&#8243; parallax=\u00bboff\u00bb parallax_method=\u00bbon\u00bb][et_pb_post_title meta=\u00bboff\u00bb featured_image=\u00bboff\u00bb _builder_version=\u00bb3.18.9&#8243;][\/et_pb_post_title][et_pb_text text_orientation=\u00bbjustified\u00bb _builder_version=\u00bb3.18.9&#8243; text_font=\u00bb||||||||\u00bb]<\/p>\n<p>El defensor p\u00fablico provincial de Santa Elena, Jos\u00e9 Ram\u00edrez, y la defensora p\u00fablica, Mar\u00eda Fernanda Zhi\u00f1in, acudieron, el 19 de diciembre, al mercado central donde realizaron una difusi\u00f3n de servicios y\u00a0 entregaron material informativo.<\/p>\n<p>De igual manera, el 14 de diciembre se realiz\u00f3 una difusi\u00f3n de servicios, en los exteriores del Consejo de la Judicatura provincial, donde se atendieron las inquietudes de las usuarias.<\/p>\n<p>As\u00ed mismo, el 12 de diciembre, Jos\u00e9 Sarmiento, defensor p\u00fablico provincial, se reuni\u00f3 con la directora del consultorio jur\u00eddico gratuito de la Universidad Estatal Pen\u00ednsula de Santa Elena, Ana Tapia, con quien revis\u00f3 los servicios y la atenci\u00f3n a los usuarios.<\/p>\n<p>Finalmente, el 11 de diciembre la Defensor\u00eda P\u00fablica de Santa Elena particip\u00f3 en el lanzamiento de la Misi\u00f3n Navidad Zona 5, realizado en la cancha de b\u00e1squet de la ciudad de La Libertad, con la presencia de autoridades locales.<\/p>\n<p>[\/et_pb_text][et_pb_gallery posts_number=\u00bb3&#8243; _builder_version=\u00bb3.18.9&#8243; gallery_ids=\u00bb1974,1975,1976,1977,1978,1979&#8243;][\/et_pb_gallery][\/et_pb_column][et_pb_column type=\u00bb1_4&#8243; _builder_version=\u00bb3.18.9&#8243; parallax=\u00bboff\u00bb parallax_method=\u00bbon\u00bb][et_pb_sidebar _builder_version=\u00bb3.18.9&#8243;][\/et_pb_sidebar][\/et_pb_column][\/et_pb_row][\/et_pb_section]<\/p>\n","protected":false},"excerpt":{"rendered":"<p>El defensor p\u00fablico provincial de Santa Elena, Jos\u00e9 Ram\u00edrez, y la defensora p\u00fablica, Mar\u00eda Fernanda Zhi\u00f1in, acudieron, el 19 de diciembre, al mercado central donde realizaron una difusi\u00f3n de servicios [&hellip;]<\/p>\n","protected":false},"author":1,"featured_media":1974,"comment_status":"open","ping_status":"closed","template":"","meta":{"_et_pb_use_builder":"on","_et_pb_old_content":"","_et_gb_content_width":"","footnotes":""},"project_category":[8],"project_tag":[],"class_list":["post-2002","project","type-project","status-publish","has-post-thumbnail","hentry","project_category-cerca-a-ti"],"_links":{"self":[{"href":"https:\/\/www.defensoria.gob.ec\/index.php?rest_route=\/wp\/v2\/project\/2002","targetHints":{"allow":["GET"]}}],"collection":[{"href":"https:\/\/www.defensoria.gob.ec\/index.php?rest_route=\/wp\/v2\/project"}],"about":[{"href":"https:\/\/www.defensoria.gob.ec\/index.php?rest_route=\/wp\/v2\/types\/project"}],"author":[{"embeddable":true,"href":"https:\/\/www.defensoria.gob.ec\/index.php?rest_route=\/wp\/v2\/users\/1"}],"replies":[{"embeddable":true,"href":"https:\/\/www.defensoria.gob.ec\/index.php?rest_route=%2Fwp%2Fv2%2Fcomments&post=2002"}],"version-history":[{"count":0,"href":"https:\/\/www.defensoria.gob.ec\/index.php?rest_route=\/wp\/v2\/project\/2002\/revisions"}],"wp:featuredmedia":[{"embeddable":true,"href":"https:\/\/www.defensoria.gob.ec\/index.php?rest_route=\/wp\/v2\/media\/1974"}],"wp:attachment":[{"href":"https:\/\/www.defensoria.gob.ec\/index.php?rest_route=%2Fwp%2Fv2%2Fmedia&parent=2002"}],"wp:term":[{"taxonomy":"project_category","embeddable":true,"href":"https:\/\/www.defensoria.gob.ec\/index.php?rest_route=%2Fwp%2Fv2%2Fproject_category&post=2002"},{"taxonomy":"project_tag","embeddable":true,"href":"https:\/\/www.defensoria.gob.ec\/index.php?rest_route=%2Fwp%2Fv2%2Fproject_tag&post=2002"}],"curies":[{"name":"wp","href":"https:\/\/api.w.org\/{rel}","templated":true}]}}

Santa Elena: difusión de servicios y reunión con un CJG

<p>[et_pb_section fb_built=»1&#8243; _builder_version=»3.18.9&#8243;][et_pb_row _builder_version=»3.18.9&#8243;][et_pb_column type=»3_4&#8243; _builder_version=»3.18.9&#8243; parallax=»off» parallax_method=»on»][et_pb_post_title meta=»off» featured_image=»off» _builder_version=»3.18.9&#8243;][/et_pb_post_title][et_pb_text text_orientation=»justified» _builder_version=»3.18.9&#8243; text_font=»||||||||»]</p>
<p>El defensor público provincial de Santa Elena, José Ramírez, y la defensora pública, María Fernanda Zhiñin, acudieron, el 19 de diciembre, al mercado central donde realizaron una difusión de servicios y  entregaron material informativo.</p>
<p>De igual manera, el 14 de diciembre se realizó una difusión de servicios, en los exteriores del Consejo de la Judicatura provincial, donde se atendieron las inquietudes de las usuarias.</p>
<p>Así mismo, el 12 de diciembre, José Sarmiento, defensor público provincial, se reunió con la directora del consultorio jurídico gratuito de la Universidad Estatal Península de Santa Elena, Ana Tapia, con quien revisó los servicios y la atención a los usuarios.</p>
<p>Finalmente, el 11 de diciembre la Defensoría Pública de Santa Elena participó en el lanzamiento de la Misión Navidad Zona 5, realizado en la cancha de básquet de la ciudad de La Libertad, con la presencia de autoridades locales.</p>
<p>[/et_pb_text][et_pb_gallery posts_number=»3&#8243; _builder_version=»3.18.9&#8243; gallery_ids=»1974,1975,1976,1977,1978,1979&#8243;][/et_pb_gallery][/et_pb_column][et_pb_column type=»1_4&#8243; _builder_version=»3.18.9&#8243; parallax=»off» parallax_method=»on»][et_pb_sidebar _builder_version=»3.18.9&#8243;][/et_pb_sidebar][/et_pb_column][/et_pb_row][/et_pb_section]</p>

<p>El defensor público provincial de Santa Elena, José Ramírez, y la defensora pública, María Fernanda Zhiñin, acudieron, el 19 de diciembre, al mercado central donde realizaron una difusión de servicios [&hellip;]</p>
