{"id":1991,"date":"2018-12-27T20:14:52","date_gmt":"2018-12-27T20:14:52","guid":{"rendered":"https:\/\/www.defensoria.gob.ec\/?post_type=project&#038;p=1991"},"modified":"2018-12-27T20:15:01","modified_gmt":"2018-12-27T20:15:01","slug":"el-oro-mesa-de-trabajo-en-la-unidad-multicompetente-de-huaquillas","status":"publish","type":"project","link":"https:\/\/www.defensoria.gob.ec\/?project=el-oro-mesa-de-trabajo-en-la-unidad-multicompetente-de-huaquillas","title":{"rendered":"El Oro: mesa de trabajo en la Unidad Multicompetente de Huaquillas"},"content":{"rendered":"<p>[et_pb_section fb_built=\u00bb1&#8243; _builder_version=\u00bb3.18.9&#8243;][et_pb_row _builder_version=\u00bb3.18.9&#8243;][et_pb_column type=\u00bb3_4&#8243; _builder_version=\u00bb3.18.9&#8243; parallax=\u00bboff\u00bb parallax_method=\u00bbon\u00bb][et_pb_post_title meta=\u00bboff\u00bb featured_image=\u00bboff\u00bb _builder_version=\u00bb3.18.9&#8243;][\/et_pb_post_title][et_pb_text text_orientation=\u00bbjustified\u00bb _builder_version=\u00bb3.18.9&#8243; text_font=\u00bb||||||||\u00bb]<\/p>\n<p>El 18 de diciembre hubo una mesa de trabajo en la Unidad Judicial Multicompetente del cant\u00f3n Huaquillas. Estuvieron presentes, el defensor p\u00fablico provincial, Jaime Coello, y los jueces de la Unidad se\u00f1alada. En el encuentro, los jueces solicitaron a la autoridad local ser atendidos con el fin de dinamizar acciones conjuntas que afiancen el servicio y la cobertura de atenci\u00f3n a los migrantes. La Defensor\u00eda P\u00fablica de El Oro acord\u00f3 designar un defensor p\u00fablico de oficio, quien ser\u00e1 el responsable de conocer y reportar las causas penales.<\/p>\n<p>[\/et_pb_text][et_pb_gallery posts_number=\u00bb3&#8243; _builder_version=\u00bb3.18.9&#8243; gallery_ids=\u00bb1967&#8243;][\/et_pb_gallery][\/et_pb_column][et_pb_column type=\u00bb1_4&#8243; _builder_version=\u00bb3.18.9&#8243; parallax=\u00bboff\u00bb parallax_method=\u00bbon\u00bb][et_pb_sidebar _builder_version=\u00bb3.18.9&#8243;][\/et_pb_sidebar][\/et_pb_column][\/et_pb_row][\/et_pb_section]<\/p>\n","protected":false},"excerpt":{"rendered":"<p>El 18 de diciembre hubo una mesa de trabajo en la Unidad Judicial Multicompetente del cant\u00f3n Huaquillas. Estuvieron presentes, el defensor p\u00fablico provincial, Jaime Coello, y los jueces de la [&hellip;]<\/p>\n","protected":false},"author":1,"featured_media":1967,"comment_status":"open","ping_status":"closed","template":"","meta":{"_et_pb_use_builder":"on","_et_pb_old_content":"","_et_gb_content_width":"","footnotes":""},"project_category":[8],"project_tag":[],"class_list":["post-1991","project","type-project","status-publish","has-post-thumbnail","hentry","project_category-cerca-a-ti"],"_links":{"self":[{"href":"https:\/\/www.defensoria.gob.ec\/index.php?rest_route=\/wp\/v2\/project\/1991","targetHints":{"allow":["GET"]}}],"collection":[{"href":"https:\/\/www.defensoria.gob.ec\/index.php?rest_route=\/wp\/v2\/project"}],"about":[{"href":"https:\/\/www.defensoria.gob.ec\/index.php?rest_route=\/wp\/v2\/types\/project"}],"author":[{"embeddable":true,"href":"https:\/\/www.defensoria.gob.ec\/index.php?rest_route=\/wp\/v2\/users\/1"}],"replies":[{"embeddable":true,"href":"https:\/\/www.defensoria.gob.ec\/index.php?rest_route=%2Fwp%2Fv2%2Fcomments&post=1991"}],"version-history":[{"count":0,"href":"https:\/\/www.defensoria.gob.ec\/index.php?rest_route=\/wp\/v2\/project\/1991\/revisions"}],"wp:featuredmedia":[{"embeddable":true,"href":"https:\/\/www.defensoria.gob.ec\/index.php?rest_route=\/wp\/v2\/media\/1967"}],"wp:attachment":[{"href":"https:\/\/www.defensoria.gob.ec\/index.php?rest_route=%2Fwp%2Fv2%2Fmedia&parent=1991"}],"wp:term":[{"taxonomy":"project_category","embeddable":true,"href":"https:\/\/www.defensoria.gob.ec\/index.php?rest_route=%2Fwp%2Fv2%2Fproject_category&post=1991"},{"taxonomy":"project_tag","embeddable":true,"href":"https:\/\/www.defensoria.gob.ec\/index.php?rest_route=%2Fwp%2Fv2%2Fproject_tag&post=1991"}],"curies":[{"name":"wp","href":"https:\/\/api.w.org\/{rel}","templated":true}]}}

<p>[et_pb_section fb_built=»1&#8243; _builder_version=»3.18.9&#8243;][et_pb_row _builder_version=»3.18.9&#8243;][et_pb_column type=»3_4&#8243; _builder_version=»3.18.9&#8243; parallax=»off» parallax_method=»on»][et_pb_post_title meta=»off» featured_image=»off» _builder_version=»3.18.9&#8243;][/et_pb_post_title][et_pb_text text_orientation=»justified» _builder_version=»3.18.9&#8243; text_font=»||||||||»]</p>
<p>El 18 de diciembre hubo una mesa de trabajo en la Unidad Judicial Multicompetente del cantón Huaquillas. Estuvieron presentes, el defensor público provincial, Jaime Coello, y los jueces de la Unidad señalada. En el encuentro, los jueces solicitaron a la autoridad local ser atendidos con el fin de dinamizar acciones conjuntas que afiancen el servicio y la cobertura de atención a los migrantes. La Defensoría Pública de El Oro acordó designar un defensor público de oficio, quien será el responsable de conocer y reportar las causas penales.</p>
<p>[/et_pb_text][et_pb_gallery posts_number=»3&#8243; _builder_version=»3.18.9&#8243; gallery_ids=»1967&#8243;][/et_pb_gallery][/et_pb_column][et_pb_column type=»1_4&#8243; _builder_version=»3.18.9&#8243; parallax=»off» parallax_method=»on»][et_pb_sidebar _builder_version=»3.18.9&#8243;][/et_pb_sidebar][/et_pb_column][/et_pb_row][/et_pb_section]</p>

<p>El 18 de diciembre hubo una mesa de trabajo en la Unidad Judicial Multicompetente del cantón Huaquillas. Estuvieron presentes, el defensor público provincial, Jaime Coello, y los jueces de la [&hellip;]</p>
