{"id":1983,"date":"2018-12-27T20:10:24","date_gmt":"2018-12-27T20:10:24","guid":{"rendered":"https:\/\/www.defensoria.gob.ec\/?post_type=project&#038;p=1983"},"modified":"2018-12-27T20:11:16","modified_gmt":"2018-12-27T20:11:16","slug":"cotopaxi-agasajo-navideno-y-reunion-con-acnur","status":"publish","type":"project","link":"https:\/\/www.defensoria.gob.ec\/?project=cotopaxi-agasajo-navideno-y-reunion-con-acnur","title":{"rendered":"Cotopaxi: agasajo navide\u00f1o y reuni\u00f3n con ACNUR"},"content":{"rendered":"<p>[et_pb_section fb_built=\u00bb1&#8243; _builder_version=\u00bb3.18.9&#8243;][et_pb_row _builder_version=\u00bb3.18.9&#8243;][et_pb_column type=\u00bb3_4&#8243; _builder_version=\u00bb3.18.9&#8243; parallax=\u00bboff\u00bb parallax_method=\u00bbon\u00bb][et_pb_post_title meta=\u00bboff\u00bb featured_image=\u00bboff\u00bb _builder_version=\u00bb3.18.9&#8243;][\/et_pb_post_title][et_pb_text text_orientation=\u00bbjustified\u00bb _builder_version=\u00bb3.18.9&#8243; text_font=\u00bb||||||||\u00bb]<\/p>\n<p>El 21 de diciembre, la Defensor\u00eda P\u00fablica de Cotopaxi, junto con el equipo de Ejecuci\u00f3n de la Pena del Centro de Rehabilitaci\u00f3n Social de Latacunga, entreg\u00f3 fundas de caramelos a los hijos e hijas de las personas privadas de libertad. Santiago Chipantasig Barrionuevo, defensor p\u00fablico provincial, lider\u00f3 esta actividad. El objetivo fue compartir un momento ameno con los ni\u00f1os y ni\u00f1as cuyos padres cumplen sentencia en el CRS.<\/p>\n<p>Por otro lado, el 19 de diciembre, la dependencia de Cotopaxi\u00a0atendi\u00f3 a los medios de comunicaci\u00f3n locales, con la finalidad de acercar los servicios que presta la Defensor\u00eda P\u00fablica a la ciudadan\u00eda. Adem\u00e1s, el Defensor Provincial habl\u00f3 sobre las actividades m\u00e1s importantes realizadas en territorio. Los medios participantes fueron: Marca TV Canal 9, Elite Televisi\u00f3n Canal 45, Unimax Canal 34; Radio Nuevos Horizontes Am 1440, Radio Municipal 94.1 y Al D\u00eda On Line.<\/p>\n<p>As\u00ed tambi\u00e9n, el 17 de diciembre, hubo una reuni\u00f3n de trabajo con el Alto Comisionado de las Naciones Unidas para los Refugiados (Acnur).<\/p>\n<p>Adem\u00e1s del defensor p\u00fablico provincial, estuvieron presentes Lisette G\u00e1lvez D\u00edaz, defensora p\u00fablica de atenci\u00f3n a V\u00edctimas; y Ligia Granja, representante de Acnur. El motivo del encuentro fue tratar la incidencia de refugiados y migrantes\u00a0venezolanos\u00a0en la provincia de Cotopaxi; constatar el n\u00famero de patrocinios de denuncias laborales, los casos por discriminaci\u00f3n; y los derechos de las personas en situaci\u00f3n de movilidad humana.<\/p>\n<p>&nbsp;<\/p>\n<audio class=\"wp-audio-shortcode\" id=\"audio-1983-1\" preload=\"none\" style=\"width: 100%;\" controls=\"controls\"><source type=\"audio\/mpeg\" src=\"https:\/\/www.defensoria.gob.ec\/wp-content\/uploads\/2018\/12\/cotopaxi.mp3?_=1\" \/><a href=\"https:\/\/www.defensoria.gob.ec\/wp-content\/uploads\/2018\/12\/cotopaxi.mp3\">https:\/\/www.defensoria.gob.ec\/wp-content\/uploads\/2018\/12\/cotopaxi.mp3<\/a><\/audio>\n<p>[\/et_pb_text][et_pb_gallery posts_number=\u00bb3&#8243; _builder_version=\u00bb3.18.9&#8243; gallery_ids=\u00bb1962,1963,1964,1965,1966&#8243;][\/et_pb_gallery][\/et_pb_column][et_pb_column type=\u00bb1_4&#8243; _builder_version=\u00bb3.18.9&#8243; parallax=\u00bboff\u00bb parallax_method=\u00bbon\u00bb][et_pb_sidebar _builder_version=\u00bb3.18.9&#8243;][\/et_pb_sidebar][\/et_pb_column][\/et_pb_row][\/et_pb_section]<\/p>\n","protected":false},"excerpt":{"rendered":"<p>El 21 de diciembre, la Defensor\u00eda P\u00fablica de Cotopaxi, junto con el equipo de Ejecuci\u00f3n de la Pena del Centro de Rehabilitaci\u00f3n Social de Latacunga, entreg\u00f3 fundas de caramelos a [&hellip;]<\/p>\n","protected":false},"author":1,"featured_media":1962,"comment_status":"open","ping_status":"closed","template":"","meta":{"_et_pb_use_builder":"on","_et_pb_old_content":"","_et_gb_content_width":"","footnotes":""},"project_category":[8],"project_tag":[],"class_list":["post-1983","project","type-project","status-publish","has-post-thumbnail","hentry","project_category-cerca-a-ti"],"_links":{"self":[{"href":"https:\/\/www.defensoria.gob.ec\/index.php?rest_route=\/wp\/v2\/project\/1983","targetHints":{"allow":["GET"]}}],"collection":[{"href":"https:\/\/www.defensoria.gob.ec\/index.php?rest_route=\/wp\/v2\/project"}],"about":[{"href":"https:\/\/www.defensoria.gob.ec\/index.php?rest_route=\/wp\/v2\/types\/project"}],"author":[{"embeddable":true,"href":"https:\/\/www.defensoria.gob.ec\/index.php?rest_route=\/wp\/v2\/users\/1"}],"replies":[{"embeddable":true,"href":"https:\/\/www.defensoria.gob.ec\/index.php?rest_route=%2Fwp%2Fv2%2Fcomments&post=1983"}],"version-history":[{"count":0,"href":"https:\/\/www.defensoria.gob.ec\/index.php?rest_route=\/wp\/v2\/project\/1983\/revisions"}],"wp:featuredmedia":[{"embeddable":true,"href":"https:\/\/www.defensoria.gob.ec\/index.php?rest_route=\/wp\/v2\/media\/1962"}],"wp:attachment":[{"href":"https:\/\/www.defensoria.gob.ec\/index.php?rest_route=%2Fwp%2Fv2%2Fmedia&parent=1983"}],"wp:term":[{"taxonomy":"project_category","embeddable":true,"href":"https:\/\/www.defensoria.gob.ec\/index.php?rest_route=%2Fwp%2Fv2%2Fproject_category&post=1983"},{"taxonomy":"project_tag","embeddable":true,"href":"https:\/\/www.defensoria.gob.ec\/index.php?rest_route=%2Fwp%2Fv2%2Fproject_tag&post=1983"}],"curies":[{"name":"wp","href":"https:\/\/api.w.org\/{rel}","templated":true}]}}

Cotopaxi: agasajo navideño y reunión con ACNUR

<p>[et_pb_section fb_built=»1&#8243; _builder_version=»3.18.9&#8243;][et_pb_row _builder_version=»3.18.9&#8243;][et_pb_column type=»3_4&#8243; _builder_version=»3.18.9&#8243; parallax=»off» parallax_method=»on»][et_pb_post_title meta=»off» featured_image=»off» _builder_version=»3.18.9&#8243;][/et_pb_post_title][et_pb_text text_orientation=»justified» _builder_version=»3.18.9&#8243; text_font=»||||||||»]</p>
<p>El 21 de diciembre, la Defensoría Pública de Cotopaxi, junto con el equipo de Ejecución de la Pena del Centro de Rehabilitación Social de Latacunga, entregó fundas de caramelos a los hijos e hijas de las personas privadas de libertad. Santiago Chipantasig Barrionuevo, defensor público provincial, lideró esta actividad. El objetivo fue compartir un momento ameno con los niños y niñas cuyos padres cumplen sentencia en el CRS.</p>
<p>Por otro lado, el 19 de diciembre, la dependencia de Cotopaxi atendió a los medios de comunicación locales, con la finalidad de acercar los servicios que presta la Defensoría Pública a la ciudadanía. Además, el Defensor Provincial habló sobre las actividades más importantes realizadas en territorio. Los medios participantes fueron: Marca TV Canal 9, Elite Televisión Canal 45, Unimax Canal 34; Radio Nuevos Horizontes Am 1440, Radio Municipal 94.1 y Al Día On Line.</p>
<p>Así también, el 17 de diciembre, hubo una reunión de trabajo con el Alto Comisionado de las Naciones Unidas para los Refugiados (Acnur).</p>
<p>Además del defensor público provincial, estuvieron presentes Lisette Gálvez Díaz, defensora pública de atención a Víctimas; y Ligia Granja, representante de Acnur. El motivo del encuentro fue tratar la incidencia de refugiados y migrantes venezolanos en la provincia de Cotopaxi; constatar el número de patrocinios de denuncias laborales, los casos por discriminación; y los derechos de las personas en situación de movilidad humana.</p>
<p>&nbsp;</p>
<audio class="wp-audio-shortcode" id="audio-1983-1" preload="none" style="width: 100%;" controls="controls"><source type="audio/mpeg" src="https://www.defensoria.gob.ec/wp-content/uploads/2018/12/cotopaxi.mp3?_=1" /><a href="https://www.defensoria.gob.ec/wp-content/uploads/2018/12/cotopaxi.mp3">https://www.defensoria.gob.ec/wp-content/uploads/2018/12/cotopaxi.mp3</a></audio>
<p>[/et_pb_text][et_pb_gallery posts_number=»3&#8243; _builder_version=»3.18.9&#8243; gallery_ids=»1962,1963,1964,1965,1966&#8243;][/et_pb_gallery][/et_pb_column][et_pb_column type=»1_4&#8243; _builder_version=»3.18.9&#8243; parallax=»off» parallax_method=»on»][et_pb_sidebar _builder_version=»3.18.9&#8243;][/et_pb_sidebar][/et_pb_column][/et_pb_row][/et_pb_section]</p>

<p>El 21 de diciembre, la Defensoría Pública de Cotopaxi, junto con el equipo de Ejecución de la Pena del Centro de Rehabilitación Social de Latacunga, entregó fundas de caramelos a [&hellip;]</p>
