{"id":1933,"date":"2018-12-20T18:50:13","date_gmt":"2018-12-20T18:50:13","guid":{"rendered":"https:\/\/www.defensoria.gob.ec\/?post_type=project&#038;p=1933"},"modified":"2018-12-20T18:50:15","modified_gmt":"2018-12-20T18:50:15","slug":"tungurahua-reconocimiento-institucional-y-capacitaciones-al-personal-misional","status":"publish","type":"project","link":"https:\/\/www.defensoria.gob.ec\/?project=tungurahua-reconocimiento-institucional-y-capacitaciones-al-personal-misional","title":{"rendered":"Tungurahua: reconocimiento institucional y capacitaciones al personal misional"},"content":{"rendered":"\n[et_pb_section fb_built=\u00bb1&#8243; _builder_version=\u00bb3.18.9&#8243;][et_pb_row _builder_version=\u00bb3.18.9&#8243;][et_pb_column type=\u00bb3_4&#8243; _builder_version=\u00bb3.18.9&#8243; parallax=\u00bboff\u00bb parallax_method=\u00bbon\u00bb][et_pb_post_title meta=\u00bboff\u00bb featured_image=\u00bboff\u00bb _builder_version=\u00bb3.18.9&#8243;][\/et_pb_post_title][et_pb_text text_orientation=\u00bbjustified\u00bb _builder_version=\u00bb3.18.9&#8243; text_font=\u00bb||||||||\u00bb]<p>El defensor p\u00fablico provincial de Tungurahua, \u00c1ngel Jarr\u00edn, asisti\u00f3, el 18 de diciembre, a la charla sobre los retos que asume la Secretar\u00eda de Derechos Humanos, como rectora de la Ley de Prevenci\u00f3n y Erradicaci\u00f3n de la Violencia contra las Mujeres.<\/p>\n<p>En el evento, organizado por el Gobierno Provincial de Tungurahua, la Defensor\u00eda P\u00fablica recibi\u00f3 un reconocimiento por el trabajo en la prevenci\u00f3n y erradicaci\u00f3n de la violencia contra ni\u00f1os, ni\u00f1as, adolescentes y mujeres de la provincia de Tungurahua.<\/p>\n<p>Mientras tanto, el 13 de diciembre, en la sala de simulaci\u00f3n de audiencias de la Facultad de Jurisprudencia de la Pontificia Universidad Cat\u00f3lica del Ecuador, sede Ambato, la Defensor\u00eda P\u00fablica, con la colaboraci\u00f3n de la Escuela de Fiscales, realiz\u00f3 una capacitaci\u00f3n en \u201cLitigaci\u00f3n Oral\u201d, dirigida a defensores p\u00fablicos, abogados de los consultorios gratuitos y estudiantes de Derecho.<\/p>\n<p>La jornada acad\u00e9mica tuvo\u00a0 como\u00a0 facilitadores a los fiscales de Tungurahua: Susana Llumiquinga y Fernando Casco, quienes abordaron los temas de: litigaci\u00f3n oral; garant\u00edas y principios constitucionales; reglas del debido proceso; garant\u00edas y principios rectores del proceso penal; an\u00e1lisis de sentencias de la Corte Constitucional sobre el contenido esencial de los derechos al debido proceso; audiencia de juzgamiento; alegato de apertura; interrogatorio y contrainterrogatorio; alegato final o de cierre; y, simulaci\u00f3n de audiencia.<\/p>\n<p>Por otra parte,\u00a0 el\u00a0 12 de diciembre, \u00c1ngel Jarr\u00edn, defensor p\u00fablico provincial asisti\u00f3 al\u00a0 lanzamiento\u00a0 de la campa\u00f1a \u201cYo vivo sin violencia infantil\u201d, que se desarroll\u00f3 en el parque de las Flores de la ciudad de Ambato con la participaci\u00f3n de instituciones del sector p\u00fablico y de establecimientos educativos de Tungurahua.<\/p>\n<p>El\u00a0 evento fue organizado por la Jefatura de Polic\u00eda de la Subzona Tungurahua No. 18 y la DINAPEN.<\/p>\n[\/et_pb_text][et_pb_gallery posts_number=\u00bb3&#8243; _builder_version=\u00bb3.18.9&#8243; gallery_ids=\u00bb1907,1908,1909,1910,1911,1912&#8243;][\/et_pb_gallery][\/et_pb_column][et_pb_column type=\u00bb1_4&#8243; _builder_version=\u00bb3.18.9&#8243; parallax=\u00bboff\u00bb parallax_method=\u00bbon\u00bb][et_pb_sidebar _builder_version=\u00bb3.18.9&#8243;][\/et_pb_sidebar][\/et_pb_column][\/et_pb_row][\/et_pb_section]\n","protected":false},"excerpt":{"rendered":"<p>El defensor p\u00fablico provincial de Tungurahua, \u00c1ngel Jarr\u00edn, asisti\u00f3, el 18 de diciembre, a la charla sobre los retos que asume la Secretar\u00eda de Derechos Humanos, como rectora de la [&hellip;]<\/p>\n","protected":false},"author":1,"featured_media":1907,"comment_status":"open","ping_status":"closed","template":"","meta":{"_et_pb_use_builder":"on","_et_pb_old_content":"","_et_gb_content_width":"","footnotes":""},"project_category":[8],"project_tag":[],"class_list":["post-1933","project","type-project","status-publish","has-post-thumbnail","hentry","project_category-cerca-a-ti"],"_links":{"self":[{"href":"https:\/\/www.defensoria.gob.ec\/index.php?rest_route=\/wp\/v2\/project\/1933","targetHints":{"allow":["GET"]}}],"collection":[{"href":"https:\/\/www.defensoria.gob.ec\/index.php?rest_route=\/wp\/v2\/project"}],"about":[{"href":"https:\/\/www.defensoria.gob.ec\/index.php?rest_route=\/wp\/v2\/types\/project"}],"author":[{"embeddable":true,"href":"https:\/\/www.defensoria.gob.ec\/index.php?rest_route=\/wp\/v2\/users\/1"}],"replies":[{"embeddable":true,"href":"https:\/\/www.defensoria.gob.ec\/index.php?rest_route=%2Fwp%2Fv2%2Fcomments&post=1933"}],"version-history":[{"count":0,"href":"https:\/\/www.defensoria.gob.ec\/index.php?rest_route=\/wp\/v2\/project\/1933\/revisions"}],"wp:featuredmedia":[{"embeddable":true,"href":"https:\/\/www.defensoria.gob.ec\/index.php?rest_route=\/wp\/v2\/media\/1907"}],"wp:attachment":[{"href":"https:\/\/www.defensoria.gob.ec\/index.php?rest_route=%2Fwp%2Fv2%2Fmedia&parent=1933"}],"wp:term":[{"taxonomy":"project_category","embeddable":true,"href":"https:\/\/www.defensoria.gob.ec\/index.php?rest_route=%2Fwp%2Fv2%2Fproject_category&post=1933"},{"taxonomy":"project_tag","embeddable":true,"href":"https:\/\/www.defensoria.gob.ec\/index.php?rest_route=%2Fwp%2Fv2%2Fproject_tag&post=1933"}],"curies":[{"name":"wp","href":"https:\/\/api.w.org\/{rel}","templated":true}]}}

[et_pb_section fb_built=»1&#8243; _builder_version=»3.18.9&#8243;][et_pb_row _builder_version=»3.18.9&#8243;][et_pb_column type=»3_4&#8243; _builder_version=»3.18.9&#8243; parallax=»off» parallax_method=»on»][et_pb_post_title meta=»off» featured_image=»off» _builder_version=»3.18.9&#8243;][/et_pb_post_title][et_pb_text text_orientation=»justified» _builder_version=»3.18.9&#8243; text_font=»||||||||»]<p>El defensor público provincial de Tungurahua, Ángel Jarrín, asistió, el 18 de diciembre, a la charla sobre los retos que asume la Secretaría de Derechos Humanos, como rectora de la Ley de Prevención y Erradicación de la Violencia contra las Mujeres.</p>
<p>En el evento, organizado por el Gobierno Provincial de Tungurahua, la Defensoría Pública recibió un reconocimiento por el trabajo en la prevención y erradicación de la violencia contra niños, niñas, adolescentes y mujeres de la provincia de Tungurahua.</p>
<p>Mientras tanto, el 13 de diciembre, en la sala de simulación de audiencias de la Facultad de Jurisprudencia de la Pontificia Universidad Católica del Ecuador, sede Ambato, la Defensoría Pública, con la colaboración de la Escuela de Fiscales, realizó una capacitación en “Litigación Oral”, dirigida a defensores públicos, abogados de los consultorios gratuitos y estudiantes de Derecho.</p>
<p>La jornada académica tuvo  como  facilitadores a los fiscales de Tungurahua: Susana Llumiquinga y Fernando Casco, quienes abordaron los temas de: litigación oral; garantías y principios constitucionales; reglas del debido proceso; garantías y principios rectores del proceso penal; análisis de sentencias de la Corte Constitucional sobre el contenido esencial de los derechos al debido proceso; audiencia de juzgamiento; alegato de apertura; interrogatorio y contrainterrogatorio; alegato final o de cierre; y, simulación de audiencia.</p>
<p>Por otra parte,  el  12 de diciembre, Ángel Jarrín, defensor público provincial asistió al  lanzamiento  de la campaña “Yo vivo sin violencia infantil”, que se desarrolló en el parque de las Flores de la ciudad de Ambato con la participación de instituciones del sector público y de establecimientos educativos de Tungurahua.</p>
<p>El  evento fue organizado por la Jefatura de Policía de la Subzona Tungurahua No. 18 y la DINAPEN.</p>
[/et_pb_text][et_pb_gallery posts_number=»3&#8243; _builder_version=»3.18.9&#8243; gallery_ids=»1907,1908,1909,1910,1911,1912&#8243;][/et_pb_gallery][/et_pb_column][et_pb_column type=»1_4&#8243; _builder_version=»3.18.9&#8243; parallax=»off» parallax_method=»on»][et_pb_sidebar _builder_version=»3.18.9&#8243;][/et_pb_sidebar][/et_pb_column][/et_pb_row][/et_pb_section]

<p>El defensor público provincial de Tungurahua, Ángel Jarrín, asistió, el 18 de diciembre, a la charla sobre los retos que asume la Secretaría de Derechos Humanos, como rectora de la [&hellip;]</p>
