{"id":1923,"date":"2018-12-20T18:38:18","date_gmt":"2018-12-20T18:38:18","guid":{"rendered":"https:\/\/www.defensoria.gob.ec\/?post_type=project&#038;p=1923"},"modified":"2018-12-20T18:38:20","modified_gmt":"2018-12-20T18:38:20","slug":"carchi-mesa-territorial-y-planificacion-de-agasajo-navideno-a-privados-de-libertad","status":"publish","type":"project","link":"https:\/\/www.defensoria.gob.ec\/?project=carchi-mesa-territorial-y-planificacion-de-agasajo-navideno-a-privados-de-libertad","title":{"rendered":"Carchi: mesa territorial y planificaci\u00f3n de agasajo navide\u00f1o a privados de libertad"},"content":{"rendered":"\n[et_pb_section fb_built=\u00bb1&#8243; _builder_version=\u00bb3.18.9&#8243;][et_pb_row _builder_version=\u00bb3.18.9&#8243;][et_pb_column type=\u00bb3_4&#8243; _builder_version=\u00bb3.18.9&#8243; parallax=\u00bboff\u00bb parallax_method=\u00bbon\u00bb][et_pb_post_title meta=\u00bboff\u00bb featured_image=\u00bboff\u00bb _builder_version=\u00bb3.18.9&#8243;][\/et_pb_post_title][et_pb_text text_orientation=\u00bbjustified\u00bb _builder_version=\u00bb3.18.9&#8243; text_font=\u00bb||||||||\u00bb]<p>El 12 de diciembre, el defensor p\u00fablico provincial del Carchi, Edison Aldaz Mart\u00ednez, asisti\u00f3 a una mesa territorial de acceso a la justicia, en el Distrito de Educaci\u00f3n 04D01. El tema fue definir acciones para ser parte del mecanismo operativo que replicar\u00e1 a nivel provincial, cantonal y parroquial, el modelo de identificaci\u00f3n, seguimiento, atenci\u00f3n y acompa\u00f1amiento a los casos de violencia en el sistema educativo. Fueron parte de la mesa representantes del Consejo de la Judicatura, Fiscal\u00eda, Polic\u00eda Judicial, Ministerio del Interior y Ministerio de Educaci\u00f3n.<\/p>\n<p>Por otro lado, el 10 de diciembre, la representaci\u00f3n del Carchi fue parte de una reuni\u00f3n sobre el agasajo navide\u00f1o a las personas privadas de libertad, en el Centro de Rehabilitaci\u00f3n Social de Tulc\u00e1n. El defensor provincial y los delegados del Organismo T\u00e9cnico de Rehabilitaci\u00f3n Social, del Consejo de la Judicatura y del Ministerio de Inclusi\u00f3n Econ\u00f3mica y Social, definieron las actividades que permitir\u00e1n una \u201creal\u201d y \u201cefectiva\u201d integraci\u00f3n por las festividades. Esta actividad recibir\u00e1 el apoyo de entidades locales y voluntarios.<\/p>\n[\/et_pb_text][et_pb_gallery _builder_version=\u00bb3.18.9&#8243; gallery_ids=\u00bb1897,1898&#8243;][\/et_pb_gallery][\/et_pb_column][et_pb_column type=\u00bb1_4&#8243; _builder_version=\u00bb3.18.9&#8243; parallax=\u00bboff\u00bb parallax_method=\u00bbon\u00bb][et_pb_sidebar _builder_version=\u00bb3.18.9&#8243;][\/et_pb_sidebar][\/et_pb_column][\/et_pb_row][\/et_pb_section]\n","protected":false},"excerpt":{"rendered":"<p>El 12 de diciembre, el defensor p\u00fablico provincial del Carchi, Edison Aldaz Mart\u00ednez, asisti\u00f3 a una mesa territorial de acceso a la justicia, en el Distrito de Educaci\u00f3n 04D01. El [&hellip;]<\/p>\n","protected":false},"author":1,"featured_media":1897,"comment_status":"open","ping_status":"closed","template":"","meta":{"_et_pb_use_builder":"on","_et_pb_old_content":"","_et_gb_content_width":"","footnotes":""},"project_category":[8],"project_tag":[],"class_list":["post-1923","project","type-project","status-publish","has-post-thumbnail","hentry","project_category-cerca-a-ti"],"_links":{"self":[{"href":"https:\/\/www.defensoria.gob.ec\/index.php?rest_route=\/wp\/v2\/project\/1923","targetHints":{"allow":["GET"]}}],"collection":[{"href":"https:\/\/www.defensoria.gob.ec\/index.php?rest_route=\/wp\/v2\/project"}],"about":[{"href":"https:\/\/www.defensoria.gob.ec\/index.php?rest_route=\/wp\/v2\/types\/project"}],"author":[{"embeddable":true,"href":"https:\/\/www.defensoria.gob.ec\/index.php?rest_route=\/wp\/v2\/users\/1"}],"replies":[{"embeddable":true,"href":"https:\/\/www.defensoria.gob.ec\/index.php?rest_route=%2Fwp%2Fv2%2Fcomments&post=1923"}],"version-history":[{"count":0,"href":"https:\/\/www.defensoria.gob.ec\/index.php?rest_route=\/wp\/v2\/project\/1923\/revisions"}],"wp:featuredmedia":[{"embeddable":true,"href":"https:\/\/www.defensoria.gob.ec\/index.php?rest_route=\/wp\/v2\/media\/1897"}],"wp:attachment":[{"href":"https:\/\/www.defensoria.gob.ec\/index.php?rest_route=%2Fwp%2Fv2%2Fmedia&parent=1923"}],"wp:term":[{"taxonomy":"project_category","embeddable":true,"href":"https:\/\/www.defensoria.gob.ec\/index.php?rest_route=%2Fwp%2Fv2%2Fproject_category&post=1923"},{"taxonomy":"project_tag","embeddable":true,"href":"https:\/\/www.defensoria.gob.ec\/index.php?rest_route=%2Fwp%2Fv2%2Fproject_tag&post=1923"}],"curies":[{"name":"wp","href":"https:\/\/api.w.org\/{rel}","templated":true}]}}

Carchi: mesa territorial y planificación de agasajo navideño a privados de libertad

[et_pb_section fb_built=»1&#8243; _builder_version=»3.18.9&#8243;][et_pb_row _builder_version=»3.18.9&#8243;][et_pb_column type=»3_4&#8243; _builder_version=»3.18.9&#8243; parallax=»off» parallax_method=»on»][et_pb_post_title meta=»off» featured_image=»off» _builder_version=»3.18.9&#8243;][/et_pb_post_title][et_pb_text text_orientation=»justified» _builder_version=»3.18.9&#8243; text_font=»||||||||»]<p>El 12 de diciembre, el defensor público provincial del Carchi, Edison Aldaz Martínez, asistió a una mesa territorial de acceso a la justicia, en el Distrito de Educación 04D01. El tema fue definir acciones para ser parte del mecanismo operativo que replicará a nivel provincial, cantonal y parroquial, el modelo de identificación, seguimiento, atención y acompañamiento a los casos de violencia en el sistema educativo. Fueron parte de la mesa representantes del Consejo de la Judicatura, Fiscalía, Policía Judicial, Ministerio del Interior y Ministerio de Educación.</p>
<p>Por otro lado, el 10 de diciembre, la representación del Carchi fue parte de una reunión sobre el agasajo navideño a las personas privadas de libertad, en el Centro de Rehabilitación Social de Tulcán. El defensor provincial y los delegados del Organismo Técnico de Rehabilitación Social, del Consejo de la Judicatura y del Ministerio de Inclusión Económica y Social, definieron las actividades que permitirán una “real” y “efectiva” integración por las festividades. Esta actividad recibirá el apoyo de entidades locales y voluntarios.</p>
[/et_pb_text][et_pb_gallery _builder_version=»3.18.9&#8243; gallery_ids=»1897,1898&#8243;][/et_pb_gallery][/et_pb_column][et_pb_column type=»1_4&#8243; _builder_version=»3.18.9&#8243; parallax=»off» parallax_method=»on»][et_pb_sidebar _builder_version=»3.18.9&#8243;][/et_pb_sidebar][/et_pb_column][/et_pb_row][/et_pb_section]

<p>El 12 de diciembre, el defensor público provincial del Carchi, Edison Aldaz Martínez, asistió a una mesa territorial de acceso a la justicia, en el Distrito de Educación 04D01. El [&hellip;]</p>
