{"id":1913,"date":"2018-12-20T17:28:59","date_gmt":"2018-12-20T17:28:59","guid":{"rendered":"https:\/\/www.defensoria.gob.ec\/?post_type=project&#038;p=1913"},"modified":"2018-12-20T17:29:00","modified_gmt":"2018-12-20T17:29:00","slug":"azuay-defensores-recorrieron-el-mercado-de-cuenca","status":"publish","type":"project","link":"https:\/\/www.defensoria.gob.ec\/?project=azuay-defensores-recorrieron-el-mercado-de-cuenca","title":{"rendered":"Azuay: defensores recorrieron el mercado de Cuenca"},"content":{"rendered":"\n[et_pb_section fb_built=\u00bb1&#8243; _builder_version=\u00bb3.18.9&#8243;][et_pb_row _builder_version=\u00bb3.18.9&#8243;][et_pb_column type=\u00bb3_4&#8243; _builder_version=\u00bb3.18.9&#8243; parallax=\u00bboff\u00bb parallax_method=\u00bbon\u00bb][et_pb_post_title meta=\u00bboff\u00bb featured_image=\u00bboff\u00bb _builder_version=\u00bb3.18.9&#8243;][\/et_pb_post_title][et_pb_text text_orientation=\u00bbjustified\u00bb _builder_version=\u00bb3.18.9&#8243; text_font=\u00bb||||||||\u00bb]<p>El 12 de diciembre, la Defensor\u00eda P\u00fablica del Azuay realiz\u00f3 una difusi\u00f3n de servicios en el sector de la Feria Libre, de la ciudad de Cuenca. Varias personas acudieron a la mesa de la Instituci\u00f3n para realizar consultas legales, as\u00ed mismo, los funcionarios recorrieron el mercado de esta localidad; repartieron material institucional y compartieron informaci\u00f3n sobre materias de atenci\u00f3n y patrocinios gratuitos.<\/p>\n[\/et_pb_text][et_pb_gallery _builder_version=\u00bb3.18.9&#8243; gallery_ids=\u00bb1886,1887,1888&#8243;][\/et_pb_gallery][\/et_pb_column][et_pb_column type=\u00bb1_4&#8243; _builder_version=\u00bb3.18.9&#8243; parallax=\u00bboff\u00bb parallax_method=\u00bbon\u00bb][et_pb_sidebar _builder_version=\u00bb3.18.9&#8243;][\/et_pb_sidebar][\/et_pb_column][\/et_pb_row][\/et_pb_section]\n","protected":false},"excerpt":{"rendered":"<p>El 12 de diciembre, la Defensor\u00eda P\u00fablica del Azuay realiz\u00f3 una difusi\u00f3n de servicios en el sector de la Feria Libre, de la ciudad de Cuenca. Varias personas acudieron a [&hellip;]<\/p>\n","protected":false},"author":1,"featured_media":1886,"comment_status":"open","ping_status":"closed","template":"","meta":{"_et_pb_use_builder":"on","_et_pb_old_content":"","_et_gb_content_width":"","footnotes":""},"project_category":[8],"project_tag":[],"class_list":["post-1913","project","type-project","status-publish","has-post-thumbnail","hentry","project_category-cerca-a-ti"],"_links":{"self":[{"href":"https:\/\/www.defensoria.gob.ec\/index.php?rest_route=\/wp\/v2\/project\/1913","targetHints":{"allow":["GET"]}}],"collection":[{"href":"https:\/\/www.defensoria.gob.ec\/index.php?rest_route=\/wp\/v2\/project"}],"about":[{"href":"https:\/\/www.defensoria.gob.ec\/index.php?rest_route=\/wp\/v2\/types\/project"}],"author":[{"embeddable":true,"href":"https:\/\/www.defensoria.gob.ec\/index.php?rest_route=\/wp\/v2\/users\/1"}],"replies":[{"embeddable":true,"href":"https:\/\/www.defensoria.gob.ec\/index.php?rest_route=%2Fwp%2Fv2%2Fcomments&post=1913"}],"version-history":[{"count":0,"href":"https:\/\/www.defensoria.gob.ec\/index.php?rest_route=\/wp\/v2\/project\/1913\/revisions"}],"wp:featuredmedia":[{"embeddable":true,"href":"https:\/\/www.defensoria.gob.ec\/index.php?rest_route=\/wp\/v2\/media\/1886"}],"wp:attachment":[{"href":"https:\/\/www.defensoria.gob.ec\/index.php?rest_route=%2Fwp%2Fv2%2Fmedia&parent=1913"}],"wp:term":[{"taxonomy":"project_category","embeddable":true,"href":"https:\/\/www.defensoria.gob.ec\/index.php?rest_route=%2Fwp%2Fv2%2Fproject_category&post=1913"},{"taxonomy":"project_tag","embeddable":true,"href":"https:\/\/www.defensoria.gob.ec\/index.php?rest_route=%2Fwp%2Fv2%2Fproject_tag&post=1913"}],"curies":[{"name":"wp","href":"https:\/\/api.w.org\/{rel}","templated":true}]}}

[et_pb_section fb_built=»1&#8243; _builder_version=»3.18.9&#8243;][et_pb_row _builder_version=»3.18.9&#8243;][et_pb_column type=»3_4&#8243; _builder_version=»3.18.9&#8243; parallax=»off» parallax_method=»on»][et_pb_post_title meta=»off» featured_image=»off» _builder_version=»3.18.9&#8243;][/et_pb_post_title][et_pb_text text_orientation=»justified» _builder_version=»3.18.9&#8243; text_font=»||||||||»]<p>El 12 de diciembre, la Defensoría Pública del Azuay realizó una difusión de servicios en el sector de la Feria Libre, de la ciudad de Cuenca. Varias personas acudieron a la mesa de la Institución para realizar consultas legales, así mismo, los funcionarios recorrieron el mercado de esta localidad; repartieron material institucional y compartieron información sobre materias de atención y patrocinios gratuitos.</p>
[/et_pb_text][et_pb_gallery _builder_version=»3.18.9&#8243; gallery_ids=»1886,1887,1888&#8243;][/et_pb_gallery][/et_pb_column][et_pb_column type=»1_4&#8243; _builder_version=»3.18.9&#8243; parallax=»off» parallax_method=»on»][et_pb_sidebar _builder_version=»3.18.9&#8243;][/et_pb_sidebar][/et_pb_column][/et_pb_row][/et_pb_section]

<p>El 12 de diciembre, la Defensoría Pública del Azuay realizó una difusión de servicios en el sector de la Feria Libre, de la ciudad de Cuenca. Varias personas acudieron a [&hellip;]</p>
