{"id":1871,"date":"2018-12-18T22:29:28","date_gmt":"2018-12-18T22:29:28","guid":{"rendered":"https:\/\/www.defensoria.gob.ec\/?post_type=project&#038;p=1871"},"modified":"2018-12-19T18:47:37","modified_gmt":"2018-12-19T18:47:37","slug":"defensoria-publica-y-foro-sociedad-y-justicia-suscribieron-acuerdo-de-cooperacion","status":"publish","type":"project","link":"https:\/\/www.defensoria.gob.ec\/?project=defensoria-publica-y-foro-sociedad-y-justicia-suscribieron-acuerdo-de-cooperacion","title":{"rendered":"Defensor\u00eda P\u00fablica y Foro Sociedad y Justicia suscribieron acuerdo de cooperaci\u00f3n"},"content":{"rendered":"<p>[et_pb_section fb_built=\u00bb1&#8243; _builder_version=\u00bb3.18.7&#8243;][et_pb_row _builder_version=\u00bb3.18.7&#8243;][et_pb_column type=\u00bb3_4&#8243; _builder_version=\u00bb3.18.7&#8243; parallax=\u00bboff\u00bb parallax_method=\u00bbon\u00bb][et_pb_post_title meta=\u00bboff\u00bb featured_image=\u00bboff\u00bb _builder_version=\u00bb3.18.7&#8243;][\/et_pb_post_title][et_pb_text _builder_version=\u00bb3.18.7&#8243; text_font=\u00bb||||||||\u00bb text_orientation=\u00bbjustified\u00bb]<\/p>\n<p>Con el objetivo de mejorar las competencias y habilidades para una defensa t\u00e9cnica y asesor\u00eda jur\u00eddica a los grupos de atenci\u00f3n prioritaria y a las personas que, por su condici\u00f3n econ\u00f3mica, no pueden contratar los servicios de un abogado particular, este 18 de diciembre, la Defensor\u00eda P\u00fablica y el Foro Sociedad y Justicia, que agrupa a abogados en libre ejercicio, suscribieron un convenio marco de cooperaci\u00f3n.<\/p>\n<p>En el acto, desarrollado en el edificio matriz de la Instituci\u00f3n, el Defensor P\u00fablico General, Dr. \u00c1ngel Torres Machuca, explic\u00f3 que este convenio es parte de los acuerdos que la Instituci\u00f3n busca articular con organizaciones de la sociedad civil, para fortalecer el trabajo de los defensores p\u00fabicos.<\/p>\n<p>Adem\u00e1s, dijo que, junto al Foro Sociedad y Justicia, se plantear\u00e1n reformas al C\u00f3digo Org\u00e1nico Integral Penal, al C\u00f3digo General de Procesos y al C\u00f3digo Org\u00e1nico de la Funci\u00f3n Judicial, en el que se prev\u00e9 la inclusi\u00f3n de una transitoria que le permita a la Defensor\u00eda P\u00fablica tener su propia ley y reglamento.<\/p>\n<p>Mientras tanto, el representante del Foro Sociedad y Justicia, Remigio Sacoto, se\u00f1al\u00f3 que el convenio suscrito es un compromiso para aunar esfuerzos entre cooperantes del sistema judicial, con el fin de fortalecer el trabajo de defensores p\u00fablicos y abogados en libre ejercicio, a trav\u00e9s de capacitaciones y actualizaciones.<\/p>\n<p>La cita cont\u00f3 con la participaron las autoridades de la Defensor\u00eda P\u00fablica y los representantes del Foro Sociedad y Justicia.<\/p>\n<p>El convenio de cooperaci\u00f3n tendr\u00e1 dos administradores, uno por la Defensor\u00eda P\u00fablica, y otro por el Foro Sociedad y Justicia; se aplicar\u00e1 mediante un plan operativo; y, durar\u00e1 un a\u00f1o, pudiendo renovarse de mutuo acuerdo con la suscripci\u00f3n del acta respectiva.<\/p>\n<p>B409-2018<br \/>18-diciembre-2018<\/p>\n<p>[\/et_pb_text][et_pb_gallery gallery_ids=\u00bb1870,1869,1868,1867,1866,1865&#8243; posts_number=\u00bb3&#8243; _builder_version=\u00bb3.18.7&#8243;][\/et_pb_gallery][et_pb_video src=\u00bbhttps:\/\/www.defensoria.gob.ec\/wp-content\/uploads\/2018\/12\/firma_convenio.mp4&#8243; _builder_version=\u00bb3.18.7&#8243;][\/et_pb_video][\/et_pb_column][et_pb_column type=\u00bb1_4&#8243; _builder_version=\u00bb3.18.7&#8243; parallax=\u00bboff\u00bb parallax_method=\u00bbon\u00bb][et_pb_sidebar _builder_version=\u00bb3.18.7&#8243;][\/et_pb_sidebar][\/et_pb_column][\/et_pb_row][\/et_pb_section]<\/p>\n","protected":false},"excerpt":{"rendered":"<p>Con el objetivo de mejorar las competencias y habilidades para una defensa t\u00e9cnica y asesor\u00eda jur\u00eddica a los grupos de atenci\u00f3n prioritaria y a las personas que, por su condici\u00f3n [&hellip;]<\/p>\n","protected":false},"author":1,"featured_media":1867,"comment_status":"open","ping_status":"closed","template":"","meta":{"_et_pb_use_builder":"on","_et_pb_old_content":"","_et_gb_content_width":"","footnotes":""},"project_category":[5],"project_tag":[],"class_list":["post-1871","project","type-project","status-publish","has-post-thumbnail","hentry","project_category-noticias"],"_links":{"self":[{"href":"https:\/\/www.defensoria.gob.ec\/index.php?rest_route=\/wp\/v2\/project\/1871","targetHints":{"allow":["GET"]}}],"collection":[{"href":"https:\/\/www.defensoria.gob.ec\/index.php?rest_route=\/wp\/v2\/project"}],"about":[{"href":"https:\/\/www.defensoria.gob.ec\/index.php?rest_route=\/wp\/v2\/types\/project"}],"author":[{"embeddable":true,"href":"https:\/\/www.defensoria.gob.ec\/index.php?rest_route=\/wp\/v2\/users\/1"}],"replies":[{"embeddable":true,"href":"https:\/\/www.defensoria.gob.ec\/index.php?rest_route=%2Fwp%2Fv2%2Fcomments&post=1871"}],"version-history":[{"count":0,"href":"https:\/\/www.defensoria.gob.ec\/index.php?rest_route=\/wp\/v2\/project\/1871\/revisions"}],"wp:featuredmedia":[{"embeddable":true,"href":"https:\/\/www.defensoria.gob.ec\/index.php?rest_route=\/wp\/v2\/media\/1867"}],"wp:attachment":[{"href":"https:\/\/www.defensoria.gob.ec\/index.php?rest_route=%2Fwp%2Fv2%2Fmedia&parent=1871"}],"wp:term":[{"taxonomy":"project_category","embeddable":true,"href":"https:\/\/www.defensoria.gob.ec\/index.php?rest_route=%2Fwp%2Fv2%2Fproject_category&post=1871"},{"taxonomy":"project_tag","embeddable":true,"href":"https:\/\/www.defensoria.gob.ec\/index.php?rest_route=%2Fwp%2Fv2%2Fproject_tag&post=1871"}],"curies":[{"name":"wp","href":"https:\/\/api.w.org\/{rel}","templated":true}]}}

Defensoría Pública y Foro Sociedad y Justicia suscribieron acuerdo de cooperación

<p>[et_pb_section fb_built=»1&#8243; _builder_version=»3.18.7&#8243;][et_pb_row _builder_version=»3.18.7&#8243;][et_pb_column type=»3_4&#8243; _builder_version=»3.18.7&#8243; parallax=»off» parallax_method=»on»][et_pb_post_title meta=»off» featured_image=»off» _builder_version=»3.18.7&#8243;][/et_pb_post_title][et_pb_text _builder_version=»3.18.7&#8243; text_font=»||||||||» text_orientation=»justified»]</p>
<p>Con el objetivo de mejorar las competencias y habilidades para una defensa técnica y asesoría jurídica a los grupos de atención prioritaria y a las personas que, por su condición económica, no pueden contratar los servicios de un abogado particular, este 18 de diciembre, la Defensoría Pública y el Foro Sociedad y Justicia, que agrupa a abogados en libre ejercicio, suscribieron un convenio marco de cooperación.</p>
<p>En el acto, desarrollado en el edificio matriz de la Institución, el Defensor Público General, Dr. Ángel Torres Machuca, explicó que este convenio es parte de los acuerdos que la Institución busca articular con organizaciones de la sociedad civil, para fortalecer el trabajo de los defensores púbicos.</p>
<p>Además, dijo que, junto al Foro Sociedad y Justicia, se plantearán reformas al Código Orgánico Integral Penal, al Código General de Procesos y al Código Orgánico de la Función Judicial, en el que se prevé la inclusión de una transitoria que le permita a la Defensoría Pública tener su propia ley y reglamento.</p>
<p>Mientras tanto, el representante del Foro Sociedad y Justicia, Remigio Sacoto, señaló que el convenio suscrito es un compromiso para aunar esfuerzos entre cooperantes del sistema judicial, con el fin de fortalecer el trabajo de defensores públicos y abogados en libre ejercicio, a través de capacitaciones y actualizaciones.</p>
<p>La cita contó con la participaron las autoridades de la Defensoría Pública y los representantes del Foro Sociedad y Justicia.</p>
<p>El convenio de cooperación tendrá dos administradores, uno por la Defensoría Pública, y otro por el Foro Sociedad y Justicia; se aplicará mediante un plan operativo; y, durará un año, pudiendo renovarse de mutuo acuerdo con la suscripción del acta respectiva.</p>
<p>B409-2018<br />18-diciembre-2018</p>
<p>[/et_pb_text][et_pb_gallery gallery_ids=»1870,1869,1868,1867,1866,1865&#8243; posts_number=»3&#8243; _builder_version=»3.18.7&#8243;][/et_pb_gallery][et_pb_video src=»https://www.defensoria.gob.ec/wp-content/uploads/2018/12/firma_convenio.mp4&#8243; _builder_version=»3.18.7&#8243;][/et_pb_video][/et_pb_column][et_pb_column type=»1_4&#8243; _builder_version=»3.18.7&#8243; parallax=»off» parallax_method=»on»][et_pb_sidebar _builder_version=»3.18.7&#8243;][/et_pb_sidebar][/et_pb_column][/et_pb_row][/et_pb_section]</p>

<p>Con el objetivo de mejorar las competencias y habilidades para una defensa técnica y asesoría jurídica a los grupos de atención prioritaria y a las personas que, por su condición [&hellip;]</p>
