{"id":1842,"date":"2018-12-18T21:21:47","date_gmt":"2018-12-18T21:21:47","guid":{"rendered":"https:\/\/www.defensoria.gob.ec\/?post_type=project&#038;p=1842"},"modified":"2018-12-18T21:21:48","modified_gmt":"2018-12-18T21:21:48","slug":"napo-personal-misional-visito-el-centro-de-privacion-de-libertad","status":"publish","type":"project","link":"https:\/\/www.defensoria.gob.ec\/?project=napo-personal-misional-visito-el-centro-de-privacion-de-libertad","title":{"rendered":"Napo: personal misional visit\u00f3 el Centro de Privaci\u00f3n de Libertad"},"content":{"rendered":"\n[et_pb_section fb_built=\u00bb1&#8243; _builder_version=\u00bb3.18.7&#8243;][et_pb_row _builder_version=\u00bb3.18.7&#8243;][et_pb_column type=\u00bb3_4&#8243; _builder_version=\u00bb3.18.7&#8243; parallax=\u00bboff\u00bb parallax_method=\u00bbon\u00bb][et_pb_post_title meta=\u00bboff\u00bb featured_image=\u00bboff\u00bb _builder_version=\u00bb3.18.7&#8243;][\/et_pb_post_title][et_pb_text _builder_version=\u00bb3.18.7&#8243;]<p>El martes 11 de diciembre, personal misional de la Defensor\u00eda P\u00fablica de Napo, realiz\u00f3 una visita t\u00e9cnica al Centro de Privaci\u00f3n de Libertad de Archidona, con el fin de coordinar una asesor\u00eda legal a las personas privadas de libertad; que comprender\u00e1 actividades de patrocinio, difusi\u00f3n e informaci\u00f3n de los servicios que brinda la Instituci\u00f3n. Estas visitas permiten el aseguramiento y universalizaci\u00f3n del derecho de acceso a la justicia, un juicio justo y el respeto a los derechos humanos.<\/p>\n[\/et_pb_text][et_pb_gallery _builder_version=\u00bb3.18.7&#8243; gallery_ids=\u00bb1843,1844&#8243;][\/et_pb_gallery][\/et_pb_column][et_pb_column type=\u00bb1_4&#8243; _builder_version=\u00bb3.18.7&#8243; parallax=\u00bboff\u00bb parallax_method=\u00bbon\u00bb][et_pb_sidebar _builder_version=\u00bb3.18.7&#8243;][\/et_pb_sidebar][\/et_pb_column][\/et_pb_row][\/et_pb_section]\n","protected":false},"excerpt":{"rendered":"<p>El martes 11 de diciembre, personal misional de la Defensor\u00eda P\u00fablica de Napo, realiz\u00f3 una visita t\u00e9cnica al Centro de Privaci\u00f3n de Libertad de Archidona, con el fin de coordinar [&hellip;]<\/p>\n","protected":false},"author":1,"featured_media":1843,"comment_status":"open","ping_status":"closed","template":"","meta":{"_et_pb_use_builder":"on","_et_pb_old_content":"","_et_gb_content_width":"","footnotes":""},"project_category":[8],"project_tag":[],"class_list":["post-1842","project","type-project","status-publish","has-post-thumbnail","hentry","project_category-cerca-a-ti"],"_links":{"self":[{"href":"https:\/\/www.defensoria.gob.ec\/index.php?rest_route=\/wp\/v2\/project\/1842","targetHints":{"allow":["GET"]}}],"collection":[{"href":"https:\/\/www.defensoria.gob.ec\/index.php?rest_route=\/wp\/v2\/project"}],"about":[{"href":"https:\/\/www.defensoria.gob.ec\/index.php?rest_route=\/wp\/v2\/types\/project"}],"author":[{"embeddable":true,"href":"https:\/\/www.defensoria.gob.ec\/index.php?rest_route=\/wp\/v2\/users\/1"}],"replies":[{"embeddable":true,"href":"https:\/\/www.defensoria.gob.ec\/index.php?rest_route=%2Fwp%2Fv2%2Fcomments&post=1842"}],"version-history":[{"count":0,"href":"https:\/\/www.defensoria.gob.ec\/index.php?rest_route=\/wp\/v2\/project\/1842\/revisions"}],"wp:featuredmedia":[{"embeddable":true,"href":"https:\/\/www.defensoria.gob.ec\/index.php?rest_route=\/wp\/v2\/media\/1843"}],"wp:attachment":[{"href":"https:\/\/www.defensoria.gob.ec\/index.php?rest_route=%2Fwp%2Fv2%2Fmedia&parent=1842"}],"wp:term":[{"taxonomy":"project_category","embeddable":true,"href":"https:\/\/www.defensoria.gob.ec\/index.php?rest_route=%2Fwp%2Fv2%2Fproject_category&post=1842"},{"taxonomy":"project_tag","embeddable":true,"href":"https:\/\/www.defensoria.gob.ec\/index.php?rest_route=%2Fwp%2Fv2%2Fproject_tag&post=1842"}],"curies":[{"name":"wp","href":"https:\/\/api.w.org\/{rel}","templated":true}]}}

Napo: personal misional visitó el Centro de Privación de Libertad

[et_pb_section fb_built=»1&#8243; _builder_version=»3.18.7&#8243;][et_pb_row _builder_version=»3.18.7&#8243;][et_pb_column type=»3_4&#8243; _builder_version=»3.18.7&#8243; parallax=»off» parallax_method=»on»][et_pb_post_title meta=»off» featured_image=»off» _builder_version=»3.18.7&#8243;][/et_pb_post_title][et_pb_text _builder_version=»3.18.7&#8243;]<p>El martes 11 de diciembre, personal misional de la Defensoría Pública de Napo, realizó una visita técnica al Centro de Privación de Libertad de Archidona, con el fin de coordinar una asesoría legal a las personas privadas de libertad; que comprenderá actividades de patrocinio, difusión e información de los servicios que brinda la Institución. Estas visitas permiten el aseguramiento y universalización del derecho de acceso a la justicia, un juicio justo y el respeto a los derechos humanos.</p>
[/et_pb_text][et_pb_gallery _builder_version=»3.18.7&#8243; gallery_ids=»1843,1844&#8243;][/et_pb_gallery][/et_pb_column][et_pb_column type=»1_4&#8243; _builder_version=»3.18.7&#8243; parallax=»off» parallax_method=»on»][et_pb_sidebar _builder_version=»3.18.7&#8243;][/et_pb_sidebar][/et_pb_column][/et_pb_row][/et_pb_section]

<p>El martes 11 de diciembre, personal misional de la Defensoría Pública de Napo, realizó una visita técnica al Centro de Privación de Libertad de Archidona, con el fin de coordinar [&hellip;]</p>
