{"id":1818,"date":"2018-12-18T21:12:33","date_gmt":"2018-12-18T21:12:33","guid":{"rendered":"https:\/\/www.defensoria.gob.ec\/?post_type=project&#038;p=1818"},"modified":"2018-12-18T21:12:34","modified_gmt":"2018-12-18T21:12:34","slug":"pastaza-se-realizo-difusion-de-servicios","status":"publish","type":"project","link":"https:\/\/www.defensoria.gob.ec\/?project=pastaza-se-realizo-difusion-de-servicios","title":{"rendered":"Pastaza: se realiz\u00f3 difusi\u00f3n de servicios"},"content":{"rendered":"\n[et_pb_section fb_built=\u00bb1&#8243; _builder_version=\u00bb3.18.7&#8243;][et_pb_row _builder_version=\u00bb3.18.7&#8243;][et_pb_column type=\u00bb3_4&#8243; _builder_version=\u00bb3.18.7&#8243; parallax=\u00bboff\u00bb parallax_method=\u00bbon\u00bb][et_pb_post_title meta=\u00bboff\u00bb featured_image=\u00bboff\u00bb _builder_version=\u00bb3.18.7&#8243;][\/et_pb_post_title][et_pb_text _builder_version=\u00bb3.18.7&#8243; text_font=\u00bb||||||||\u00bb text_orientation=\u00bbjustified\u00bb]<p>Las defensoras p\u00fablicas de Pastaza, Nancy Azuero y Johana Paredes; junto al defensor p\u00fablico provincial, Luis \u00c0lvarez; participaron, el 10 de diciembre, en una feria ciudadana sobre Violencia de Genero, en el cant\u00f3n Santa Clara, donde 16 usuarias recibieron informaci\u00f3n de la Defensor\u00eda P\u00fablica.<\/p>\n<p>As\u00ed mismo, el 4 de diciembre, las defensoras p\u00fablicas Nancy Azuero y Johana Paredes participaron en una feria ciudadana, en el cant\u00f3n Pastaza, donde informaron a los usuarios sobre violencia de g\u00e9nero, violencia intrafamiliar.<\/p>\n<p>\u00a0<span style=\"font-size: 14px;\">Finalmente, el 3 de diciembre las defensoras p\u00fablicas de Pastaza Nancy Azuero y Johana Paredes dictaron una charla sobre Violencia intrafamiliar a 60 personas en el Hospital Puyo<\/span><\/p>\n<audio class=\"wp-audio-shortcode\" id=\"audio-1818-1\" preload=\"none\" style=\"width: 100%;\" controls=\"controls\"><source type=\"audio\/mpeg\" src=\"https:\/\/www.defensoria.gob.ec\/wp-content\/uploads\/2018\/12\/pastaza.mp3?_=1\" \/><a href=\"https:\/\/www.defensoria.gob.ec\/wp-content\/uploads\/2018\/12\/pastaza.mp3\">https:\/\/www.defensoria.gob.ec\/wp-content\/uploads\/2018\/12\/pastaza.mp3<\/a><\/audio>[\/et_pb_text][et_pb_gallery gallery_ids=\u00bb1819,1825,1826&#8243; _builder_version=\u00bb3.18.7&#8243;][\/et_pb_gallery][\/et_pb_column][et_pb_column type=\u00bb1_4&#8243; _builder_version=\u00bb3.18.7&#8243; parallax=\u00bboff\u00bb parallax_method=\u00bbon\u00bb][et_pb_sidebar _builder_version=\u00bb3.18.7&#8243;][\/et_pb_sidebar][\/et_pb_column][\/et_pb_row][\/et_pb_section]\n","protected":false},"excerpt":{"rendered":"<p>Las defensoras p\u00fablicas de Pastaza, Nancy Azuero y Johana Paredes; junto al defensor p\u00fablico provincial, Luis \u00c0lvarez; participaron, el 10 de diciembre, en una feria ciudadana sobre Violencia de Genero, [&hellip;]<\/p>\n","protected":false},"author":1,"featured_media":1819,"comment_status":"open","ping_status":"closed","template":"","meta":{"_et_pb_use_builder":"on","_et_pb_old_content":"","_et_gb_content_width":"","footnotes":""},"project_category":[8],"project_tag":[],"class_list":["post-1818","project","type-project","status-publish","has-post-thumbnail","hentry","project_category-cerca-a-ti"],"_links":{"self":[{"href":"https:\/\/www.defensoria.gob.ec\/index.php?rest_route=\/wp\/v2\/project\/1818","targetHints":{"allow":["GET"]}}],"collection":[{"href":"https:\/\/www.defensoria.gob.ec\/index.php?rest_route=\/wp\/v2\/project"}],"about":[{"href":"https:\/\/www.defensoria.gob.ec\/index.php?rest_route=\/wp\/v2\/types\/project"}],"author":[{"embeddable":true,"href":"https:\/\/www.defensoria.gob.ec\/index.php?rest_route=\/wp\/v2\/users\/1"}],"replies":[{"embeddable":true,"href":"https:\/\/www.defensoria.gob.ec\/index.php?rest_route=%2Fwp%2Fv2%2Fcomments&post=1818"}],"version-history":[{"count":0,"href":"https:\/\/www.defensoria.gob.ec\/index.php?rest_route=\/wp\/v2\/project\/1818\/revisions"}],"wp:featuredmedia":[{"embeddable":true,"href":"https:\/\/www.defensoria.gob.ec\/index.php?rest_route=\/wp\/v2\/media\/1819"}],"wp:attachment":[{"href":"https:\/\/www.defensoria.gob.ec\/index.php?rest_route=%2Fwp%2Fv2%2Fmedia&parent=1818"}],"wp:term":[{"taxonomy":"project_category","embeddable":true,"href":"https:\/\/www.defensoria.gob.ec\/index.php?rest_route=%2Fwp%2Fv2%2Fproject_category&post=1818"},{"taxonomy":"project_tag","embeddable":true,"href":"https:\/\/www.defensoria.gob.ec\/index.php?rest_route=%2Fwp%2Fv2%2Fproject_tag&post=1818"}],"curies":[{"name":"wp","href":"https:\/\/api.w.org\/{rel}","templated":true}]}}

Pastaza: se realizó difusión de servicios

[et_pb_section fb_built=»1&#8243; _builder_version=»3.18.7&#8243;][et_pb_row _builder_version=»3.18.7&#8243;][et_pb_column type=»3_4&#8243; _builder_version=»3.18.7&#8243; parallax=»off» parallax_method=»on»][et_pb_post_title meta=»off» featured_image=»off» _builder_version=»3.18.7&#8243;][/et_pb_post_title][et_pb_text _builder_version=»3.18.7&#8243; text_font=»||||||||» text_orientation=»justified»]<p>Las defensoras públicas de Pastaza, Nancy Azuero y Johana Paredes; junto al defensor público provincial, Luis Àlvarez; participaron, el 10 de diciembre, en una feria ciudadana sobre Violencia de Genero, en el cantón Santa Clara, donde 16 usuarias recibieron información de la Defensoría Pública.</p>
<p>Así mismo, el 4 de diciembre, las defensoras públicas Nancy Azuero y Johana Paredes participaron en una feria ciudadana, en el cantón Pastaza, donde informaron a los usuarios sobre violencia de género, violencia intrafamiliar.</p>
<p> <span style="font-size: 14px;">Finalmente, el 3 de diciembre las defensoras públicas de Pastaza Nancy Azuero y Johana Paredes dictaron una charla sobre Violencia intrafamiliar a 60 personas en el Hospital Puyo</span></p>
<audio class="wp-audio-shortcode" id="audio-1818-1" preload="none" style="width: 100%;" controls="controls"><source type="audio/mpeg" src="https://www.defensoria.gob.ec/wp-content/uploads/2018/12/pastaza.mp3?_=1" /><a href="https://www.defensoria.gob.ec/wp-content/uploads/2018/12/pastaza.mp3">https://www.defensoria.gob.ec/wp-content/uploads/2018/12/pastaza.mp3</a></audio>[/et_pb_text][et_pb_gallery gallery_ids=»1819,1825,1826&#8243; _builder_version=»3.18.7&#8243;][/et_pb_gallery][/et_pb_column][et_pb_column type=»1_4&#8243; _builder_version=»3.18.7&#8243; parallax=»off» parallax_method=»on»][et_pb_sidebar _builder_version=»3.18.7&#8243;][/et_pb_sidebar][/et_pb_column][/et_pb_row][/et_pb_section]

<p>Las defensoras públicas de Pastaza, Nancy Azuero y Johana Paredes; junto al defensor público provincial, Luis Àlvarez; participaron, el 10 de diciembre, en una feria ciudadana sobre Violencia de Genero, [&hellip;]</p>
