{"id":1752,"date":"2018-12-13T21:25:53","date_gmt":"2018-12-13T21:25:53","guid":{"rendered":"https:\/\/www.defensoria.gob.ec\/?post_type=project&#038;p=1752"},"modified":"2018-12-14T14:40:40","modified_gmt":"2018-12-14T14:40:40","slug":"regional-del-litoral-visitas-en-territorio","status":"publish","type":"project","link":"https:\/\/www.defensoria.gob.ec\/?project=regional-del-litoral-visitas-en-territorio","title":{"rendered":"Regional del Litoral: visitas en territorio"},"content":{"rendered":"<p>[et_pb_section fb_built=\u00bb1&#8243; _builder_version=\u00bb3.0.47&#8243;][et_pb_row _builder_version=\u00bb3.0.48&#8243; background_size=\u00bbinitial\u00bb background_position=\u00bbtop_left\u00bb background_repeat=\u00bbrepeat\u00bb][et_pb_column type=\u00bb3_4&#8243; _builder_version=\u00bb3.0.47&#8243; parallax=\u00bboff\u00bb parallax_method=\u00bbon\u00bb][et_pb_post_title meta=\u00bboff\u00bb featured_image=\u00bboff\u00bb _builder_version=\u00bb3.15&#8243;][\/et_pb_post_title][et_pb_text _builder_version=\u00bb3.15&#8243; text_orientation=\u00bbjustified\u00bb]<\/p>\n<p>La defensora p\u00fablica Regional del Litoral, Michele Portaluppi Feraud, junto a Ruddy Zambrano, subdirectora de Patrocinio Penal, protagoniz\u00f3 una ardua jornada de trabajo los d\u00edas 6 y 7 de diciembre en El Oro.<\/p>\n<p>La Defensora P\u00fablica Regional del Litoral visit\u00f3 la provincia con el objetivo de verificar el cumplimiento a las directrices dispuestas; as\u00ed como analizar la asistencia legal que se brinda a la ciudadan\u00eda. As\u00ed tambi\u00e9n, acompa\u00f1ada de Jaime Coello, defensor P\u00fablico Provincial de El Oro, recorri\u00f3 Pasaje, Santa Rosa y El Guabo, conociendo los puntos de atenci\u00f3n y reuni\u00e9ndose con los defensores p\u00fablicos de los cantones mencionados.<\/p>\n<p>Los funcionarios mantuvieron di\u00e1logos informales con los usuarios sobre el servicio defensorial, quienes ratificaron la calidad y excelencia de la labor desplegada en territorio. Adem\u00e1s, Portaluppi convoc\u00f3 a una reuni\u00f3n de trabajo a los funcionarios de la Instituci\u00f3n y les hizo notar la importancia de sostener el trabajo en equipo. Y el 7 de diciembre, hubo una rueda de prensa con los medios de comunicaci\u00f3n locales, en la que dio a conocer los servicios que brinda la Defensor\u00eda P\u00fablica y las causas que han sido atendidas durante el 2018, tanto en patrocinio social como en penal. Tambi\u00e9n se refiri\u00f3 a los diversos puntos de atenci\u00f3n de la Regional Litoral. En esta misma l\u00ednea, fue invitada por Orovisi\u00f3n para dar una entrevista.<\/p>\n<p>Para la Defensora P\u00fablica Regional del Litoral es de vital importancia recorrer los puntos de atenci\u00f3n y provincias bajo su coordinaci\u00f3n, para as\u00ed conocer de primera mano las necesidades institucionales, a dem\u00e1s de constatar la calidad de los servicios que se entregan a la ciudadan\u00eda.\u00a0\u00a0<\/p>\n<p>[\/et_pb_text][et_pb_gallery gallery_ids=\u00bb1753,1754,1775,1776,1777&#8243; posts_number=\u00bb3&#8243; zoom_icon_color=\u00bb#00a3c1&#8243; _builder_version=\u00bb3.18.7&#8243;][\/et_pb_gallery][\/et_pb_column][et_pb_column type=\u00bb1_4&#8243; _builder_version=\u00bb3.0.47&#8243; parallax=\u00bboff\u00bb parallax_method=\u00bbon\u00bb][et_pb_sidebar area=\u00bbsidebar-1&#8243; _builder_version=\u00bb3.15&#8243;][\/et_pb_sidebar][\/et_pb_column][\/et_pb_row][\/et_pb_section]<\/p>\n","protected":false},"excerpt":{"rendered":"<p>La defensora p\u00fablica Regional del Litoral, Michele Portaluppi Feraud, junto a Ruddy Zambrano, subdirectora de Patrocinio Penal, protagoniz\u00f3 una ardua jornada de trabajo los d\u00edas 6 y 7 de diciembre [&hellip;]<\/p>\n","protected":false},"author":1,"featured_media":1753,"comment_status":"open","ping_status":"closed","template":"","meta":{"_et_pb_use_builder":"on","_et_pb_old_content":"","_et_gb_content_width":"","footnotes":""},"project_category":[8],"project_tag":[],"class_list":["post-1752","project","type-project","status-publish","has-post-thumbnail","hentry","project_category-cerca-a-ti"],"_links":{"self":[{"href":"https:\/\/www.defensoria.gob.ec\/index.php?rest_route=\/wp\/v2\/project\/1752","targetHints":{"allow":["GET"]}}],"collection":[{"href":"https:\/\/www.defensoria.gob.ec\/index.php?rest_route=\/wp\/v2\/project"}],"about":[{"href":"https:\/\/www.defensoria.gob.ec\/index.php?rest_route=\/wp\/v2\/types\/project"}],"author":[{"embeddable":true,"href":"https:\/\/www.defensoria.gob.ec\/index.php?rest_route=\/wp\/v2\/users\/1"}],"replies":[{"embeddable":true,"href":"https:\/\/www.defensoria.gob.ec\/index.php?rest_route=%2Fwp%2Fv2%2Fcomments&post=1752"}],"version-history":[{"count":0,"href":"https:\/\/www.defensoria.gob.ec\/index.php?rest_route=\/wp\/v2\/project\/1752\/revisions"}],"wp:featuredmedia":[{"embeddable":true,"href":"https:\/\/www.defensoria.gob.ec\/index.php?rest_route=\/wp\/v2\/media\/1753"}],"wp:attachment":[{"href":"https:\/\/www.defensoria.gob.ec\/index.php?rest_route=%2Fwp%2Fv2%2Fmedia&parent=1752"}],"wp:term":[{"taxonomy":"project_category","embeddable":true,"href":"https:\/\/www.defensoria.gob.ec\/index.php?rest_route=%2Fwp%2Fv2%2Fproject_category&post=1752"},{"taxonomy":"project_tag","embeddable":true,"href":"https:\/\/www.defensoria.gob.ec\/index.php?rest_route=%2Fwp%2Fv2%2Fproject_tag&post=1752"}],"curies":[{"name":"wp","href":"https:\/\/api.w.org\/{rel}","templated":true}]}}

<p>[et_pb_section fb_built=»1&#8243; _builder_version=»3.0.47&#8243;][et_pb_row _builder_version=»3.0.48&#8243; background_size=»initial» background_position=»top_left» background_repeat=»repeat»][et_pb_column type=»3_4&#8243; _builder_version=»3.0.47&#8243; parallax=»off» parallax_method=»on»][et_pb_post_title meta=»off» featured_image=»off» _builder_version=»3.15&#8243;][/et_pb_post_title][et_pb_text _builder_version=»3.15&#8243; text_orientation=»justified»]</p>
<p>La defensora pública Regional del Litoral, Michele Portaluppi Feraud, junto a Ruddy Zambrano, subdirectora de Patrocinio Penal, protagonizó una ardua jornada de trabajo los días 6 y 7 de diciembre en El Oro.</p>
<p>La Defensora Pública Regional del Litoral visitó la provincia con el objetivo de verificar el cumplimiento a las directrices dispuestas; así como analizar la asistencia legal que se brinda a la ciudadanía. Así también, acompañada de Jaime Coello, defensor Público Provincial de El Oro, recorrió Pasaje, Santa Rosa y El Guabo, conociendo los puntos de atención y reuniéndose con los defensores públicos de los cantones mencionados.</p>
<p>Los funcionarios mantuvieron diálogos informales con los usuarios sobre el servicio defensorial, quienes ratificaron la calidad y excelencia de la labor desplegada en territorio. Además, Portaluppi convocó a una reunión de trabajo a los funcionarios de la Institución y les hizo notar la importancia de sostener el trabajo en equipo. Y el 7 de diciembre, hubo una rueda de prensa con los medios de comunicación locales, en la que dio a conocer los servicios que brinda la Defensoría Pública y las causas que han sido atendidas durante el 2018, tanto en patrocinio social como en penal. También se refirió a los diversos puntos de atención de la Regional Litoral. En esta misma línea, fue invitada por Orovisión para dar una entrevista.</p>
<p>Para la Defensora Pública Regional del Litoral es de vital importancia recorrer los puntos de atención y provincias bajo su coordinación, para así conocer de primera mano las necesidades institucionales, a demás de constatar la calidad de los servicios que se entregan a la ciudadanía.  </p>
<p>[/et_pb_text][et_pb_gallery gallery_ids=»1753,1754,1775,1776,1777&#8243; posts_number=»3&#8243; zoom_icon_color=»#00a3c1&#8243; _builder_version=»3.18.7&#8243;][/et_pb_gallery][/et_pb_column][et_pb_column type=»1_4&#8243; _builder_version=»3.0.47&#8243; parallax=»off» parallax_method=»on»][et_pb_sidebar area=»sidebar-1&#8243; _builder_version=»3.15&#8243;][/et_pb_sidebar][/et_pb_column][/et_pb_row][/et_pb_section]</p>

<p>La defensora pública Regional del Litoral, Michele Portaluppi Feraud, junto a Ruddy Zambrano, subdirectora de Patrocinio Penal, protagonizó una ardua jornada de trabajo los días 6 y 7 de diciembre [&hellip;]</p>
