{"id":1742,"date":"2018-12-13T21:17:47","date_gmt":"2018-12-13T21:17:47","guid":{"rendered":"https:\/\/www.defensoria.gob.ec\/?post_type=project&#038;p=1742"},"modified":"2018-12-13T21:17:47","modified_gmt":"2018-12-13T21:17:47","slug":"carchi-concientizacion-a-los-jovenes-en-unidad-educativa","status":"publish","type":"project","link":"https:\/\/www.defensoria.gob.ec\/?project=carchi-concientizacion-a-los-jovenes-en-unidad-educativa","title":{"rendered":"Carchi: concientizaci\u00f3n a los j\u00f3venes en unidad educativa"},"content":{"rendered":"<p>[et_pb_section bb_built=\u00bb1&#8243;][et_pb_row][et_pb_column type=\u00bb3_4&#8243;][et_pb_post_title _builder_version=\u00bb3.15&#8243; meta=\u00bboff\u00bb featured_image=\u00bboff\u00bb \/][et_pb_text _builder_version=\u00bb3.15&#8243; text_orientation=\u00bbjustified\u00bb]<\/p>\n<p>El 6 de diciembre, en las instalaciones de la unidad educativa \u201cConsejo Provincial\u201d, Edison Aldaz, defensor p\u00fablico provincial de Carchi, en compa\u00f1\u00eda de los defensores p\u00fablicos, Jennifer Alexandra Velasco y Juan Carlos Villarreal, lideraron charlas educativas. Los temas fueron erradicaci\u00f3n de la violencia intrafamiliar y prevenci\u00f3n del consumo de drogas. Estas actividades son impulsadas por el alto \u00edndice de consumo de sustancias estupefacientes y violencia en los centros educativos del Carchi. El objetivo es concientizar a los adolescentes y evitar conflictos.<\/p>\n<p>[\/et_pb_text][et_pb_gallery _builder_version=\u00bb3.15&#8243; gallery_ids=\u00bb1743,1744&#8243; zoom_icon_color=\u00bb#00a3c1&#8243; hover_overlay_color=\u00bbrgba(255,255,255,0.9)\u00bb \/][\/et_pb_column][et_pb_column type=\u00bb1_4&#8243;][et_pb_sidebar _builder_version=\u00bb3.15&#8243; area=\u00bbsidebar-1&#8243; \/][\/et_pb_column][\/et_pb_row][\/et_pb_section]<\/p>\n","protected":false},"excerpt":{"rendered":"<p><div class=\"et_pb_row et_pb_row_0 et_pb_row_empty\">\n\t\t\t\t\n\t\t\t\t\n\t\t\t\t\n\t\t\t\t\n\t\t\t\t\n\t\t\t<\/div> El 6 de diciembre, en las instalaciones de la unidad educativa \u201cConsejo Provincial\u201d, Edison Aldaz, defensor p\u00fablico provincial de Carchi, en compa\u00f1\u00eda de los defensores p\u00fablicos, Jennifer Alexandra Velasco [&hellip;]<\/p>\n","protected":false},"author":1,"featured_media":1743,"comment_status":"open","ping_status":"closed","template":"","meta":{"_et_pb_use_builder":"on","_et_pb_old_content":"","_et_gb_content_width":"","footnotes":""},"project_category":[8],"project_tag":[],"class_list":["post-1742","project","type-project","status-publish","has-post-thumbnail","hentry","project_category-cerca-a-ti"],"_links":{"self":[{"href":"https:\/\/www.defensoria.gob.ec\/index.php?rest_route=\/wp\/v2\/project\/1742","targetHints":{"allow":["GET"]}}],"collection":[{"href":"https:\/\/www.defensoria.gob.ec\/index.php?rest_route=\/wp\/v2\/project"}],"about":[{"href":"https:\/\/www.defensoria.gob.ec\/index.php?rest_route=\/wp\/v2\/types\/project"}],"author":[{"embeddable":true,"href":"https:\/\/www.defensoria.gob.ec\/index.php?rest_route=\/wp\/v2\/users\/1"}],"replies":[{"embeddable":true,"href":"https:\/\/www.defensoria.gob.ec\/index.php?rest_route=%2Fwp%2Fv2%2Fcomments&post=1742"}],"version-history":[{"count":0,"href":"https:\/\/www.defensoria.gob.ec\/index.php?rest_route=\/wp\/v2\/project\/1742\/revisions"}],"wp:featuredmedia":[{"embeddable":true,"href":"https:\/\/www.defensoria.gob.ec\/index.php?rest_route=\/wp\/v2\/media\/1743"}],"wp:attachment":[{"href":"https:\/\/www.defensoria.gob.ec\/index.php?rest_route=%2Fwp%2Fv2%2Fmedia&parent=1742"}],"wp:term":[{"taxonomy":"project_category","embeddable":true,"href":"https:\/\/www.defensoria.gob.ec\/index.php?rest_route=%2Fwp%2Fv2%2Fproject_category&post=1742"},{"taxonomy":"project_tag","embeddable":true,"href":"https:\/\/www.defensoria.gob.ec\/index.php?rest_route=%2Fwp%2Fv2%2Fproject_tag&post=1742"}],"curies":[{"name":"wp","href":"https:\/\/api.w.org\/{rel}","templated":true}]}}

Carchi: concientización a los jóvenes en unidad educativa

<p>[et_pb_section bb_built=»1&#8243;][et_pb_row][et_pb_column type=»3_4&#8243;][et_pb_post_title _builder_version=»3.15&#8243; meta=»off» featured_image=»off» /][et_pb_text _builder_version=»3.15&#8243; text_orientation=»justified»]</p>
<p>El 6 de diciembre, en las instalaciones de la unidad educativa “Consejo Provincial”, Edison Aldaz, defensor público provincial de Carchi, en compañía de los defensores públicos, Jennifer Alexandra Velasco y Juan Carlos Villarreal, lideraron charlas educativas. Los temas fueron erradicación de la violencia intrafamiliar y prevención del consumo de drogas. Estas actividades son impulsadas por el alto índice de consumo de sustancias estupefacientes y violencia en los centros educativos del Carchi. El objetivo es concientizar a los adolescentes y evitar conflictos.</p>
<p>[/et_pb_text][et_pb_gallery _builder_version=»3.15&#8243; gallery_ids=»1743,1744&#8243; zoom_icon_color=»#00a3c1&#8243; hover_overlay_color=»rgba(255,255,255,0.9)» /][/et_pb_column][et_pb_column type=»1_4&#8243;][et_pb_sidebar _builder_version=»3.15&#8243; area=»sidebar-1&#8243; /][/et_pb_column][/et_pb_row][/et_pb_section]</p>

<p><div class="et_pb_row et_pb_row_0 et_pb_row_empty">
				
				
				
				
				
			</div> El 6 de diciembre, en las instalaciones de la unidad educativa “Consejo Provincial”, Edison Aldaz, defensor público provincial de Carchi, en compañía de los defensores públicos, Jennifer Alexandra Velasco [&hellip;]</p>
