{"id":1736,"date":"2018-12-13T21:14:53","date_gmt":"2018-12-13T21:14:53","guid":{"rendered":"https:\/\/www.defensoria.gob.ec\/?post_type=project&#038;p=1736"},"modified":"2018-12-13T21:14:53","modified_gmt":"2018-12-13T21:14:53","slug":"orellana-se-realizo-difusion-de-servicios-en-tres-parroquias-del-canton-aguarico","status":"publish","type":"project","link":"https:\/\/www.defensoria.gob.ec\/?project=orellana-se-realizo-difusion-de-servicios-en-tres-parroquias-del-canton-aguarico","title":{"rendered":"Orellana: se realiz\u00f3 difusi\u00f3n de servicios en tres parroquias del cant\u00f3n Aguarico"},"content":{"rendered":"<p>[et_pb_section bb_built=\u00bb1&#8243;][et_pb_row][et_pb_column type=\u00bb3_4&#8243;][et_pb_post_title _builder_version=\u00bb3.15&#8243; meta=\u00bboff\u00bb featured_image=\u00bboff\u00bb \/][et_pb_text _builder_version=\u00bb3.15&#8243; text_orientation=\u00bbjustified\u00bb]<\/p>\n<p>Por invitaci\u00f3n de la Gobernaci\u00f3n de Orellana, entre el 20 y 22 de noviembre, el defensor p\u00fablico provincial, Geovanny Tasigchana, visit\u00f3 las parroquias de Tuputini, Nuevo Rocafuerte y Augusto Rivadeneira, del cant\u00f3n Aguarico, con la finalidad de dictar charlas sobre los servicios gratuitos que entrega la Instituci\u00f3n, en las \u00e1reas social y penal.<\/p>\n<p>El 21 de noviembre, en la Unidad Educativa del Milenio de Nuevo Rocafuerte, socializ\u00f3 los temas de: violencia intrafamiliar, alimentos, reconocimiento de hijos fuera de matrimonio.<\/p>\n<p>De igual manera, el mismo 21 de noviembre, replic\u00f3 la charla en la Unidad Educativa de la parroquia Augusto Rivadeneira, conocida como Chiru Isla, y entreg\u00f3 a los pobladores material informativo de la Defensor\u00eda P\u00fablica.<\/p>\n<p>Finalmente, el 22 de noviembre, Geovanny Tasigchana , defensor p\u00fablico provincial de Orellana, visit\u00f3 la Unidad Militar 54 Rayo del Batall\u00f3n de Selva Montecristi, ubicado en la parroquia Tiputini, donde dict\u00f3 una charla sobre violencia intrafamiliar a las esposas del personal militar acantonado en esta localidad y promocion\u00f3 los servicios de la Defensor\u00eda P\u00fablica, para el acceso a la justicia de las personas que se encuentran en condici\u00f3n de indefensi\u00f3n, con el fin de que reciba una defensa t\u00e9cnica, respetando el debido proceso.<\/p>\n<audio class=\"wp-audio-shortcode\" id=\"audio-1736-1\" preload=\"none\" style=\"width: 100%;\" controls=\"controls\"><source type=\"audio\/mpeg\" src=\"https:\/\/www.defensoria.gob.ec\/wp-content\/uploads\/2018\/12\/orellana.mp3?_=1\" \/><a href=\"https:\/\/www.defensoria.gob.ec\/wp-content\/uploads\/2018\/12\/orellana.mp3\">https:\/\/www.defensoria.gob.ec\/wp-content\/uploads\/2018\/12\/orellana.mp3<\/a><\/audio>\n<p>[\/et_pb_text][et_pb_gallery _builder_version=\u00bb3.15&#8243; gallery_ids=\u00bb1738,1739,1740&#8243; zoom_icon_color=\u00bb#00a3c1&#8243; hover_overlay_color=\u00bbrgba(255,255,255,0.9)\u00bb \/][\/et_pb_column][et_pb_column type=\u00bb1_4&#8243;][et_pb_sidebar _builder_version=\u00bb3.15&#8243; area=\u00bbsidebar-1&#8243; \/][\/et_pb_column][\/et_pb_row][\/et_pb_section]<\/p>\n","protected":false},"excerpt":{"rendered":"<p><div class=\"et_pb_row et_pb_row_0 et_pb_row_empty\">\n\t\t\t\t\n\t\t\t\t\n\t\t\t\t\n\t\t\t\t\n\t\t\t\t\n\t\t\t<\/div> Por invitaci\u00f3n de la Gobernaci\u00f3n de Orellana, entre el 20 y 22 de noviembre, el defensor p\u00fablico provincial, Geovanny Tasigchana, visit\u00f3 las parroquias de Tuputini, Nuevo Rocafuerte y Augusto [&hellip;]<\/p>\n","protected":false},"author":1,"featured_media":1738,"comment_status":"open","ping_status":"closed","template":"","meta":{"_et_pb_use_builder":"on","_et_pb_old_content":"","_et_gb_content_width":"","footnotes":""},"project_category":[8],"project_tag":[],"class_list":["post-1736","project","type-project","status-publish","has-post-thumbnail","hentry","project_category-cerca-a-ti"],"_links":{"self":[{"href":"https:\/\/www.defensoria.gob.ec\/index.php?rest_route=\/wp\/v2\/project\/1736","targetHints":{"allow":["GET"]}}],"collection":[{"href":"https:\/\/www.defensoria.gob.ec\/index.php?rest_route=\/wp\/v2\/project"}],"about":[{"href":"https:\/\/www.defensoria.gob.ec\/index.php?rest_route=\/wp\/v2\/types\/project"}],"author":[{"embeddable":true,"href":"https:\/\/www.defensoria.gob.ec\/index.php?rest_route=\/wp\/v2\/users\/1"}],"replies":[{"embeddable":true,"href":"https:\/\/www.defensoria.gob.ec\/index.php?rest_route=%2Fwp%2Fv2%2Fcomments&post=1736"}],"version-history":[{"count":0,"href":"https:\/\/www.defensoria.gob.ec\/index.php?rest_route=\/wp\/v2\/project\/1736\/revisions"}],"wp:featuredmedia":[{"embeddable":true,"href":"https:\/\/www.defensoria.gob.ec\/index.php?rest_route=\/wp\/v2\/media\/1738"}],"wp:attachment":[{"href":"https:\/\/www.defensoria.gob.ec\/index.php?rest_route=%2Fwp%2Fv2%2Fmedia&parent=1736"}],"wp:term":[{"taxonomy":"project_category","embeddable":true,"href":"https:\/\/www.defensoria.gob.ec\/index.php?rest_route=%2Fwp%2Fv2%2Fproject_category&post=1736"},{"taxonomy":"project_tag","embeddable":true,"href":"https:\/\/www.defensoria.gob.ec\/index.php?rest_route=%2Fwp%2Fv2%2Fproject_tag&post=1736"}],"curies":[{"name":"wp","href":"https:\/\/api.w.org\/{rel}","templated":true}]}}

Orellana: se realizó difusión de servicios en tres parroquias del cantón Aguarico

<p>[et_pb_section bb_built=»1&#8243;][et_pb_row][et_pb_column type=»3_4&#8243;][et_pb_post_title _builder_version=»3.15&#8243; meta=»off» featured_image=»off» /][et_pb_text _builder_version=»3.15&#8243; text_orientation=»justified»]</p>
<p>Por invitación de la Gobernación de Orellana, entre el 20 y 22 de noviembre, el defensor público provincial, Geovanny Tasigchana, visitó las parroquias de Tuputini, Nuevo Rocafuerte y Augusto Rivadeneira, del cantón Aguarico, con la finalidad de dictar charlas sobre los servicios gratuitos que entrega la Institución, en las áreas social y penal.</p>
<p>El 21 de noviembre, en la Unidad Educativa del Milenio de Nuevo Rocafuerte, socializó los temas de: violencia intrafamiliar, alimentos, reconocimiento de hijos fuera de matrimonio.</p>
<p>De igual manera, el mismo 21 de noviembre, replicó la charla en la Unidad Educativa de la parroquia Augusto Rivadeneira, conocida como Chiru Isla, y entregó a los pobladores material informativo de la Defensoría Pública.</p>
<p>Finalmente, el 22 de noviembre, Geovanny Tasigchana , defensor público provincial de Orellana, visitó la Unidad Militar 54 Rayo del Batallón de Selva Montecristi, ubicado en la parroquia Tiputini, donde dictó una charla sobre violencia intrafamiliar a las esposas del personal militar acantonado en esta localidad y promocionó los servicios de la Defensoría Pública, para el acceso a la justicia de las personas que se encuentran en condición de indefensión, con el fin de que reciba una defensa técnica, respetando el debido proceso.</p>
<audio class="wp-audio-shortcode" id="audio-1736-1" preload="none" style="width: 100%;" controls="controls"><source type="audio/mpeg" src="https://www.defensoria.gob.ec/wp-content/uploads/2018/12/orellana.mp3?_=1" /><a href="https://www.defensoria.gob.ec/wp-content/uploads/2018/12/orellana.mp3">https://www.defensoria.gob.ec/wp-content/uploads/2018/12/orellana.mp3</a></audio>
<p>[/et_pb_text][et_pb_gallery _builder_version=»3.15&#8243; gallery_ids=»1738,1739,1740&#8243; zoom_icon_color=»#00a3c1&#8243; hover_overlay_color=»rgba(255,255,255,0.9)» /][/et_pb_column][et_pb_column type=»1_4&#8243;][et_pb_sidebar _builder_version=»3.15&#8243; area=»sidebar-1&#8243; /][/et_pb_column][/et_pb_row][/et_pb_section]</p>

<p><div class="et_pb_row et_pb_row_0 et_pb_row_empty">
				
				
				
				
				
			</div> Por invitación de la Gobernación de Orellana, entre el 20 y 22 de noviembre, el defensor público provincial, Geovanny Tasigchana, visitó las parroquias de Tuputini, Nuevo Rocafuerte y Augusto [&hellip;]</p>
