{"id":1699,"date":"2018-12-11T21:19:00","date_gmt":"2018-12-11T21:19:00","guid":{"rendered":"https:\/\/www.defensoria.gob.ec\/?post_type=project&#038;p=1699"},"modified":"2018-12-11T21:19:00","modified_gmt":"2018-12-11T21:19:00","slug":"santa-elena-se-presento-el-plan-estrategico-institucional-de-la-funcion-judicial","status":"publish","type":"project","link":"https:\/\/www.defensoria.gob.ec\/?project=santa-elena-se-presento-el-plan-estrategico-institucional-de-la-funcion-judicial","title":{"rendered":"Santa Elena: se present\u00f3 el Plan Estrat\u00e9gico Institucional de la Funci\u00f3n Judicial"},"content":{"rendered":"<p>[et_pb_section bb_built=\u00bb1&#8243;][et_pb_row][et_pb_column type=\u00bb3_4&#8243;][et_pb_post_title _builder_version=\u00bb3.15&#8243; meta=\u00bboff\u00bb featured_image=\u00bboff\u00bb \/][et_pb_text _builder_version=\u00bb3.15&#8243; text_orientation=\u00bbjustified\u00bb]<\/p>\n<p>El defensor p\u00fablico provincial de Santa Elena, Jos\u00e9 Ram\u00edrez, asisti\u00f3, el 7 de diciembre, a la presentaci\u00f3n del Plan Estrat\u00e9gico Institucional de la Funci\u00f3n Judicial, realizado en el auditorio de la Universidad Pen\u00ednsula de Santa Elena, con la asistencia de la delegada del Consejo de la Judicatura, Patricia Mor\u00e1n y el presidente de la Corte Provincial de Justicia, Kleber Franco.<\/p>\n<p>De igual manera, el 5 de diciembre, particip\u00f3 en el Cine-Foro \u201cUnidos contra la corrupci\u00f3n\u201d, que se desarroll\u00f3 en la Universidad Pen\u00ednsula de Santa Elena.<\/p>\n<p>Finalmente, el 3 de diciembre, el Defensor P\u00fablico Provincial asisti\u00f3 a la sesi\u00f3n solmene por el IX de creaci\u00f3n del Consejo de la Judicatura de Santa Elena.<\/p>\n<p>[\/et_pb_text][et_pb_gallery _builder_version=\u00bb3.15&#8243; gallery_ids=\u00bb1700,1701,1702&#8243; posts_number=\u00bb3&#8243; zoom_icon_color=\u00bb#00a3c1&#8243; hover_overlay_color=\u00bbrgba(255,255,255,0.9)\u00bb \/][\/et_pb_column][et_pb_column type=\u00bb1_4&#8243;][et_pb_sidebar _builder_version=\u00bb3.15&#8243; area=\u00bbsidebar-1&#8243; \/][\/et_pb_column][\/et_pb_row][\/et_pb_section]<\/p>\n","protected":false},"excerpt":{"rendered":"<p><div class=\"et_pb_row et_pb_row_0 et_pb_row_empty\">\n\t\t\t\t\n\t\t\t\t\n\t\t\t\t\n\t\t\t\t\n\t\t\t\t\n\t\t\t<\/div> El defensor p\u00fablico provincial de Santa Elena, Jos\u00e9 Ram\u00edrez, asisti\u00f3, el 7 de diciembre, a la presentaci\u00f3n del Plan Estrat\u00e9gico Institucional de la Funci\u00f3n Judicial, realizado en el auditorio [&hellip;]<\/p>\n","protected":false},"author":1,"featured_media":1700,"comment_status":"open","ping_status":"closed","template":"","meta":{"_et_pb_use_builder":"on","_et_pb_old_content":"","_et_gb_content_width":"","footnotes":""},"project_category":[8],"project_tag":[],"class_list":["post-1699","project","type-project","status-publish","has-post-thumbnail","hentry","project_category-cerca-a-ti"],"_links":{"self":[{"href":"https:\/\/www.defensoria.gob.ec\/index.php?rest_route=\/wp\/v2\/project\/1699","targetHints":{"allow":["GET"]}}],"collection":[{"href":"https:\/\/www.defensoria.gob.ec\/index.php?rest_route=\/wp\/v2\/project"}],"about":[{"href":"https:\/\/www.defensoria.gob.ec\/index.php?rest_route=\/wp\/v2\/types\/project"}],"author":[{"embeddable":true,"href":"https:\/\/www.defensoria.gob.ec\/index.php?rest_route=\/wp\/v2\/users\/1"}],"replies":[{"embeddable":true,"href":"https:\/\/www.defensoria.gob.ec\/index.php?rest_route=%2Fwp%2Fv2%2Fcomments&post=1699"}],"version-history":[{"count":0,"href":"https:\/\/www.defensoria.gob.ec\/index.php?rest_route=\/wp\/v2\/project\/1699\/revisions"}],"wp:featuredmedia":[{"embeddable":true,"href":"https:\/\/www.defensoria.gob.ec\/index.php?rest_route=\/wp\/v2\/media\/1700"}],"wp:attachment":[{"href":"https:\/\/www.defensoria.gob.ec\/index.php?rest_route=%2Fwp%2Fv2%2Fmedia&parent=1699"}],"wp:term":[{"taxonomy":"project_category","embeddable":true,"href":"https:\/\/www.defensoria.gob.ec\/index.php?rest_route=%2Fwp%2Fv2%2Fproject_category&post=1699"},{"taxonomy":"project_tag","embeddable":true,"href":"https:\/\/www.defensoria.gob.ec\/index.php?rest_route=%2Fwp%2Fv2%2Fproject_tag&post=1699"}],"curies":[{"name":"wp","href":"https:\/\/api.w.org\/{rel}","templated":true}]}}

Santa Elena: se presentó el Plan Estratégico Institucional de la Función Judicial

<p>[et_pb_section bb_built=»1&#8243;][et_pb_row][et_pb_column type=»3_4&#8243;][et_pb_post_title _builder_version=»3.15&#8243; meta=»off» featured_image=»off» /][et_pb_text _builder_version=»3.15&#8243; text_orientation=»justified»]</p>
<p>El defensor público provincial de Santa Elena, José Ramírez, asistió, el 7 de diciembre, a la presentación del Plan Estratégico Institucional de la Función Judicial, realizado en el auditorio de la Universidad Península de Santa Elena, con la asistencia de la delegada del Consejo de la Judicatura, Patricia Morán y el presidente de la Corte Provincial de Justicia, Kleber Franco.</p>
<p>De igual manera, el 5 de diciembre, participó en el Cine-Foro “Unidos contra la corrupción”, que se desarrolló en la Universidad Península de Santa Elena.</p>
<p>Finalmente, el 3 de diciembre, el Defensor Público Provincial asistió a la sesión solmene por el IX de creación del Consejo de la Judicatura de Santa Elena.</p>
<p>[/et_pb_text][et_pb_gallery _builder_version=»3.15&#8243; gallery_ids=»1700,1701,1702&#8243; posts_number=»3&#8243; zoom_icon_color=»#00a3c1&#8243; hover_overlay_color=»rgba(255,255,255,0.9)» /][/et_pb_column][et_pb_column type=»1_4&#8243;][et_pb_sidebar _builder_version=»3.15&#8243; area=»sidebar-1&#8243; /][/et_pb_column][/et_pb_row][/et_pb_section]</p>

<p><div class="et_pb_row et_pb_row_0 et_pb_row_empty">
				
				
				
				
				
			</div> El defensor público provincial de Santa Elena, José Ramírez, asistió, el 7 de diciembre, a la presentación del Plan Estratégico Institucional de la Función Judicial, realizado en el auditorio [&hellip;]</p>
