{"id":1696,"date":"2018-12-11T21:10:21","date_gmt":"2018-12-11T21:10:21","guid":{"rendered":"https:\/\/www.defensoria.gob.ec\/?post_type=project&#038;p=1696"},"modified":"2018-12-11T21:16:20","modified_gmt":"2018-12-11T21:16:20","slug":"sucumbios-se-entrego-asesoria-legal-en-el-crs-de-varones","status":"publish","type":"project","link":"https:\/\/www.defensoria.gob.ec\/?project=sucumbios-se-entrego-asesoria-legal-en-el-crs-de-varones","title":{"rendered":"Sucumb\u00edos: se entreg\u00f3 asesor\u00eda legal  en el CRS de varones"},"content":{"rendered":"<p>[et_pb_section bb_built=\u00bb1&#8243;][et_pb_row][et_pb_column type=\u00bb3_4&#8243;][et_pb_post_title _builder_version=\u00bb3.15&#8243; meta=\u00bboff\u00bb featured_image=\u00bboff\u00bb \/][et_pb_text _builder_version=\u00bb3.15&#8243; text_orientation=\u00bbjustified\u00bb]<\/p>\n<p>Cumpliendo con el cronograma de difusi\u00f3n de servicios planteado por la Defensor\u00eda P\u00fablica de Sucumb\u00edos, el 6\u00a0 diciembre, la defensora p\u00fablica provincial,\u00a0 Edilma Borja y los defensores, H\u00f3lger L\u00f3pez y Jos\u00e9 Robayo, visitaron el Centro de Rehabilitaci\u00f3n Social de Varones de Sucumb\u00edos e informaron a 60 personas privadas de la libertad los requisitos para acceder a los beneficios penitenciarios y los servicios gratuitos que ofrece la Instituci\u00f3n.<\/p>\n<p>Las brigadas de visita a los centro de privaci\u00f3n de libertad permiten que se garantice el acceso a la justicia de este grupo de atenci\u00f3n prioritaria.<\/p>\n<p>[\/et_pb_text][et_pb_gallery _builder_version=\u00bb3.15&#8243; gallery_ids=\u00bb1697&#8243; zoom_icon_color=\u00bb#00a3c1&#8243; hover_overlay_color=\u00bbrgba(255,255,255,0.9)\u00bb \/][\/et_pb_column][et_pb_column type=\u00bb1_4&#8243;][et_pb_sidebar _builder_version=\u00bb3.15&#8243; area=\u00bbsidebar-1&#8243; \/][\/et_pb_column][\/et_pb_row][\/et_pb_section]<\/p>\n","protected":false},"excerpt":{"rendered":"<p><div class=\"et_pb_row et_pb_row_0 et_pb_row_empty\">\n\t\t\t\t\n\t\t\t\t\n\t\t\t\t\n\t\t\t\t\n\t\t\t\t\n\t\t\t<\/div> Cumpliendo con el cronograma de difusi\u00f3n de servicios planteado por la Defensor\u00eda P\u00fablica de Sucumb\u00edos, el 6\u00a0 diciembre, la defensora p\u00fablica provincial,\u00a0 Edilma Borja y los defensores, H\u00f3lger L\u00f3pez [&hellip;]<\/p>\n","protected":false},"author":1,"featured_media":1697,"comment_status":"open","ping_status":"closed","template":"","meta":{"_et_pb_use_builder":"on","_et_pb_old_content":"","_et_gb_content_width":"","footnotes":""},"project_category":[8],"project_tag":[],"class_list":["post-1696","project","type-project","status-publish","has-post-thumbnail","hentry","project_category-cerca-a-ti"],"_links":{"self":[{"href":"https:\/\/www.defensoria.gob.ec\/index.php?rest_route=\/wp\/v2\/project\/1696","targetHints":{"allow":["GET"]}}],"collection":[{"href":"https:\/\/www.defensoria.gob.ec\/index.php?rest_route=\/wp\/v2\/project"}],"about":[{"href":"https:\/\/www.defensoria.gob.ec\/index.php?rest_route=\/wp\/v2\/types\/project"}],"author":[{"embeddable":true,"href":"https:\/\/www.defensoria.gob.ec\/index.php?rest_route=\/wp\/v2\/users\/1"}],"replies":[{"embeddable":true,"href":"https:\/\/www.defensoria.gob.ec\/index.php?rest_route=%2Fwp%2Fv2%2Fcomments&post=1696"}],"version-history":[{"count":0,"href":"https:\/\/www.defensoria.gob.ec\/index.php?rest_route=\/wp\/v2\/project\/1696\/revisions"}],"wp:featuredmedia":[{"embeddable":true,"href":"https:\/\/www.defensoria.gob.ec\/index.php?rest_route=\/wp\/v2\/media\/1697"}],"wp:attachment":[{"href":"https:\/\/www.defensoria.gob.ec\/index.php?rest_route=%2Fwp%2Fv2%2Fmedia&parent=1696"}],"wp:term":[{"taxonomy":"project_category","embeddable":true,"href":"https:\/\/www.defensoria.gob.ec\/index.php?rest_route=%2Fwp%2Fv2%2Fproject_category&post=1696"},{"taxonomy":"project_tag","embeddable":true,"href":"https:\/\/www.defensoria.gob.ec\/index.php?rest_route=%2Fwp%2Fv2%2Fproject_tag&post=1696"}],"curies":[{"name":"wp","href":"https:\/\/api.w.org\/{rel}","templated":true}]}}

Sucumbíos: se entregó asesoría legal  en el CRS de varones

<p>[et_pb_section bb_built=»1&#8243;][et_pb_row][et_pb_column type=»3_4&#8243;][et_pb_post_title _builder_version=»3.15&#8243; meta=»off» featured_image=»off» /][et_pb_text _builder_version=»3.15&#8243; text_orientation=»justified»]</p>
<p>Cumpliendo con el cronograma de difusión de servicios planteado por la Defensoría Pública de Sucumbíos, el 6  diciembre, la defensora pública provincial,  Edilma Borja y los defensores, Hólger López y José Robayo, visitaron el Centro de Rehabilitación Social de Varones de Sucumbíos e informaron a 60 personas privadas de la libertad los requisitos para acceder a los beneficios penitenciarios y los servicios gratuitos que ofrece la Institución.</p>
<p>Las brigadas de visita a los centro de privación de libertad permiten que se garantice el acceso a la justicia de este grupo de atención prioritaria.</p>
<p>[/et_pb_text][et_pb_gallery _builder_version=»3.15&#8243; gallery_ids=»1697&#8243; zoom_icon_color=»#00a3c1&#8243; hover_overlay_color=»rgba(255,255,255,0.9)» /][/et_pb_column][et_pb_column type=»1_4&#8243;][et_pb_sidebar _builder_version=»3.15&#8243; area=»sidebar-1&#8243; /][/et_pb_column][/et_pb_row][/et_pb_section]</p>

<p><div class="et_pb_row et_pb_row_0 et_pb_row_empty">
				
				
				
				
				
			</div> Cumpliendo con el cronograma de difusión de servicios planteado por la Defensoría Pública de Sucumbíos, el 6  diciembre, la defensora pública provincial,  Edilma Borja y los defensores, Hólger López [&hellip;]</p>
