{"id":1693,"date":"2018-12-11T21:08:22","date_gmt":"2018-12-11T21:08:22","guid":{"rendered":"https:\/\/www.defensoria.gob.ec\/?post_type=project&#038;p=1693"},"modified":"2018-12-11T21:08:22","modified_gmt":"2018-12-11T21:08:22","slug":"azuay-evaluo-la-atencion-a-los-usuarios","status":"publish","type":"project","link":"https:\/\/www.defensoria.gob.ec\/?project=azuay-evaluo-la-atencion-a-los-usuarios","title":{"rendered":"Azuay: evalu\u00f3 la atenci\u00f3n a los usuarios"},"content":{"rendered":"<p>[et_pb_section bb_built=\u00bb1&#8243;][et_pb_row][et_pb_column type=\u00bb3_4&#8243;][et_pb_post_title _builder_version=\u00bb3.15&#8243; meta=\u00bboff\u00bb featured_image=\u00bboff\u00bb \/][et_pb_text _builder_version=\u00bb3.15&#8243; text_orientation=\u00bbjustified\u00bb]<\/p>\n<p>El 6 de diciembre, en las oficinas de la Defensor\u00eda Provincial del Azuay, se llev\u00f3 a cabo\u00a0 una reuni\u00f3n de trabajo coordinada por Diana \u00c1vila, defensora p\u00fablica provincial, con los funcionarios del \u00e1rea de Patrocinio Social.<\/p>\n<p>En la cita se analizaron opciones para mejorar el servicio a los usuarios, con \u00e9nfasis en la calidad, para asegurar que se brinde una asesor\u00eda t\u00e9cnica, oportuna y eficaz a las personas que m\u00e1s lo necesitan.<\/p>\n<p>[\/et_pb_text][et_pb_gallery _builder_version=\u00bb3.15&#8243; gallery_ids=\u00bb1694&#8243; posts_number=\u00bb3&#8243; zoom_icon_color=\u00bb#00a3c1&#8243; hover_overlay_color=\u00bbrgba(255,255,255,0.9)\u00bb \/][\/et_pb_column][et_pb_column type=\u00bb1_4&#8243;][et_pb_sidebar _builder_version=\u00bb3.15&#8243; area=\u00bbsidebar-1&#8243; \/][\/et_pb_column][\/et_pb_row][\/et_pb_section]<\/p>\n","protected":false},"excerpt":{"rendered":"<p><div class=\"et_pb_row et_pb_row_0 et_pb_row_empty\">\n\t\t\t\t\n\t\t\t\t\n\t\t\t\t\n\t\t\t\t\n\t\t\t\t\n\t\t\t<\/div> El 6 de diciembre, en las oficinas de la Defensor\u00eda Provincial del Azuay, se llev\u00f3 a cabo\u00a0 una reuni\u00f3n de trabajo coordinada por Diana \u00c1vila, defensora p\u00fablica provincial, con [&hellip;]<\/p>\n","protected":false},"author":1,"featured_media":1694,"comment_status":"open","ping_status":"closed","template":"","meta":{"_et_pb_use_builder":"on","_et_pb_old_content":"","_et_gb_content_width":"","footnotes":""},"project_category":[8],"project_tag":[],"class_list":["post-1693","project","type-project","status-publish","has-post-thumbnail","hentry","project_category-cerca-a-ti"],"_links":{"self":[{"href":"https:\/\/www.defensoria.gob.ec\/index.php?rest_route=\/wp\/v2\/project\/1693","targetHints":{"allow":["GET"]}}],"collection":[{"href":"https:\/\/www.defensoria.gob.ec\/index.php?rest_route=\/wp\/v2\/project"}],"about":[{"href":"https:\/\/www.defensoria.gob.ec\/index.php?rest_route=\/wp\/v2\/types\/project"}],"author":[{"embeddable":true,"href":"https:\/\/www.defensoria.gob.ec\/index.php?rest_route=\/wp\/v2\/users\/1"}],"replies":[{"embeddable":true,"href":"https:\/\/www.defensoria.gob.ec\/index.php?rest_route=%2Fwp%2Fv2%2Fcomments&post=1693"}],"version-history":[{"count":0,"href":"https:\/\/www.defensoria.gob.ec\/index.php?rest_route=\/wp\/v2\/project\/1693\/revisions"}],"wp:featuredmedia":[{"embeddable":true,"href":"https:\/\/www.defensoria.gob.ec\/index.php?rest_route=\/wp\/v2\/media\/1694"}],"wp:attachment":[{"href":"https:\/\/www.defensoria.gob.ec\/index.php?rest_route=%2Fwp%2Fv2%2Fmedia&parent=1693"}],"wp:term":[{"taxonomy":"project_category","embeddable":true,"href":"https:\/\/www.defensoria.gob.ec\/index.php?rest_route=%2Fwp%2Fv2%2Fproject_category&post=1693"},{"taxonomy":"project_tag","embeddable":true,"href":"https:\/\/www.defensoria.gob.ec\/index.php?rest_route=%2Fwp%2Fv2%2Fproject_tag&post=1693"}],"curies":[{"name":"wp","href":"https:\/\/api.w.org\/{rel}","templated":true}]}}

Azuay: evaluó la atención a los usuarios

<p>[et_pb_section bb_built=»1&#8243;][et_pb_row][et_pb_column type=»3_4&#8243;][et_pb_post_title _builder_version=»3.15&#8243; meta=»off» featured_image=»off» /][et_pb_text _builder_version=»3.15&#8243; text_orientation=»justified»]</p>
<p>El 6 de diciembre, en las oficinas de la Defensoría Provincial del Azuay, se llevó a cabo  una reunión de trabajo coordinada por Diana Ávila, defensora pública provincial, con los funcionarios del área de Patrocinio Social.</p>
<p>En la cita se analizaron opciones para mejorar el servicio a los usuarios, con énfasis en la calidad, para asegurar que se brinde una asesoría técnica, oportuna y eficaz a las personas que más lo necesitan.</p>
<p>[/et_pb_text][et_pb_gallery _builder_version=»3.15&#8243; gallery_ids=»1694&#8243; posts_number=»3&#8243; zoom_icon_color=»#00a3c1&#8243; hover_overlay_color=»rgba(255,255,255,0.9)» /][/et_pb_column][et_pb_column type=»1_4&#8243;][et_pb_sidebar _builder_version=»3.15&#8243; area=»sidebar-1&#8243; /][/et_pb_column][/et_pb_row][/et_pb_section]</p>

<p><div class="et_pb_row et_pb_row_0 et_pb_row_empty">
				
				
				
				
				
			</div> El 6 de diciembre, en las oficinas de la Defensoría Provincial del Azuay, se llevó a cabo  una reunión de trabajo coordinada por Diana Ávila, defensora pública provincial, con [&hellip;]</p>
