{"id":1643,"date":"2018-12-06T17:38:17","date_gmt":"2018-12-06T17:38:17","guid":{"rendered":"https:\/\/www.defensoria.gob.ec\/?post_type=project&#038;p=1643"},"modified":"2018-12-06T17:38:17","modified_gmt":"2018-12-06T17:38:17","slug":"imbabura-se-realizo-un-foro-sobre-violencia-de-genero-intrafamiliar-y-sexual","status":"publish","type":"project","link":"https:\/\/www.defensoria.gob.ec\/?project=imbabura-se-realizo-un-foro-sobre-violencia-de-genero-intrafamiliar-y-sexual","title":{"rendered":"Imbabura: se realiz\u00f3 un foro sobre violencia de g\u00e9nero, intrafamiliar y sexual"},"content":{"rendered":"<p>[et_pb_section bb_built=\u00bb1&#8243;][et_pb_row][et_pb_column type=\u00bb3_4&#8243;][et_pb_post_title _builder_version=\u00bb3.15&#8243; meta=\u00bboff\u00bb featured_image=\u00bboff\u00bb \/][et_pb_text _builder_version=\u00bb3.15&#8243; text_orientation=\u00bbjustified\u00bb]<\/p>\n<p>En el marco de la conmemoraci\u00f3n del D\u00eda Internacional para la Eliminaci\u00f3n de la Violencia contra la Mujer, el 27 de noviembre, en Ibarra, se llev\u00f3 a cabo el foro \u201cViolencia de G\u00e9nero, Intrafamiliar y Sexual\u201d.<\/p>\n<p>Dicho evento fue organizado por la Defensor\u00eda P\u00fablica de Imbabura con la coordinaci\u00f3n de Ernesto Espinosa Venegas, defensor p\u00fablico provincial de Imbabura, y con la participaci\u00f3n del Consejo de la Judicatura y la Fiscal\u00eda; como miembros de la red provincial de protecci\u00f3n de casos de violencia de g\u00e9nero.<\/p>\n<p>Durante el evento estudiantes y representantes de las diferentes universidades de la provincia debatieron entorno al tema. Se cont\u00f3 con la participaci\u00f3n de expertos como Jos\u00e9 Antonio Vergara, defensor p\u00fablico, Yolanda Mu\u00f1oz Herrera, representante de la Fiscal\u00eda; y Elizabeth Andrade, jueza de la Unidad Judicial de Violencia; quienes mencionaron aunar esfuerzos y seguir trabajando ante esta problem\u00e1tica mediante la ejecuci\u00f3n de programa.<\/p>\n<p>Por su parte, Ernesto Espinosa Venegas, defensor p\u00fablico provincial de Imbabura, recalc\u00f3 la importancia de estos espacios como un encuentro donde la ciudadan\u00eda puede proponer alternativas para erradicar esta problem\u00e1tica social.<\/p>\n<p>[\/et_pb_text][et_pb_gallery _builder_version=\u00bb3.15&#8243; gallery_ids=\u00bb1644,1645&#8243; posts_number=\u00bb3&#8243; zoom_icon_color=\u00bb#00a3c1&#8243; hover_overlay_color=\u00bbrgba(255,255,255,0.9)\u00bb \/][\/et_pb_column][et_pb_column type=\u00bb1_4&#8243;][et_pb_sidebar _builder_version=\u00bb3.15&#8243; area=\u00bbsidebar-1&#8243; \/][\/et_pb_column][\/et_pb_row][\/et_pb_section]<\/p>\n","protected":false},"excerpt":{"rendered":"<p><div class=\"et_pb_row et_pb_row_0 et_pb_row_empty\">\n\t\t\t\t\n\t\t\t\t\n\t\t\t\t\n\t\t\t\t\n\t\t\t\t\n\t\t\t<\/div> En el marco de la conmemoraci\u00f3n del D\u00eda Internacional para la Eliminaci\u00f3n de la Violencia contra la Mujer, el 27 de noviembre, en Ibarra, se llev\u00f3 a cabo el [&hellip;]<\/p>\n","protected":false},"author":1,"featured_media":1644,"comment_status":"open","ping_status":"closed","template":"","meta":{"_et_pb_use_builder":"on","_et_pb_old_content":"","_et_gb_content_width":"","footnotes":""},"project_category":[8],"project_tag":[],"class_list":["post-1643","project","type-project","status-publish","has-post-thumbnail","hentry","project_category-cerca-a-ti"],"_links":{"self":[{"href":"https:\/\/www.defensoria.gob.ec\/index.php?rest_route=\/wp\/v2\/project\/1643","targetHints":{"allow":["GET"]}}],"collection":[{"href":"https:\/\/www.defensoria.gob.ec\/index.php?rest_route=\/wp\/v2\/project"}],"about":[{"href":"https:\/\/www.defensoria.gob.ec\/index.php?rest_route=\/wp\/v2\/types\/project"}],"author":[{"embeddable":true,"href":"https:\/\/www.defensoria.gob.ec\/index.php?rest_route=\/wp\/v2\/users\/1"}],"replies":[{"embeddable":true,"href":"https:\/\/www.defensoria.gob.ec\/index.php?rest_route=%2Fwp%2Fv2%2Fcomments&post=1643"}],"version-history":[{"count":0,"href":"https:\/\/www.defensoria.gob.ec\/index.php?rest_route=\/wp\/v2\/project\/1643\/revisions"}],"wp:featuredmedia":[{"embeddable":true,"href":"https:\/\/www.defensoria.gob.ec\/index.php?rest_route=\/wp\/v2\/media\/1644"}],"wp:attachment":[{"href":"https:\/\/www.defensoria.gob.ec\/index.php?rest_route=%2Fwp%2Fv2%2Fmedia&parent=1643"}],"wp:term":[{"taxonomy":"project_category","embeddable":true,"href":"https:\/\/www.defensoria.gob.ec\/index.php?rest_route=%2Fwp%2Fv2%2Fproject_category&post=1643"},{"taxonomy":"project_tag","embeddable":true,"href":"https:\/\/www.defensoria.gob.ec\/index.php?rest_route=%2Fwp%2Fv2%2Fproject_tag&post=1643"}],"curies":[{"name":"wp","href":"https:\/\/api.w.org\/{rel}","templated":true}]}}

Imbabura: se realizó un foro sobre violencia de género, intrafamiliar y sexual

<p>[et_pb_section bb_built=»1&#8243;][et_pb_row][et_pb_column type=»3_4&#8243;][et_pb_post_title _builder_version=»3.15&#8243; meta=»off» featured_image=»off» /][et_pb_text _builder_version=»3.15&#8243; text_orientation=»justified»]</p>
<p>En el marco de la conmemoración del Día Internacional para la Eliminación de la Violencia contra la Mujer, el 27 de noviembre, en Ibarra, se llevó a cabo el foro “Violencia de Género, Intrafamiliar y Sexual”.</p>
<p>Dicho evento fue organizado por la Defensoría Pública de Imbabura con la coordinación de Ernesto Espinosa Venegas, defensor público provincial de Imbabura, y con la participación del Consejo de la Judicatura y la Fiscalía; como miembros de la red provincial de protección de casos de violencia de género.</p>
<p>Durante el evento estudiantes y representantes de las diferentes universidades de la provincia debatieron entorno al tema. Se contó con la participación de expertos como José Antonio Vergara, defensor público, Yolanda Muñoz Herrera, representante de la Fiscalía; y Elizabeth Andrade, jueza de la Unidad Judicial de Violencia; quienes mencionaron aunar esfuerzos y seguir trabajando ante esta problemática mediante la ejecución de programa.</p>
<p>Por su parte, Ernesto Espinosa Venegas, defensor público provincial de Imbabura, recalcó la importancia de estos espacios como un encuentro donde la ciudadanía puede proponer alternativas para erradicar esta problemática social.</p>
<p>[/et_pb_text][et_pb_gallery _builder_version=»3.15&#8243; gallery_ids=»1644,1645&#8243; posts_number=»3&#8243; zoom_icon_color=»#00a3c1&#8243; hover_overlay_color=»rgba(255,255,255,0.9)» /][/et_pb_column][et_pb_column type=»1_4&#8243;][et_pb_sidebar _builder_version=»3.15&#8243; area=»sidebar-1&#8243; /][/et_pb_column][/et_pb_row][/et_pb_section]</p>

<p><div class="et_pb_row et_pb_row_0 et_pb_row_empty">
				
				
				
				
				
			</div> En el marco de la conmemoración del Día Internacional para la Eliminación de la Violencia contra la Mujer, el 27 de noviembre, en Ibarra, se llevó a cabo el [&hellip;]</p>
