{"id":1625,"date":"2018-12-06T17:26:55","date_gmt":"2018-12-06T17:26:55","guid":{"rendered":"https:\/\/www.defensoria.gob.ec\/?post_type=project&#038;p=1625"},"modified":"2018-12-06T17:41:26","modified_gmt":"2018-12-06T17:41:26","slug":"bolivar-se-realizaron-reuniones-con-el-consejo-de-la-judicatura","status":"publish","type":"project","link":"https:\/\/www.defensoria.gob.ec\/?project=bolivar-se-realizaron-reuniones-con-el-consejo-de-la-judicatura","title":{"rendered":"Bol\u00edvar: se realizaron reuniones con el Consejo de la Judicatura"},"content":{"rendered":"<p>[et_pb_section bb_built=\u00bb1&#8243;][et_pb_row][et_pb_column type=\u00bb3_4&#8243;][et_pb_post_title _builder_version=\u00bb3.15&#8243; meta=\u00bboff\u00bb featured_image=\u00bboff\u00bb \/][et_pb_text _builder_version=\u00bb3.15&#8243; text_orientation=\u00bbjustified\u00bb]<\/p>\n<p>El 29 de noviembre, el defensor p\u00fablico provincial, Mauricio Avil\u00e9s, atendi\u00f3 la invitaci\u00f3n realizada por el Consejo de la Judicatura sobre los procedimientos establecidos en el C\u00f3digo Org\u00e1nico Integral Penal (COIP). La convocatoria reuni\u00f3 a los operadores de la justicia de Bol\u00edvar, entre ellos, Hern\u00e1n Cherres, presidente de la Corte Provincial; Max Jim\u00e9nez, delegado provincial del Consejo de la Judicatura; y Mar\u00eda del Pilar, fiscal provincial.<\/p>\n<p>El encuentro fue realizado en la Casa de la Cultura Benjam\u00edn Carri\u00f3n, N\u00facleo de Bol\u00edvar.<\/p>\n<p>Y el 28 de noviembre hubo una reuni\u00f3n de car\u00e1cter similar entre la Defensor\u00eda P\u00fablica de Bol\u00edvar y el Consejo de la Judicatura. Asistieron sus titulares, el defensor provincial y el delegado de la Judicatura. El motivo fue mantener los acuerdos de ambas entidades p\u00fablicas para el beneficio de la ciudadan\u00eda bolivarense.<\/p>\n<audio class=\"wp-audio-shortcode\" id=\"audio-1625-1\" preload=\"none\" style=\"width: 100%;\" controls=\"controls\"><source type=\"audio\/mpeg\" src=\"https:\/\/www.defensoria.gob.ec\/wp-content\/uploads\/2018\/12\/bolivar.mp3?_=1\" \/><a href=\"https:\/\/www.defensoria.gob.ec\/wp-content\/uploads\/2018\/12\/bolivar.mp3\">https:\/\/www.defensoria.gob.ec\/wp-content\/uploads\/2018\/12\/bolivar.mp3<\/a><\/audio>\n<p>[\/et_pb_text][et_pb_gallery _builder_version=\u00bb3.15&#8243; gallery_ids=\u00bb1627,1628&#8243; posts_number=\u00bb3&#8243; zoom_icon_color=\u00bb#00a3c1&#8243; hover_overlay_color=\u00bbrgba(255,255,255,0.9)\u00bb \/][\/et_pb_column][et_pb_column type=\u00bb1_4&#8243;][et_pb_sidebar _builder_version=\u00bb3.15&#8243; area=\u00bbsidebar-1&#8243; \/][\/et_pb_column][\/et_pb_row][\/et_pb_section]<\/p>\n","protected":false},"excerpt":{"rendered":"<p><div class=\"et_pb_row et_pb_row_0 et_pb_row_empty\">\n\t\t\t\t\n\t\t\t\t\n\t\t\t\t\n\t\t\t\t\n\t\t\t\t\n\t\t\t<\/div> El 29 de noviembre, el defensor p\u00fablico provincial, Mauricio Avil\u00e9s, atendi\u00f3 la invitaci\u00f3n realizada por el Consejo de la Judicatura sobre los procedimientos establecidos en el C\u00f3digo Org\u00e1nico Integral [&hellip;]<\/p>\n","protected":false},"author":1,"featured_media":1627,"comment_status":"open","ping_status":"closed","template":"","meta":{"_et_pb_use_builder":"on","_et_pb_old_content":"","_et_gb_content_width":"","footnotes":""},"project_category":[8],"project_tag":[],"class_list":["post-1625","project","type-project","status-publish","has-post-thumbnail","hentry","project_category-cerca-a-ti"],"_links":{"self":[{"href":"https:\/\/www.defensoria.gob.ec\/index.php?rest_route=\/wp\/v2\/project\/1625","targetHints":{"allow":["GET"]}}],"collection":[{"href":"https:\/\/www.defensoria.gob.ec\/index.php?rest_route=\/wp\/v2\/project"}],"about":[{"href":"https:\/\/www.defensoria.gob.ec\/index.php?rest_route=\/wp\/v2\/types\/project"}],"author":[{"embeddable":true,"href":"https:\/\/www.defensoria.gob.ec\/index.php?rest_route=\/wp\/v2\/users\/1"}],"replies":[{"embeddable":true,"href":"https:\/\/www.defensoria.gob.ec\/index.php?rest_route=%2Fwp%2Fv2%2Fcomments&post=1625"}],"version-history":[{"count":0,"href":"https:\/\/www.defensoria.gob.ec\/index.php?rest_route=\/wp\/v2\/project\/1625\/revisions"}],"wp:featuredmedia":[{"embeddable":true,"href":"https:\/\/www.defensoria.gob.ec\/index.php?rest_route=\/wp\/v2\/media\/1627"}],"wp:attachment":[{"href":"https:\/\/www.defensoria.gob.ec\/index.php?rest_route=%2Fwp%2Fv2%2Fmedia&parent=1625"}],"wp:term":[{"taxonomy":"project_category","embeddable":true,"href":"https:\/\/www.defensoria.gob.ec\/index.php?rest_route=%2Fwp%2Fv2%2Fproject_category&post=1625"},{"taxonomy":"project_tag","embeddable":true,"href":"https:\/\/www.defensoria.gob.ec\/index.php?rest_route=%2Fwp%2Fv2%2Fproject_tag&post=1625"}],"curies":[{"name":"wp","href":"https:\/\/api.w.org\/{rel}","templated":true}]}}

Bolívar: se realizaron reuniones con el Consejo de la Judicatura

<p>[et_pb_section bb_built=»1&#8243;][et_pb_row][et_pb_column type=»3_4&#8243;][et_pb_post_title _builder_version=»3.15&#8243; meta=»off» featured_image=»off» /][et_pb_text _builder_version=»3.15&#8243; text_orientation=»justified»]</p>
<p>El 29 de noviembre, el defensor público provincial, Mauricio Avilés, atendió la invitación realizada por el Consejo de la Judicatura sobre los procedimientos establecidos en el Código Orgánico Integral Penal (COIP). La convocatoria reunió a los operadores de la justicia de Bolívar, entre ellos, Hernán Cherres, presidente de la Corte Provincial; Max Jiménez, delegado provincial del Consejo de la Judicatura; y María del Pilar, fiscal provincial.</p>
<p>El encuentro fue realizado en la Casa de la Cultura Benjamín Carrión, Núcleo de Bolívar.</p>
<p>Y el 28 de noviembre hubo una reunión de carácter similar entre la Defensoría Pública de Bolívar y el Consejo de la Judicatura. Asistieron sus titulares, el defensor provincial y el delegado de la Judicatura. El motivo fue mantener los acuerdos de ambas entidades públicas para el beneficio de la ciudadanía bolivarense.</p>
<audio class="wp-audio-shortcode" id="audio-1625-1" preload="none" style="width: 100%;" controls="controls"><source type="audio/mpeg" src="https://www.defensoria.gob.ec/wp-content/uploads/2018/12/bolivar.mp3?_=1" /><a href="https://www.defensoria.gob.ec/wp-content/uploads/2018/12/bolivar.mp3">https://www.defensoria.gob.ec/wp-content/uploads/2018/12/bolivar.mp3</a></audio>
<p>[/et_pb_text][et_pb_gallery _builder_version=»3.15&#8243; gallery_ids=»1627,1628&#8243; posts_number=»3&#8243; zoom_icon_color=»#00a3c1&#8243; hover_overlay_color=»rgba(255,255,255,0.9)» /][/et_pb_column][et_pb_column type=»1_4&#8243;][et_pb_sidebar _builder_version=»3.15&#8243; area=»sidebar-1&#8243; /][/et_pb_column][/et_pb_row][/et_pb_section]</p>

<p><div class="et_pb_row et_pb_row_0 et_pb_row_empty">
				
				
				
				
				
			</div> El 29 de noviembre, el defensor público provincial, Mauricio Avilés, atendió la invitación realizada por el Consejo de la Judicatura sobre los procedimientos establecidos en el Código Orgánico Integral [&hellip;]</p>
