{"id":1618,"date":"2018-12-06T17:20:44","date_gmt":"2018-12-06T17:20:44","guid":{"rendered":"https:\/\/www.defensoria.gob.ec\/?post_type=project&#038;p=1618"},"modified":"2018-12-06T17:20:44","modified_gmt":"2018-12-06T17:20:44","slug":"azuay-renovacion-de-cjg-y-ferias-ciudadanas","status":"publish","type":"project","link":"https:\/\/www.defensoria.gob.ec\/?project=azuay-renovacion-de-cjg-y-ferias-ciudadanas","title":{"rendered":"Azuay: renovaci\u00f3n de CJG y ferias ciudadanas"},"content":{"rendered":"<p>[et_pb_section bb_built=\u00bb1&#8243;][et_pb_row][et_pb_column type=\u00bb3_4&#8243;][et_pb_post_title _builder_version=\u00bb3.15&#8243; meta=\u00bboff\u00bb featured_image=\u00bboff\u00bb \/][et_pb_text _builder_version=\u00bb3.15&#8243; text_orientation=\u00bbjustified\u00bb]<\/p>\n<p>El 27 de noviembre, en el Consultorio Jur\u00eddico Gratuito de la Universidad de Cuenca, \u201cGerardo Cordero y Le\u00f3n\u201d, Diana \u00c1vila, defensora p\u00fablica provincial del Azuay, en compa\u00f1\u00eda de Juan Carlos Solano, defensor p\u00fablico Regional del Austro; realiz\u00f3 la entrega del certificado de Acreditaci\u00f3n de Funcionamiento a Susana C\u00e1rdenas, directora del consultorio.<\/p>\n<p>Por otro lado, el 29 de noviembre, en el Parque Calder\u00f3n de Cuenca, tuvo lugar el evento \u201cJuntos por la Transparencia\u201d, convocado por la Secretar\u00eda de Gesti\u00f3n Pol\u00edtica. La actividad estuvo dedicada al pacto por la transparencia y lucha contra la corrupci\u00f3n. De la misma manera, asistieron las autoridades provincial y regional.\u00a0 Finalmente, el 30 de noviembre, hubo una difusi\u00f3n de servicios en el cant\u00f3n Gualaceo. Los funcionarios\u00a0 atendieron consultas legales y repartieron material institucional a los presentes.<\/p>\n<audio class=\"wp-audio-shortcode\" id=\"audio-1618-1\" preload=\"none\" style=\"width: 100%;\" controls=\"controls\"><source type=\"audio\/mpeg\" src=\"https:\/\/www.defensoria.gob.ec\/wp-content\/uploads\/2018\/12\/azuay.mp3?_=1\" \/><a href=\"https:\/\/www.defensoria.gob.ec\/wp-content\/uploads\/2018\/12\/azuay.mp3\">https:\/\/www.defensoria.gob.ec\/wp-content\/uploads\/2018\/12\/azuay.mp3<\/a><\/audio>\n<p>[\/et_pb_text][et_pb_gallery _builder_version=\u00bb3.15&#8243; gallery_ids=\u00bb1620,1621,1622,1623&#8243; posts_number=\u00bb3&#8243; zoom_icon_color=\u00bb#00a3c1&#8243; hover_overlay_color=\u00bbrgba(255,255,255,0.9)\u00bb \/][\/et_pb_column][et_pb_column type=\u00bb1_4&#8243;][et_pb_sidebar _builder_version=\u00bb3.15&#8243; area=\u00bbsidebar-1&#8243; \/][\/et_pb_column][\/et_pb_row][\/et_pb_section]<\/p>\n","protected":false},"excerpt":{"rendered":"<p><div class=\"et_pb_row et_pb_row_0 et_pb_row_empty\">\n\t\t\t\t\n\t\t\t\t\n\t\t\t\t\n\t\t\t\t\n\t\t\t\t\n\t\t\t<\/div> El 27 de noviembre, en el Consultorio Jur\u00eddico Gratuito de la Universidad de Cuenca, \u201cGerardo Cordero y Le\u00f3n\u201d, Diana \u00c1vila, defensora p\u00fablica provincial del Azuay, en compa\u00f1\u00eda de Juan [&hellip;]<\/p>\n","protected":false},"author":1,"featured_media":1620,"comment_status":"open","ping_status":"closed","template":"","meta":{"_et_pb_use_builder":"on","_et_pb_old_content":"","_et_gb_content_width":"","footnotes":""},"project_category":[8],"project_tag":[],"class_list":["post-1618","project","type-project","status-publish","has-post-thumbnail","hentry","project_category-cerca-a-ti"],"_links":{"self":[{"href":"https:\/\/www.defensoria.gob.ec\/index.php?rest_route=\/wp\/v2\/project\/1618","targetHints":{"allow":["GET"]}}],"collection":[{"href":"https:\/\/www.defensoria.gob.ec\/index.php?rest_route=\/wp\/v2\/project"}],"about":[{"href":"https:\/\/www.defensoria.gob.ec\/index.php?rest_route=\/wp\/v2\/types\/project"}],"author":[{"embeddable":true,"href":"https:\/\/www.defensoria.gob.ec\/index.php?rest_route=\/wp\/v2\/users\/1"}],"replies":[{"embeddable":true,"href":"https:\/\/www.defensoria.gob.ec\/index.php?rest_route=%2Fwp%2Fv2%2Fcomments&post=1618"}],"version-history":[{"count":0,"href":"https:\/\/www.defensoria.gob.ec\/index.php?rest_route=\/wp\/v2\/project\/1618\/revisions"}],"wp:featuredmedia":[{"embeddable":true,"href":"https:\/\/www.defensoria.gob.ec\/index.php?rest_route=\/wp\/v2\/media\/1620"}],"wp:attachment":[{"href":"https:\/\/www.defensoria.gob.ec\/index.php?rest_route=%2Fwp%2Fv2%2Fmedia&parent=1618"}],"wp:term":[{"taxonomy":"project_category","embeddable":true,"href":"https:\/\/www.defensoria.gob.ec\/index.php?rest_route=%2Fwp%2Fv2%2Fproject_category&post=1618"},{"taxonomy":"project_tag","embeddable":true,"href":"https:\/\/www.defensoria.gob.ec\/index.php?rest_route=%2Fwp%2Fv2%2Fproject_tag&post=1618"}],"curies":[{"name":"wp","href":"https:\/\/api.w.org\/{rel}","templated":true}]}}

Azuay: renovación de CJG y ferias ciudadanas

<p>[et_pb_section bb_built=»1&#8243;][et_pb_row][et_pb_column type=»3_4&#8243;][et_pb_post_title _builder_version=»3.15&#8243; meta=»off» featured_image=»off» /][et_pb_text _builder_version=»3.15&#8243; text_orientation=»justified»]</p>
<p>El 27 de noviembre, en el Consultorio Jurídico Gratuito de la Universidad de Cuenca, “Gerardo Cordero y León”, Diana Ávila, defensora pública provincial del Azuay, en compañía de Juan Carlos Solano, defensor público Regional del Austro; realizó la entrega del certificado de Acreditación de Funcionamiento a Susana Cárdenas, directora del consultorio.</p>
<p>Por otro lado, el 29 de noviembre, en el Parque Calderón de Cuenca, tuvo lugar el evento “Juntos por la Transparencia”, convocado por la Secretaría de Gestión Política. La actividad estuvo dedicada al pacto por la transparencia y lucha contra la corrupción. De la misma manera, asistieron las autoridades provincial y regional.  Finalmente, el 30 de noviembre, hubo una difusión de servicios en el cantón Gualaceo. Los funcionarios  atendieron consultas legales y repartieron material institucional a los presentes.</p>
<audio class="wp-audio-shortcode" id="audio-1618-1" preload="none" style="width: 100%;" controls="controls"><source type="audio/mpeg" src="https://www.defensoria.gob.ec/wp-content/uploads/2018/12/azuay.mp3?_=1" /><a href="https://www.defensoria.gob.ec/wp-content/uploads/2018/12/azuay.mp3">https://www.defensoria.gob.ec/wp-content/uploads/2018/12/azuay.mp3</a></audio>
<p>[/et_pb_text][et_pb_gallery _builder_version=»3.15&#8243; gallery_ids=»1620,1621,1622,1623&#8243; posts_number=»3&#8243; zoom_icon_color=»#00a3c1&#8243; hover_overlay_color=»rgba(255,255,255,0.9)» /][/et_pb_column][et_pb_column type=»1_4&#8243;][et_pb_sidebar _builder_version=»3.15&#8243; area=»sidebar-1&#8243; /][/et_pb_column][/et_pb_row][/et_pb_section]</p>

<p><div class="et_pb_row et_pb_row_0 et_pb_row_empty">
				
				
				
				
				
			</div> El 27 de noviembre, en el Consultorio Jurídico Gratuito de la Universidad de Cuenca, “Gerardo Cordero y León”, Diana Ávila, defensora pública provincial del Azuay, en compañía de Juan [&hellip;]</p>
