{"id":1581,"date":"2018-12-04T21:26:29","date_gmt":"2018-12-04T21:26:29","guid":{"rendered":"https:\/\/www.defensoria.gob.ec\/?post_type=project&#038;p=1581"},"modified":"2018-12-04T21:26:29","modified_gmt":"2018-12-04T21:26:29","slug":"canar-eventos-de-difusion-de-servicios-y-reuniones-interinstitucionales","status":"publish","type":"project","link":"https:\/\/www.defensoria.gob.ec\/?project=canar-eventos-de-difusion-de-servicios-y-reuniones-interinstitucionales","title":{"rendered":"Ca\u00f1ar: eventos de difusi\u00f3n de servicios y reuniones interinstitucionales"},"content":{"rendered":"<p>[et_pb_section bb_built=\u00bb1&#8243;][et_pb_row][et_pb_column type=\u00bb3_4&#8243;][et_pb_post_title _builder_version=\u00bb3.15&#8243; meta=\u00bboff\u00bb featured_image=\u00bboff\u00bb \/][et_pb_text _builder_version=\u00bb3.15&#8243; text_orientation=\u00bbjustified\u00bb]<\/p>\n<p>Durante la \u00faltima semana, la Defensor\u00eda P\u00fablica del Ca\u00f1ar fue parte de dos acercamientos a la ciudadan\u00eda y de dos reuniones interinstitucionales. El 24 de noviembre\u00a0de 2018, a prop\u00f3sito del D\u00eda Internacional de la Eliminaci\u00f3n de la Violencia contra la Mujer, estuvo presente en una difusi\u00f3n de servicios. La casa abierta\u00a0fue parte de la campa\u00f1a \u201cYo vivo\u00a0sin violencia\u201d; se trata de una iniciativa que informa y prev\u00e9 a la ciudadan\u00eda.<\/p>\n<p>As\u00ed tambi\u00e9n, el 30 de noviembre, esta delegaci\u00f3n provincial brind\u00f3 asesor\u00eda legal en el Centro de Rehabilitaci\u00f3n Social\u00a0del cant\u00f3n Ca\u00f1ar. El defensor p\u00fablico provincial, Christian Verdugo,\u00a0comparti\u00f3 informaci\u00f3n sobre temas\u00a0penales\u00a0y, especialmente, sobre\u00a0 garant\u00edas penitenciarias con las personas privadas de libertad.<\/p>\n<p>El mismo d\u00eda, el Defensor Provincial atendi\u00f3 una reuni\u00f3n con el coordinador de la Unidad Competente de La\u00a0Troncal. El encuentro tuvo como motivo\u00a0 llegar\u00a0 a\u00a0 un acuerdo de buenas\u00a0 pr\u00e1cticas,\u00a0 que permita el\u00a0 desarrollo\u00a0 de las\u00a0 diligencias\u00a0 judiciales\u00a0 con\u00a0 normalidad\u00a0 en atenci\u00f3n a v\u00edctimas; y sobre todo, en el agendamiento de audiencias y flagrancias. Finalmente, Cristian Verdugo visit\u00f3 el\u00a0 Consultorio Jur\u00eddico Gratuito de la Universidad Cat\u00f3lica de Cuenca, sede San Pablo de La Troncal. La visita tuvo la finalidad de fortalecer el sistema\u00a0 nacional\u00a0 de la Defensa P\u00fablica, bajo la coordinaci\u00f3n de la Instituci\u00f3n.<\/p>\n<p>[\/et_pb_text][et_pb_gallery _builder_version=\u00bb3.15&#8243; gallery_ids=\u00bb1582,1583,1584,1585,1586,1587&#8243; posts_number=\u00bb3&#8243; zoom_icon_color=\u00bb#00a3c1&#8243; hover_overlay_color=\u00bbrgba(255,255,255,0.9)\u00bb \/][\/et_pb_column][et_pb_column type=\u00bb1_4&#8243;][et_pb_sidebar _builder_version=\u00bb3.15&#8243; area=\u00bbsidebar-1&#8243; \/][\/et_pb_column][\/et_pb_row][\/et_pb_section]<\/p>\n","protected":false},"excerpt":{"rendered":"<p><div class=\"et_pb_row et_pb_row_0 et_pb_row_empty\">\n\t\t\t\t\n\t\t\t\t\n\t\t\t\t\n\t\t\t\t\n\t\t\t\t\n\t\t\t<\/div> Durante la \u00faltima semana, la Defensor\u00eda P\u00fablica del Ca\u00f1ar fue parte de dos acercamientos a la ciudadan\u00eda y de dos reuniones interinstitucionales. El 24 de noviembre\u00a0de 2018, a prop\u00f3sito [&hellip;]<\/p>\n","protected":false},"author":1,"featured_media":1582,"comment_status":"open","ping_status":"closed","template":"","meta":{"_et_pb_use_builder":"on","_et_pb_old_content":"","_et_gb_content_width":"","footnotes":""},"project_category":[8],"project_tag":[],"class_list":["post-1581","project","type-project","status-publish","has-post-thumbnail","hentry","project_category-cerca-a-ti"],"_links":{"self":[{"href":"https:\/\/www.defensoria.gob.ec\/index.php?rest_route=\/wp\/v2\/project\/1581","targetHints":{"allow":["GET"]}}],"collection":[{"href":"https:\/\/www.defensoria.gob.ec\/index.php?rest_route=\/wp\/v2\/project"}],"about":[{"href":"https:\/\/www.defensoria.gob.ec\/index.php?rest_route=\/wp\/v2\/types\/project"}],"author":[{"embeddable":true,"href":"https:\/\/www.defensoria.gob.ec\/index.php?rest_route=\/wp\/v2\/users\/1"}],"replies":[{"embeddable":true,"href":"https:\/\/www.defensoria.gob.ec\/index.php?rest_route=%2Fwp%2Fv2%2Fcomments&post=1581"}],"version-history":[{"count":0,"href":"https:\/\/www.defensoria.gob.ec\/index.php?rest_route=\/wp\/v2\/project\/1581\/revisions"}],"wp:featuredmedia":[{"embeddable":true,"href":"https:\/\/www.defensoria.gob.ec\/index.php?rest_route=\/wp\/v2\/media\/1582"}],"wp:attachment":[{"href":"https:\/\/www.defensoria.gob.ec\/index.php?rest_route=%2Fwp%2Fv2%2Fmedia&parent=1581"}],"wp:term":[{"taxonomy":"project_category","embeddable":true,"href":"https:\/\/www.defensoria.gob.ec\/index.php?rest_route=%2Fwp%2Fv2%2Fproject_category&post=1581"},{"taxonomy":"project_tag","embeddable":true,"href":"https:\/\/www.defensoria.gob.ec\/index.php?rest_route=%2Fwp%2Fv2%2Fproject_tag&post=1581"}],"curies":[{"name":"wp","href":"https:\/\/api.w.org\/{rel}","templated":true}]}}

Cañar: eventos de difusión de servicios y reuniones interinstitucionales

<p>[et_pb_section bb_built=»1&#8243;][et_pb_row][et_pb_column type=»3_4&#8243;][et_pb_post_title _builder_version=»3.15&#8243; meta=»off» featured_image=»off» /][et_pb_text _builder_version=»3.15&#8243; text_orientation=»justified»]</p>
<p>Durante la última semana, la Defensoría Pública del Cañar fue parte de dos acercamientos a la ciudadanía y de dos reuniones interinstitucionales. El 24 de noviembre de 2018, a propósito del Día Internacional de la Eliminación de la Violencia contra la Mujer, estuvo presente en una difusión de servicios. La casa abierta fue parte de la campaña “Yo vivo sin violencia”; se trata de una iniciativa que informa y prevé a la ciudadanía.</p>
<p>Así también, el 30 de noviembre, esta delegación provincial brindó asesoría legal en el Centro de Rehabilitación Social del cantón Cañar. El defensor público provincial, Christian Verdugo, compartió información sobre temas penales y, especialmente, sobre  garantías penitenciarias con las personas privadas de libertad.</p>
<p>El mismo día, el Defensor Provincial atendió una reunión con el coordinador de la Unidad Competente de La Troncal. El encuentro tuvo como motivo  llegar  a  un acuerdo de buenas  prácticas,  que permita el  desarrollo  de las  diligencias  judiciales  con  normalidad  en atención a víctimas; y sobre todo, en el agendamiento de audiencias y flagrancias. Finalmente, Cristian Verdugo visitó el  Consultorio Jurídico Gratuito de la Universidad Católica de Cuenca, sede San Pablo de La Troncal. La visita tuvo la finalidad de fortalecer el sistema  nacional  de la Defensa Pública, bajo la coordinación de la Institución.</p>
<p>[/et_pb_text][et_pb_gallery _builder_version=»3.15&#8243; gallery_ids=»1582,1583,1584,1585,1586,1587&#8243; posts_number=»3&#8243; zoom_icon_color=»#00a3c1&#8243; hover_overlay_color=»rgba(255,255,255,0.9)» /][/et_pb_column][et_pb_column type=»1_4&#8243;][et_pb_sidebar _builder_version=»3.15&#8243; area=»sidebar-1&#8243; /][/et_pb_column][/et_pb_row][/et_pb_section]</p>

<p><div class="et_pb_row et_pb_row_0 et_pb_row_empty">
				
				
				
				
				
			</div> Durante la última semana, la Defensoría Pública del Cañar fue parte de dos acercamientos a la ciudadanía y de dos reuniones interinstitucionales. El 24 de noviembre de 2018, a propósito [&hellip;]</p>
