{"id":1577,"date":"2018-12-04T21:22:37","date_gmt":"2018-12-04T21:22:37","guid":{"rendered":"https:\/\/www.defensoria.gob.ec\/?post_type=project&#038;p=1577"},"modified":"2018-12-04T21:22:37","modified_gmt":"2018-12-04T21:22:37","slug":"chimborazo-feria-ciudadana-por-el-dia-contra-la-violencia-a-la-mujer","status":"publish","type":"project","link":"https:\/\/www.defensoria.gob.ec\/?project=chimborazo-feria-ciudadana-por-el-dia-contra-la-violencia-a-la-mujer","title":{"rendered":"Chimborazo: Feria ciudadana por el D\u00eda contra la Violencia a la Mujer"},"content":{"rendered":"<p>[et_pb_section bb_built=\u00bb1&#8243;][et_pb_row][et_pb_column type=\u00bb3_4&#8243;][et_pb_post_title _builder_version=\u00bb3.15&#8243; meta=\u00bboff\u00bb featured_image=\u00bboff\u00bb \/][et_pb_text _builder_version=\u00bb3.15&#8243; text_orientation=\u00bbjustified\u00bb]<\/p>\n<p>La Defensor\u00eda P\u00fablica de Chimborazo particip\u00f3 en una de las actividades programadas por la Mesa de Justicia de Prevenci\u00f3n de Violencia de G\u00e9nero, a prop\u00f3sito del 25 de Noviembre, D\u00eda Internacional de la Eliminaci\u00f3n de la Violencia contra la Mujer. El 24 de noviembre hubo la feria ciudadana \u201cPrevenci\u00f3n de Violencia de G\u00e9nero\u201d, en las instalaciones del Mercado Mayorista de Riobamba. En este evento, la Instituci\u00f3n levant\u00f3 un stand informativo, en el que se brind\u00f3 asesor\u00eda legal gratuita y comparti\u00f3 informaci\u00f3n sobre materias de atenci\u00f3n. Cerca de 32 ciudadanos conocieron acerca de\u00a0 procedimientos legales y medidas de protecci\u00f3n para precautelar la integridad f\u00edsica y psicol\u00f3gica de la mujer y la familia.<\/p>\n<p>[\/et_pb_text][et_pb_gallery _builder_version=\u00bb3.15&#8243; gallery_ids=\u00bb1578,1579&#8243; posts_number=\u00bb3&#8243; zoom_icon_color=\u00bb#00a3c1&#8243; hover_overlay_color=\u00bbrgba(255,255,255,0.9)\u00bb \/][\/et_pb_column][et_pb_column type=\u00bb1_4&#8243;][et_pb_sidebar _builder_version=\u00bb3.15&#8243; area=\u00bbsidebar-1&#8243; \/][\/et_pb_column][\/et_pb_row][\/et_pb_section]<\/p>\n","protected":false},"excerpt":{"rendered":"<p><div class=\"et_pb_row et_pb_row_0 et_pb_row_empty\">\n\t\t\t\t\n\t\t\t\t\n\t\t\t\t\n\t\t\t\t\n\t\t\t\t\n\t\t\t<\/div> La Defensor\u00eda P\u00fablica de Chimborazo particip\u00f3 en una de las actividades programadas por la Mesa de Justicia de Prevenci\u00f3n de Violencia de G\u00e9nero, a prop\u00f3sito del 25 de Noviembre, [&hellip;]<\/p>\n","protected":false},"author":1,"featured_media":1578,"comment_status":"open","ping_status":"closed","template":"","meta":{"_et_pb_use_builder":"on","_et_pb_old_content":"","_et_gb_content_width":"","footnotes":""},"project_category":[8],"project_tag":[],"class_list":["post-1577","project","type-project","status-publish","has-post-thumbnail","hentry","project_category-cerca-a-ti"],"_links":{"self":[{"href":"https:\/\/www.defensoria.gob.ec\/index.php?rest_route=\/wp\/v2\/project\/1577","targetHints":{"allow":["GET"]}}],"collection":[{"href":"https:\/\/www.defensoria.gob.ec\/index.php?rest_route=\/wp\/v2\/project"}],"about":[{"href":"https:\/\/www.defensoria.gob.ec\/index.php?rest_route=\/wp\/v2\/types\/project"}],"author":[{"embeddable":true,"href":"https:\/\/www.defensoria.gob.ec\/index.php?rest_route=\/wp\/v2\/users\/1"}],"replies":[{"embeddable":true,"href":"https:\/\/www.defensoria.gob.ec\/index.php?rest_route=%2Fwp%2Fv2%2Fcomments&post=1577"}],"version-history":[{"count":0,"href":"https:\/\/www.defensoria.gob.ec\/index.php?rest_route=\/wp\/v2\/project\/1577\/revisions"}],"wp:featuredmedia":[{"embeddable":true,"href":"https:\/\/www.defensoria.gob.ec\/index.php?rest_route=\/wp\/v2\/media\/1578"}],"wp:attachment":[{"href":"https:\/\/www.defensoria.gob.ec\/index.php?rest_route=%2Fwp%2Fv2%2Fmedia&parent=1577"}],"wp:term":[{"taxonomy":"project_category","embeddable":true,"href":"https:\/\/www.defensoria.gob.ec\/index.php?rest_route=%2Fwp%2Fv2%2Fproject_category&post=1577"},{"taxonomy":"project_tag","embeddable":true,"href":"https:\/\/www.defensoria.gob.ec\/index.php?rest_route=%2Fwp%2Fv2%2Fproject_tag&post=1577"}],"curies":[{"name":"wp","href":"https:\/\/api.w.org\/{rel}","templated":true}]}}

Chimborazo: Feria ciudadana por el Día contra la Violencia a la Mujer

<p>[et_pb_section bb_built=»1&#8243;][et_pb_row][et_pb_column type=»3_4&#8243;][et_pb_post_title _builder_version=»3.15&#8243; meta=»off» featured_image=»off» /][et_pb_text _builder_version=»3.15&#8243; text_orientation=»justified»]</p>
<p>La Defensoría Pública de Chimborazo participó en una de las actividades programadas por la Mesa de Justicia de Prevención de Violencia de Género, a propósito del 25 de Noviembre, Día Internacional de la Eliminación de la Violencia contra la Mujer. El 24 de noviembre hubo la feria ciudadana “Prevención de Violencia de Género”, en las instalaciones del Mercado Mayorista de Riobamba. En este evento, la Institución levantó un stand informativo, en el que se brindó asesoría legal gratuita y compartió información sobre materias de atención. Cerca de 32 ciudadanos conocieron acerca de  procedimientos legales y medidas de protección para precautelar la integridad física y psicológica de la mujer y la familia.</p>
<p>[/et_pb_text][et_pb_gallery _builder_version=»3.15&#8243; gallery_ids=»1578,1579&#8243; posts_number=»3&#8243; zoom_icon_color=»#00a3c1&#8243; hover_overlay_color=»rgba(255,255,255,0.9)» /][/et_pb_column][et_pb_column type=»1_4&#8243;][et_pb_sidebar _builder_version=»3.15&#8243; area=»sidebar-1&#8243; /][/et_pb_column][/et_pb_row][/et_pb_section]</p>

<p><div class="et_pb_row et_pb_row_0 et_pb_row_empty">
				
				
				
				
				
			</div> La Defensoría Pública de Chimborazo participó en una de las actividades programadas por la Mesa de Justicia de Prevención de Violencia de Género, a propósito del 25 de Noviembre, [&hellip;]</p>
