{"id":1574,"date":"2018-12-04T21:20:33","date_gmt":"2018-12-04T21:20:33","guid":{"rendered":"https:\/\/www.defensoria.gob.ec\/?post_type=project&#038;p=1574"},"modified":"2018-12-04T21:20:33","modified_gmt":"2018-12-04T21:20:33","slug":"carchi-mesa-de-justicia-sobre-seguridad-ciudadana-y-privados-de-libertad","status":"publish","type":"project","link":"https:\/\/www.defensoria.gob.ec\/?project=carchi-mesa-de-justicia-sobre-seguridad-ciudadana-y-privados-de-libertad","title":{"rendered":"Carchi: mesa de justicia sobre seguridad ciudadana y privados de libertad"},"content":{"rendered":"<p>[et_pb_section bb_built=\u00bb1&#8243;][et_pb_row][et_pb_column type=\u00bb3_4&#8243;][et_pb_post_title _builder_version=\u00bb3.15&#8243; meta=\u00bboff\u00bb featured_image=\u00bboff\u00bb \/][et_pb_text _builder_version=\u00bb3.15&#8243; text_orientation=\u00bbjustified\u00bb]<\/p>\n<div id=\"attachment_1575\" style=\"width: 310px\" class=\"wp-caption alignleft\"><img loading=\"lazy\" decoding=\"async\" aria-describedby=\"caption-attachment-1575\" class=\"size-medium wp-image-1575\" src=\"https:\/\/www.defensoria.gob.ec\/wp-content\/uploads\/2018\/12\/MB-012-Carchi-01-300x225.jpg\" alt=\"Autoridades del sector justicia se reunieron el ECU 911, de Tulc\u00e1n \" width=\"300\" height=\"225\" srcset=\"https:\/\/www.defensoria.gob.ec\/wp-content\/uploads\/2018\/12\/MB-012-Carchi-01-300x225.jpg 300w, https:\/\/www.defensoria.gob.ec\/wp-content\/uploads\/2018\/12\/MB-012-Carchi-01-768x576.jpg 768w, https:\/\/www.defensoria.gob.ec\/wp-content\/uploads\/2018\/12\/MB-012-Carchi-01-510x382.jpg 510w, https:\/\/www.defensoria.gob.ec\/wp-content\/uploads\/2018\/12\/MB-012-Carchi-01.jpg 800w\" sizes=\"(max-width: 300px) 100vw, 300px\" \/><p id=\"caption-attachment-1575\" class=\"wp-caption-text\">Autoridades del sector justicia se reunieron el ECU 911, de Tulc\u00e1n<\/p><\/div>\n<p>El\u00a030 de noviembre, el defensor p\u00fablico provincial del Carchi, \u00c9dison Aldaz Mart\u00ednez, asisti\u00f3 a una mesa de justicia en las instalaciones del Sistema Integrado de Seguridad ECU 911, de Tulc\u00e1n. Esta reuni\u00f3n cont\u00f3 con la participaci\u00f3n de los representantes de la Corte Provincial de Justicia, Fiscal\u00eda, Centro de Rehabilitaci\u00f3n Social de Tulc\u00e1n, entre otros. Se trataron temas inherentes a la seguridad de la ciudad y de la provincia como son el patrullaje en la frontera norte y la disminuci\u00f3n de los delitos por el aumento del control policial. La directora del CRS-Tulc\u00e1n habl\u00f3 sobre la necesidad de mejorar las condiciones de los privados de libertad; mientras que los representantes del Consejo de la Judicatura manifestaron la disminuci\u00f3n de las causas tramitadas durante noviembre. El \u00faltimo tema fue los operativos a realizarse para controlar el tr\u00e1fico de combustibles en la frontera.<\/p>\n<p>La Defensor\u00eda P\u00fablica del Carchi considera que estos espacios son importantes, ya que se afianzan relaciones interinstitucionales, y se confirma el \u00e1nimo del trabajo conjunto para atender a la ciudadan\u00eda.<\/p>\n<p>[\/et_pb_text][\/et_pb_column][et_pb_column type=\u00bb1_4&#8243;][et_pb_sidebar _builder_version=\u00bb3.15&#8243; area=\u00bbsidebar-1&#8243; \/][\/et_pb_column][\/et_pb_row][\/et_pb_section]<\/p>\n","protected":false},"excerpt":{"rendered":"<p><div class=\"et_pb_row et_pb_row_0 et_pb_row_empty\">\n\t\t\t\t\n\t\t\t\t\n\t\t\t\t\n\t\t\t\t\n\t\t\t\t\n\t\t\t<\/div> El\u00a030 de noviembre, el defensor p\u00fablico provincial del Carchi, \u00c9dison Aldaz Mart\u00ednez, asisti\u00f3 a una mesa de justicia en las instalaciones del Sistema Integrado de Seguridad ECU 911, de [&hellip;]<\/p>\n","protected":false},"author":1,"featured_media":1575,"comment_status":"open","ping_status":"closed","template":"","meta":{"_et_pb_use_builder":"on","_et_pb_old_content":"","_et_gb_content_width":"","footnotes":""},"project_category":[8],"project_tag":[],"class_list":["post-1574","project","type-project","status-publish","has-post-thumbnail","hentry","project_category-cerca-a-ti"],"_links":{"self":[{"href":"https:\/\/www.defensoria.gob.ec\/index.php?rest_route=\/wp\/v2\/project\/1574","targetHints":{"allow":["GET"]}}],"collection":[{"href":"https:\/\/www.defensoria.gob.ec\/index.php?rest_route=\/wp\/v2\/project"}],"about":[{"href":"https:\/\/www.defensoria.gob.ec\/index.php?rest_route=\/wp\/v2\/types\/project"}],"author":[{"embeddable":true,"href":"https:\/\/www.defensoria.gob.ec\/index.php?rest_route=\/wp\/v2\/users\/1"}],"replies":[{"embeddable":true,"href":"https:\/\/www.defensoria.gob.ec\/index.php?rest_route=%2Fwp%2Fv2%2Fcomments&post=1574"}],"version-history":[{"count":0,"href":"https:\/\/www.defensoria.gob.ec\/index.php?rest_route=\/wp\/v2\/project\/1574\/revisions"}],"wp:featuredmedia":[{"embeddable":true,"href":"https:\/\/www.defensoria.gob.ec\/index.php?rest_route=\/wp\/v2\/media\/1575"}],"wp:attachment":[{"href":"https:\/\/www.defensoria.gob.ec\/index.php?rest_route=%2Fwp%2Fv2%2Fmedia&parent=1574"}],"wp:term":[{"taxonomy":"project_category","embeddable":true,"href":"https:\/\/www.defensoria.gob.ec\/index.php?rest_route=%2Fwp%2Fv2%2Fproject_category&post=1574"},{"taxonomy":"project_tag","embeddable":true,"href":"https:\/\/www.defensoria.gob.ec\/index.php?rest_route=%2Fwp%2Fv2%2Fproject_tag&post=1574"}],"curies":[{"name":"wp","href":"https:\/\/api.w.org\/{rel}","templated":true}]}}

<p>[et_pb_section bb_built=»1&#8243;][et_pb_row][et_pb_column type=»3_4&#8243;][et_pb_post_title _builder_version=»3.15&#8243; meta=»off» featured_image=»off» /][et_pb_text _builder_version=»3.15&#8243; text_orientation=»justified»]</p>
<div id="attachment_1575" style="width: 310px" class="wp-caption alignleft"><img loading="lazy" decoding="async" aria-describedby="caption-attachment-1575" class="size-medium wp-image-1575" src="https://www.defensoria.gob.ec/wp-content/uploads/2018/12/MB-012-Carchi-01-300x225.jpg" alt="Autoridades del sector justicia se reunieron el ECU 911, de Tulcán " width="300" height="225" srcset="https://www.defensoria.gob.ec/wp-content/uploads/2018/12/MB-012-Carchi-01-300x225.jpg 300w, https://www.defensoria.gob.ec/wp-content/uploads/2018/12/MB-012-Carchi-01-768x576.jpg 768w, https://www.defensoria.gob.ec/wp-content/uploads/2018/12/MB-012-Carchi-01-510x382.jpg 510w, https://www.defensoria.gob.ec/wp-content/uploads/2018/12/MB-012-Carchi-01.jpg 800w" sizes="(max-width: 300px) 100vw, 300px" /><p id="caption-attachment-1575" class="wp-caption-text">Autoridades del sector justicia se reunieron el ECU 911, de Tulcán</p></div>
<p>El 30 de noviembre, el defensor público provincial del Carchi, Édison Aldaz Martínez, asistió a una mesa de justicia en las instalaciones del Sistema Integrado de Seguridad ECU 911, de Tulcán. Esta reunión contó con la participación de los representantes de la Corte Provincial de Justicia, Fiscalía, Centro de Rehabilitación Social de Tulcán, entre otros. Se trataron temas inherentes a la seguridad de la ciudad y de la provincia como son el patrullaje en la frontera norte y la disminución de los delitos por el aumento del control policial. La directora del CRS-Tulcán habló sobre la necesidad de mejorar las condiciones de los privados de libertad; mientras que los representantes del Consejo de la Judicatura manifestaron la disminución de las causas tramitadas durante noviembre. El último tema fue los operativos a realizarse para controlar el tráfico de combustibles en la frontera.</p>
<p>La Defensoría Pública del Carchi considera que estos espacios son importantes, ya que se afianzan relaciones interinstitucionales, y se confirma el ánimo del trabajo conjunto para atender a la ciudadanía.</p>
<p>[/et_pb_text][/et_pb_column][et_pb_column type=»1_4&#8243;][et_pb_sidebar _builder_version=»3.15&#8243; area=»sidebar-1&#8243; /][/et_pb_column][/et_pb_row][/et_pb_section]</p>

<p><div class="et_pb_row et_pb_row_0 et_pb_row_empty">
				
				
				
				
				
			</div> El 30 de noviembre, el defensor público provincial del Carchi, Édison Aldaz Martínez, asistió a una mesa de justicia en las instalaciones del Sistema Integrado de Seguridad ECU 911, de [&hellip;]</p>
