{"id":1519,"date":"2018-11-29T23:08:31","date_gmt":"2018-11-29T23:08:31","guid":{"rendered":"https:\/\/www.defensoria.gob.ec\/?post_type=project&#038;p=1519"},"modified":"2018-11-29T23:08:31","modified_gmt":"2018-11-29T23:08:31","slug":"bolivar-mauricio-aviles-asume-la-representacion-en-esta-provincia","status":"publish","type":"project","link":"https:\/\/www.defensoria.gob.ec\/?project=bolivar-mauricio-aviles-asume-la-representacion-en-esta-provincia","title":{"rendered":"Bol\u00edvar: Mauricio Avil\u00e9s asume la representaci\u00f3n en esta provincia"},"content":{"rendered":"<p>[et_pb_section bb_built=\u00bb1&#8243;][et_pb_row][et_pb_column type=\u00bb3_4&#8243;][et_pb_post_title _builder_version=\u00bb3.15&#8243; meta=\u00bboff\u00bb featured_image=\u00bboff\u00bb \/][et_pb_text _builder_version=\u00bb3.15&#8243; text_orientation=\u00bbjustified\u00bb]<\/p>\n<p>El 21 de noviembre, el Defensor P\u00fablico General, Dr. \u00c1ngel Torres Machuca, recibi\u00f3 en su despacho a Mauricio Avil\u00e9s, quien es la nueva autoridad de la provincial de Bol\u00edvar. Avil\u00e9s asegur\u00f3 que su gesti\u00f3n ser\u00e1 integral y pondr\u00e1 \u00e9nfasis en la atenci\u00f3n a los grupos de atenci\u00f3n prioritaria. \u201cNo nos fijaremos en la cantidad, sino en la calidad de las atenciones en la provincia de Bol\u00edvar\u201d, coment\u00f3. Adem\u00e1s, dijo que trabajar\u00e1 a la par de las reformas org\u00e1nicas. El Defensor P\u00fablico Provincial de Bol\u00edvar coordinar\u00e1 con el personal misional para establecer las directrices de trabajo.<\/p>\n<p>[\/et_pb_text][et_pb_gallery _builder_version=\u00bb3.15&#8243; gallery_ids=\u00bb1520&#8243; posts_number=\u00bb3&#8243; zoom_icon_color=\u00bb#00a3c1&#8243; hover_overlay_color=\u00bbrgba(255,255,255,0.9)\u00bb \/][\/et_pb_column][et_pb_column type=\u00bb1_4&#8243;][et_pb_sidebar _builder_version=\u00bb3.15&#8243; area=\u00bbsidebar-1&#8243; \/][\/et_pb_column][\/et_pb_row][\/et_pb_section]<\/p>\n","protected":false},"excerpt":{"rendered":"<p><div class=\"et_pb_row et_pb_row_0 et_pb_row_empty\">\n\t\t\t\t\n\t\t\t\t\n\t\t\t\t\n\t\t\t\t\n\t\t\t\t\n\t\t\t<\/div> El 21 de noviembre, el Defensor P\u00fablico General, Dr. \u00c1ngel Torres Machuca, recibi\u00f3 en su despacho a Mauricio Avil\u00e9s, quien es la nueva autoridad de la provincial de Bol\u00edvar. [&hellip;]<\/p>\n","protected":false},"author":1,"featured_media":1520,"comment_status":"open","ping_status":"closed","template":"","meta":{"_et_pb_use_builder":"on","_et_pb_old_content":"","_et_gb_content_width":"","footnotes":""},"project_category":[8],"project_tag":[],"class_list":["post-1519","project","type-project","status-publish","has-post-thumbnail","hentry","project_category-cerca-a-ti"],"_links":{"self":[{"href":"https:\/\/www.defensoria.gob.ec\/index.php?rest_route=\/wp\/v2\/project\/1519","targetHints":{"allow":["GET"]}}],"collection":[{"href":"https:\/\/www.defensoria.gob.ec\/index.php?rest_route=\/wp\/v2\/project"}],"about":[{"href":"https:\/\/www.defensoria.gob.ec\/index.php?rest_route=\/wp\/v2\/types\/project"}],"author":[{"embeddable":true,"href":"https:\/\/www.defensoria.gob.ec\/index.php?rest_route=\/wp\/v2\/users\/1"}],"replies":[{"embeddable":true,"href":"https:\/\/www.defensoria.gob.ec\/index.php?rest_route=%2Fwp%2Fv2%2Fcomments&post=1519"}],"version-history":[{"count":0,"href":"https:\/\/www.defensoria.gob.ec\/index.php?rest_route=\/wp\/v2\/project\/1519\/revisions"}],"wp:featuredmedia":[{"embeddable":true,"href":"https:\/\/www.defensoria.gob.ec\/index.php?rest_route=\/wp\/v2\/media\/1520"}],"wp:attachment":[{"href":"https:\/\/www.defensoria.gob.ec\/index.php?rest_route=%2Fwp%2Fv2%2Fmedia&parent=1519"}],"wp:term":[{"taxonomy":"project_category","embeddable":true,"href":"https:\/\/www.defensoria.gob.ec\/index.php?rest_route=%2Fwp%2Fv2%2Fproject_category&post=1519"},{"taxonomy":"project_tag","embeddable":true,"href":"https:\/\/www.defensoria.gob.ec\/index.php?rest_route=%2Fwp%2Fv2%2Fproject_tag&post=1519"}],"curies":[{"name":"wp","href":"https:\/\/api.w.org\/{rel}","templated":true}]}}

Bolívar: Mauricio Avilés asume la representación en esta provincia

<p>[et_pb_section bb_built=»1&#8243;][et_pb_row][et_pb_column type=»3_4&#8243;][et_pb_post_title _builder_version=»3.15&#8243; meta=»off» featured_image=»off» /][et_pb_text _builder_version=»3.15&#8243; text_orientation=»justified»]</p>
<p>El 21 de noviembre, el Defensor Público General, Dr. Ángel Torres Machuca, recibió en su despacho a Mauricio Avilés, quien es la nueva autoridad de la provincial de Bolívar. Avilés aseguró que su gestión será integral y pondrá énfasis en la atención a los grupos de atención prioritaria. “No nos fijaremos en la cantidad, sino en la calidad de las atenciones en la provincia de Bolívar”, comentó. Además, dijo que trabajará a la par de las reformas orgánicas. El Defensor Público Provincial de Bolívar coordinará con el personal misional para establecer las directrices de trabajo.</p>
<p>[/et_pb_text][et_pb_gallery _builder_version=»3.15&#8243; gallery_ids=»1520&#8243; posts_number=»3&#8243; zoom_icon_color=»#00a3c1&#8243; hover_overlay_color=»rgba(255,255,255,0.9)» /][/et_pb_column][et_pb_column type=»1_4&#8243;][et_pb_sidebar _builder_version=»3.15&#8243; area=»sidebar-1&#8243; /][/et_pb_column][/et_pb_row][/et_pb_section]</p>

<p><div class="et_pb_row et_pb_row_0 et_pb_row_empty">
				
				
				
				
				
			</div> El 21 de noviembre, el Defensor Público General, Dr. Ángel Torres Machuca, recibió en su despacho a Mauricio Avilés, quien es la nueva autoridad de la provincial de Bolívar. [&hellip;]</p>
