{"id":1514,"date":"2018-11-29T23:06:26","date_gmt":"2018-11-29T23:06:26","guid":{"rendered":"https:\/\/www.defensoria.gob.ec\/?post_type=project&#038;p=1514"},"modified":"2018-11-29T23:06:26","modified_gmt":"2018-11-29T23:06:26","slug":"azuay-capacitaciones-feria-y-reunion-por-los-derechos-del-migrante","status":"publish","type":"project","link":"https:\/\/www.defensoria.gob.ec\/?project=azuay-capacitaciones-feria-y-reunion-por-los-derechos-del-migrante","title":{"rendered":"Azuay: capacitaciones, feria y reuni\u00f3n por los derechos del migrante"},"content":{"rendered":"<p>[et_pb_section bb_built=\u00bb1&#8243;][et_pb_row][et_pb_column type=\u00bb3_4&#8243;][et_pb_post_title _builder_version=\u00bb3.15&#8243; meta=\u00bboff\u00bb featured_image=\u00bboff\u00bb \/][et_pb_text _builder_version=\u00bb3.15&#8243; text_orientation=\u00bbjustified\u00bb]<\/p>\n<p>El 20 de noviembre, en las oficinas de la Defensor\u00eda P\u00fablica de la ciudad de Cuenca, se llev\u00f3 a cabo una capacitaci\u00f3n sobre la aplicaci\u00f3n del C\u00f3digo Org\u00e1nico General de Procesos (Cogep), anuncio de prueba e inquilinato. Esta capacitaci\u00f3n fue impartida por Juan Carlos Cabrera, Juez de la Unidad Civil; y cont\u00f3 con la participaci\u00f3n de los defensores p\u00fablicos del \u00e1rea de Patrocinio Social. Por otro lado, el mismo d\u00eda, se realiz\u00f3 una difusi\u00f3n de servicios en el cant\u00f3n Ponce Enr\u00edquez. All\u00ed, se reparti\u00f3 material institucional y se brind\u00f3 asesor\u00eda legal a la ciudadan\u00eda.<\/p>\n<p>Por \u00faltimo, el 22 de noviembre, en la dependencia del Azuay, tuvo lugar una reuni\u00f3n con funcionarios del Alto Comisionado de las Naciones Unidas para los Refugiados (Acnur) y de la Casa del Migrante. El motivo fue coordinar acciones de atenci\u00f3n y patrocinio de personas en situaci\u00f3n de movilidad humana.<\/p>\n<p>[\/et_pb_text][et_pb_gallery _builder_version=\u00bb3.15&#8243; gallery_ids=\u00bb1515,1516,1517&#8243; posts_number=\u00bb3&#8243; zoom_icon_color=\u00bb#00a3c1&#8243; hover_overlay_color=\u00bbrgba(255,255,255,0.9)\u00bb \/][\/et_pb_column][et_pb_column type=\u00bb1_4&#8243;][et_pb_sidebar _builder_version=\u00bb3.15&#8243; area=\u00bbsidebar-1&#8243; \/][\/et_pb_column][\/et_pb_row][\/et_pb_section]<\/p>\n","protected":false},"excerpt":{"rendered":"<p><div class=\"et_pb_row et_pb_row_0 et_pb_row_empty\">\n\t\t\t\t\n\t\t\t\t\n\t\t\t\t\n\t\t\t\t\n\t\t\t\t\n\t\t\t<\/div> El 20 de noviembre, en las oficinas de la Defensor\u00eda P\u00fablica de la ciudad de Cuenca, se llev\u00f3 a cabo una capacitaci\u00f3n sobre la aplicaci\u00f3n del C\u00f3digo Org\u00e1nico General [&hellip;]<\/p>\n","protected":false},"author":1,"featured_media":1515,"comment_status":"open","ping_status":"closed","template":"","meta":{"_et_pb_use_builder":"on","_et_pb_old_content":"","_et_gb_content_width":"","footnotes":""},"project_category":[8],"project_tag":[],"class_list":["post-1514","project","type-project","status-publish","has-post-thumbnail","hentry","project_category-cerca-a-ti"],"_links":{"self":[{"href":"https:\/\/www.defensoria.gob.ec\/index.php?rest_route=\/wp\/v2\/project\/1514","targetHints":{"allow":["GET"]}}],"collection":[{"href":"https:\/\/www.defensoria.gob.ec\/index.php?rest_route=\/wp\/v2\/project"}],"about":[{"href":"https:\/\/www.defensoria.gob.ec\/index.php?rest_route=\/wp\/v2\/types\/project"}],"author":[{"embeddable":true,"href":"https:\/\/www.defensoria.gob.ec\/index.php?rest_route=\/wp\/v2\/users\/1"}],"replies":[{"embeddable":true,"href":"https:\/\/www.defensoria.gob.ec\/index.php?rest_route=%2Fwp%2Fv2%2Fcomments&post=1514"}],"version-history":[{"count":0,"href":"https:\/\/www.defensoria.gob.ec\/index.php?rest_route=\/wp\/v2\/project\/1514\/revisions"}],"wp:featuredmedia":[{"embeddable":true,"href":"https:\/\/www.defensoria.gob.ec\/index.php?rest_route=\/wp\/v2\/media\/1515"}],"wp:attachment":[{"href":"https:\/\/www.defensoria.gob.ec\/index.php?rest_route=%2Fwp%2Fv2%2Fmedia&parent=1514"}],"wp:term":[{"taxonomy":"project_category","embeddable":true,"href":"https:\/\/www.defensoria.gob.ec\/index.php?rest_route=%2Fwp%2Fv2%2Fproject_category&post=1514"},{"taxonomy":"project_tag","embeddable":true,"href":"https:\/\/www.defensoria.gob.ec\/index.php?rest_route=%2Fwp%2Fv2%2Fproject_tag&post=1514"}],"curies":[{"name":"wp","href":"https:\/\/api.w.org\/{rel}","templated":true}]}}

Azuay: capacitaciones, feria y reunión por los derechos del migrante

<p>[et_pb_section bb_built=»1&#8243;][et_pb_row][et_pb_column type=»3_4&#8243;][et_pb_post_title _builder_version=»3.15&#8243; meta=»off» featured_image=»off» /][et_pb_text _builder_version=»3.15&#8243; text_orientation=»justified»]</p>
<p>El 20 de noviembre, en las oficinas de la Defensoría Pública de la ciudad de Cuenca, se llevó a cabo una capacitación sobre la aplicación del Código Orgánico General de Procesos (Cogep), anuncio de prueba e inquilinato. Esta capacitación fue impartida por Juan Carlos Cabrera, Juez de la Unidad Civil; y contó con la participación de los defensores públicos del área de Patrocinio Social. Por otro lado, el mismo día, se realizó una difusión de servicios en el cantón Ponce Enríquez. Allí, se repartió material institucional y se brindó asesoría legal a la ciudadanía.</p>
<p>Por último, el 22 de noviembre, en la dependencia del Azuay, tuvo lugar una reunión con funcionarios del Alto Comisionado de las Naciones Unidas para los Refugiados (Acnur) y de la Casa del Migrante. El motivo fue coordinar acciones de atención y patrocinio de personas en situación de movilidad humana.</p>
<p>[/et_pb_text][et_pb_gallery _builder_version=»3.15&#8243; gallery_ids=»1515,1516,1517&#8243; posts_number=»3&#8243; zoom_icon_color=»#00a3c1&#8243; hover_overlay_color=»rgba(255,255,255,0.9)» /][/et_pb_column][et_pb_column type=»1_4&#8243;][et_pb_sidebar _builder_version=»3.15&#8243; area=»sidebar-1&#8243; /][/et_pb_column][/et_pb_row][/et_pb_section]</p>

<p><div class="et_pb_row et_pb_row_0 et_pb_row_empty">
				
				
				
				
				
			</div> El 20 de noviembre, en las oficinas de la Defensoría Pública de la ciudad de Cuenca, se llevó a cabo una capacitación sobre la aplicación del Código Orgánico General [&hellip;]</p>
