{"id":1462,"date":"2018-11-28T13:37:26","date_gmt":"2018-11-28T13:37:26","guid":{"rendered":"https:\/\/www.defensoria.gob.ec\/?post_type=project&#038;p=1462"},"modified":"2018-11-28T13:38:09","modified_gmt":"2018-11-28T13:38:09","slug":"quito-las-defensorias-moviles-acercan-los-servicios-a-las-parroquias-y-barrios","status":"publish","type":"project","link":"https:\/\/www.defensoria.gob.ec\/?project=quito-las-defensorias-moviles-acercan-los-servicios-a-las-parroquias-y-barrios","title":{"rendered":"Quito: las Defensor\u00edas M\u00f3viles acercan los servicios a las parroquias y barrios"},"content":{"rendered":"<p>[et_pb_section bb_built=\u00bb1&#8243;][et_pb_row][et_pb_column type=\u00bb3_4&#8243;][et_pb_post_title _builder_version=\u00bb3.15&#8243; meta=\u00bboff\u00bb featured_image=\u00bboff\u00bb \/][et_pb_text _builder_version=\u00bb3.15&#8243; text_orientation=\u00bbjustified\u00bb]<\/p>\n<div id=\"attachment_1463\" style=\"width: 310px\" class=\"wp-caption alignleft\"><img loading=\"lazy\" decoding=\"async\" aria-describedby=\"caption-attachment-1463\" class=\"size-medium wp-image-1463\" src=\"https:\/\/www.defensoria.gob.ec\/wp-content\/uploads\/2018\/11\/Web-B395-27-11-2018-300x225.jpg\" alt=\"Las Defensor\u00edas M\u00f3viles acercan sus servicios sin costo a la ciudadan\u00eda\" width=\"300\" height=\"225\" srcset=\"https:\/\/www.defensoria.gob.ec\/wp-content\/uploads\/2018\/11\/Web-B395-27-11-2018-300x225.jpg 300w, https:\/\/www.defensoria.gob.ec\/wp-content\/uploads\/2018\/11\/Web-B395-27-11-2018-768x576.jpg 768w, https:\/\/www.defensoria.gob.ec\/wp-content\/uploads\/2018\/11\/Web-B395-27-11-2018-510x382.jpg 510w, https:\/\/www.defensoria.gob.ec\/wp-content\/uploads\/2018\/11\/Web-B395-27-11-2018.jpg 800w\" sizes=\"(max-width: 300px) 100vw, 300px\" \/><p id=\"caption-attachment-1463\" class=\"wp-caption-text\">Las Defensor\u00edas M\u00f3viles acercan sus servicios sin costo a la ciudadan\u00eda<\/p><\/div>\n<p>En el marco de la misi\u00f3n Institucional, las Defensor\u00edas M\u00f3viles cumplen su objetivo de acercar los servicios gratuitos y oportunos a la ciudadan\u00eda, a trav\u00e9s de asesor\u00eda legal y patrocinio a aquellas personas que por situaci\u00f3n econ\u00f3mica o sociocultural no cuentan con los recursos para contratar un abogado particular. Este proyecto es coordinado por Danilo Sulca, defensor p\u00fablico Regional Centro Norte.<\/p>\n<p>Bajo esta l\u00ednea, los ciudadanos de Cangahua, Ayora, Olmedo y Juan Montalvo, del cant\u00f3n Cayambe, en Pichincha, recibieron el servicio de asesor\u00eda gratuita, entre el 19 y 23 de noviembre. La materia m\u00e1s atendida fue tierras; de ah\u00ed que los usuarios solicitaron la revisi\u00f3n de los expedientes para la legalizaci\u00f3n de tierras rurales, adem\u00e1s, se absolvieron consultas sobre herencias e hipotecas.<\/p>\n<p>Asimismo, del 12 al 16 de noviembre, las Defensor\u00edas M\u00f3viles facilitaron el acceso a la justicia en las parroquias de Checa y Yaruqu\u00ed, en Quito. \u201cEl servicio es bueno y de calidad, los abogados son amables\u201d se\u00f1alaron los usuarios.<\/p>\n<p>Por otra parte, el s\u00e1bado 17 de noviembre, participaron de la feria \u201cArt\u00edstica Cultural Kitus\u201d, en la ciudadela Quito Sur, donde se ofreci\u00f3 asesoramiento a cerca de 30 usuarios. Roberto Freire, presidente del Comit\u00e9 de la Ciudadela Quito Sur, se\u00f1al\u00f3 \u201cagradecemos a la Defensor\u00eda P\u00fablica por el servicio gratuito que se brind\u00f3 durante la feria\u201d.<\/p>\n<p>Finalmente, el s\u00e1bado 24 de noviembre, las Defensor\u00edas M\u00f3viles fueron parte de la \u00abXV Feria Juntos por la Salud y Seguridad\u00bb en el Comit\u00e9 del Pueblo, al norte de la ciudad.<\/p>\n<p>Y para finalizar noviembre, las Defensor\u00edas M\u00f3viles visitar\u00e1n Sangolqu\u00ed, del mi\u00e9rcoles 28 hasta el domingo 2 de diciembre, de 09:00 a 16:00.<\/p>\n<p>[\/et_pb_text][et_pb_video _builder_version=\u00bb3.15&#8243; src=\u00bbhttps:\/\/www.defensoria.gob.ec\/wp-content\/uploads\/2018\/11\/UM-QUITO.mp4&#8243; \/][\/et_pb_column][et_pb_column type=\u00bb1_4&#8243;][et_pb_sidebar _builder_version=\u00bb3.15&#8243; area=\u00bbsidebar-1&#8243; \/][\/et_pb_column][\/et_pb_row][\/et_pb_section]<\/p>\n","protected":false},"excerpt":{"rendered":"<p><div class=\"et_pb_row et_pb_row_0 et_pb_row_empty\">\n\t\t\t\t\n\t\t\t\t\n\t\t\t\t\n\t\t\t\t\n\t\t\t\t\n\t\t\t<\/div> En el marco de la misi\u00f3n Institucional, las Defensor\u00edas M\u00f3viles cumplen su objetivo de acercar los servicios gratuitos y oportunos a la ciudadan\u00eda, a trav\u00e9s de asesor\u00eda legal y [&hellip;]<\/p>\n","protected":false},"author":1,"featured_media":1463,"comment_status":"open","ping_status":"closed","template":"","meta":{"_et_pb_use_builder":"on","_et_pb_old_content":"","_et_gb_content_width":"","footnotes":""},"project_category":[12],"project_tag":[],"class_list":["post-1462","project","type-project","status-publish","has-post-thumbnail","hentry","project_category-defensorias-moviles"],"_links":{"self":[{"href":"https:\/\/www.defensoria.gob.ec\/index.php?rest_route=\/wp\/v2\/project\/1462","targetHints":{"allow":["GET"]}}],"collection":[{"href":"https:\/\/www.defensoria.gob.ec\/index.php?rest_route=\/wp\/v2\/project"}],"about":[{"href":"https:\/\/www.defensoria.gob.ec\/index.php?rest_route=\/wp\/v2\/types\/project"}],"author":[{"embeddable":true,"href":"https:\/\/www.defensoria.gob.ec\/index.php?rest_route=\/wp\/v2\/users\/1"}],"replies":[{"embeddable":true,"href":"https:\/\/www.defensoria.gob.ec\/index.php?rest_route=%2Fwp%2Fv2%2Fcomments&post=1462"}],"version-history":[{"count":0,"href":"https:\/\/www.defensoria.gob.ec\/index.php?rest_route=\/wp\/v2\/project\/1462\/revisions"}],"wp:featuredmedia":[{"embeddable":true,"href":"https:\/\/www.defensoria.gob.ec\/index.php?rest_route=\/wp\/v2\/media\/1463"}],"wp:attachment":[{"href":"https:\/\/www.defensoria.gob.ec\/index.php?rest_route=%2Fwp%2Fv2%2Fmedia&parent=1462"}],"wp:term":[{"taxonomy":"project_category","embeddable":true,"href":"https:\/\/www.defensoria.gob.ec\/index.php?rest_route=%2Fwp%2Fv2%2Fproject_category&post=1462"},{"taxonomy":"project_tag","embeddable":true,"href":"https:\/\/www.defensoria.gob.ec\/index.php?rest_route=%2Fwp%2Fv2%2Fproject_tag&post=1462"}],"curies":[{"name":"wp","href":"https:\/\/api.w.org\/{rel}","templated":true}]}}

Quito: las Defensorías Móviles acercan los servicios a las parroquias y barrios

<p>[et_pb_section bb_built=»1&#8243;][et_pb_row][et_pb_column type=»3_4&#8243;][et_pb_post_title _builder_version=»3.15&#8243; meta=»off» featured_image=»off» /][et_pb_text _builder_version=»3.15&#8243; text_orientation=»justified»]</p>
<div id="attachment_1463" style="width: 310px" class="wp-caption alignleft"><img loading="lazy" decoding="async" aria-describedby="caption-attachment-1463" class="size-medium wp-image-1463" src="https://www.defensoria.gob.ec/wp-content/uploads/2018/11/Web-B395-27-11-2018-300x225.jpg" alt="Las Defensorías Móviles acercan sus servicios sin costo a la ciudadanía" width="300" height="225" srcset="https://www.defensoria.gob.ec/wp-content/uploads/2018/11/Web-B395-27-11-2018-300x225.jpg 300w, https://www.defensoria.gob.ec/wp-content/uploads/2018/11/Web-B395-27-11-2018-768x576.jpg 768w, https://www.defensoria.gob.ec/wp-content/uploads/2018/11/Web-B395-27-11-2018-510x382.jpg 510w, https://www.defensoria.gob.ec/wp-content/uploads/2018/11/Web-B395-27-11-2018.jpg 800w" sizes="(max-width: 300px) 100vw, 300px" /><p id="caption-attachment-1463" class="wp-caption-text">Las Defensorías Móviles acercan sus servicios sin costo a la ciudadanía</p></div>
<p>En el marco de la misión Institucional, las Defensorías Móviles cumplen su objetivo de acercar los servicios gratuitos y oportunos a la ciudadanía, a través de asesoría legal y patrocinio a aquellas personas que por situación económica o sociocultural no cuentan con los recursos para contratar un abogado particular. Este proyecto es coordinado por Danilo Sulca, defensor público Regional Centro Norte.</p>
<p>Bajo esta línea, los ciudadanos de Cangahua, Ayora, Olmedo y Juan Montalvo, del cantón Cayambe, en Pichincha, recibieron el servicio de asesoría gratuita, entre el 19 y 23 de noviembre. La materia más atendida fue tierras; de ahí que los usuarios solicitaron la revisión de los expedientes para la legalización de tierras rurales, además, se absolvieron consultas sobre herencias e hipotecas.</p>
<p>Asimismo, del 12 al 16 de noviembre, las Defensorías Móviles facilitaron el acceso a la justicia en las parroquias de Checa y Yaruquí, en Quito. “El servicio es bueno y de calidad, los abogados son amables” señalaron los usuarios.</p>
<p>Por otra parte, el sábado 17 de noviembre, participaron de la feria “Artística Cultural Kitus”, en la ciudadela Quito Sur, donde se ofreció asesoramiento a cerca de 30 usuarios. Roberto Freire, presidente del Comité de la Ciudadela Quito Sur, señaló “agradecemos a la Defensoría Pública por el servicio gratuito que se brindó durante la feria”.</p>
<p>Finalmente, el sábado 24 de noviembre, las Defensorías Móviles fueron parte de la «XV Feria Juntos por la Salud y Seguridad» en el Comité del Pueblo, al norte de la ciudad.</p>
<p>Y para finalizar noviembre, las Defensorías Móviles visitarán Sangolquí, del miércoles 28 hasta el domingo 2 de diciembre, de 09:00 a 16:00.</p>
<p>[/et_pb_text][et_pb_video _builder_version=»3.15&#8243; src=»https://www.defensoria.gob.ec/wp-content/uploads/2018/11/UM-QUITO.mp4&#8243; /][/et_pb_column][et_pb_column type=»1_4&#8243;][et_pb_sidebar _builder_version=»3.15&#8243; area=»sidebar-1&#8243; /][/et_pb_column][/et_pb_row][/et_pb_section]</p>

<p><div class="et_pb_row et_pb_row_0 et_pb_row_empty">
				
				
				
				
				
			</div> En el marco de la misión Institucional, las Defensorías Móviles cumplen su objetivo de acercar los servicios gratuitos y oportunos a la ciudadanía, a través de asesoría legal y [&hellip;]</p>
