{"id":1446,"date":"2018-11-27T17:22:20","date_gmt":"2018-11-27T17:22:20","guid":{"rendered":"https:\/\/www.defensoria.gob.ec\/?post_type=project&#038;p=1446"},"modified":"2018-11-27T17:22:20","modified_gmt":"2018-11-27T17:22:20","slug":"pichincha-jornadas-de-difusion-de-servicios-terminaron-en-el-cdp-el-inca","status":"publish","type":"project","link":"https:\/\/www.defensoria.gob.ec\/?project=pichincha-jornadas-de-difusion-de-servicios-terminaron-en-el-cdp-el-inca","title":{"rendered":"Pichincha: jornadas de difusi\u00f3n de servicios terminaron en el CDP El Inca"},"content":{"rendered":"<p>[et_pb_section bb_built=\u00bb1&#8243;][et_pb_row][et_pb_column type=\u00bb3_4&#8243;][et_pb_post_title _builder_version=\u00bb3.15&#8243; meta=\u00bboff\u00bb featured_image=\u00bboff\u00bb \/][et_pb_text _builder_version=\u00bb3.15&#8243; text_orientation=\u00bbjustified\u00bb]<\/p>\n<p>El\u00a020 de noviembre\u00a0termin\u00f3 la difusi\u00f3n de servicios en el Centro de Detenci\u00f3n Provicional El Inca, por parte de los defensores p\u00fablicos del \u00e1rea penal. Fueron cuatro jornadas intensas, distribuidas en dos semanas, en las que se brindaron asesor\u00edas e informaci\u00f3n sobre beneficios penitenciarios a aproximadamente 800 personas privadas de libertad.<\/p>\n<p>En el \u00faltimo d\u00eda, las defensoras p\u00fablicas,\u00a0Mar\u00eda Eugenia Lagos y\u00a0Mar\u00eda Bel\u00e9n P\u00e9rez, y el asistente legal, Francisco Rold\u00e1n, atendieron a las personas de los pabellones Miraflores y La Ronda.\u00a0Mar\u00eda Eugenia Lagos destac\u00f3 que esta experiencia en el CDP El Inca permiti\u00f3 visualizar casos que requieren atenci\u00f3n urgente, ya que hay privados de libertad que necesitan atenci\u00f3n m\u00e9dica. \u201cPara 2019, tenemos\u00a0previsto hacer jornadas similares en los centros de detenci\u00f3n cada cuatro meses\u201d, coment\u00f3. Adem\u00e1s, resalt\u00f3 la importancia de emprender estas jornadas a nivel nacional de manera permanente.<\/p>\n<p>[\/et_pb_text][et_pb_gallery _builder_version=\u00bb3.15&#8243; gallery_ids=\u00bb1447&#8243; posts_number=\u00bb3&#8243; zoom_icon_color=\u00bb#00a3c1&#8243; hover_overlay_color=\u00bbrgba(255,255,255,0.9)\u00bb \/][\/et_pb_column][et_pb_column type=\u00bb1_4&#8243;][et_pb_sidebar _builder_version=\u00bb3.15&#8243; area=\u00bbsidebar-1&#8243; \/][\/et_pb_column][\/et_pb_row][\/et_pb_section]<\/p>\n","protected":false},"excerpt":{"rendered":"<p><div class=\"et_pb_row et_pb_row_0 et_pb_row_empty\">\n\t\t\t\t\n\t\t\t\t\n\t\t\t\t\n\t\t\t\t\n\t\t\t\t\n\t\t\t<\/div> El\u00a020 de noviembre\u00a0termin\u00f3 la difusi\u00f3n de servicios en el Centro de Detenci\u00f3n Provicional El Inca, por parte de los defensores p\u00fablicos del \u00e1rea penal. Fueron cuatro jornadas intensas, distribuidas [&hellip;]<\/p>\n","protected":false},"author":1,"featured_media":1447,"comment_status":"open","ping_status":"closed","template":"","meta":{"_et_pb_use_builder":"on","_et_pb_old_content":"","_et_gb_content_width":"","footnotes":""},"project_category":[8],"project_tag":[],"class_list":["post-1446","project","type-project","status-publish","has-post-thumbnail","hentry","project_category-cerca-a-ti"],"_links":{"self":[{"href":"https:\/\/www.defensoria.gob.ec\/index.php?rest_route=\/wp\/v2\/project\/1446","targetHints":{"allow":["GET"]}}],"collection":[{"href":"https:\/\/www.defensoria.gob.ec\/index.php?rest_route=\/wp\/v2\/project"}],"about":[{"href":"https:\/\/www.defensoria.gob.ec\/index.php?rest_route=\/wp\/v2\/types\/project"}],"author":[{"embeddable":true,"href":"https:\/\/www.defensoria.gob.ec\/index.php?rest_route=\/wp\/v2\/users\/1"}],"replies":[{"embeddable":true,"href":"https:\/\/www.defensoria.gob.ec\/index.php?rest_route=%2Fwp%2Fv2%2Fcomments&post=1446"}],"version-history":[{"count":0,"href":"https:\/\/www.defensoria.gob.ec\/index.php?rest_route=\/wp\/v2\/project\/1446\/revisions"}],"wp:featuredmedia":[{"embeddable":true,"href":"https:\/\/www.defensoria.gob.ec\/index.php?rest_route=\/wp\/v2\/media\/1447"}],"wp:attachment":[{"href":"https:\/\/www.defensoria.gob.ec\/index.php?rest_route=%2Fwp%2Fv2%2Fmedia&parent=1446"}],"wp:term":[{"taxonomy":"project_category","embeddable":true,"href":"https:\/\/www.defensoria.gob.ec\/index.php?rest_route=%2Fwp%2Fv2%2Fproject_category&post=1446"},{"taxonomy":"project_tag","embeddable":true,"href":"https:\/\/www.defensoria.gob.ec\/index.php?rest_route=%2Fwp%2Fv2%2Fproject_tag&post=1446"}],"curies":[{"name":"wp","href":"https:\/\/api.w.org\/{rel}","templated":true}]}}

Pichincha: jornadas de difusión de servicios terminaron en el CDP El Inca

<p>[et_pb_section bb_built=»1&#8243;][et_pb_row][et_pb_column type=»3_4&#8243;][et_pb_post_title _builder_version=»3.15&#8243; meta=»off» featured_image=»off» /][et_pb_text _builder_version=»3.15&#8243; text_orientation=»justified»]</p>
<p>El 20 de noviembre terminó la difusión de servicios en el Centro de Detención Provicional El Inca, por parte de los defensores públicos del área penal. Fueron cuatro jornadas intensas, distribuidas en dos semanas, en las que se brindaron asesorías e información sobre beneficios penitenciarios a aproximadamente 800 personas privadas de libertad.</p>
<p>En el último día, las defensoras públicas, María Eugenia Lagos y María Belén Pérez, y el asistente legal, Francisco Roldán, atendieron a las personas de los pabellones Miraflores y La Ronda. María Eugenia Lagos destacó que esta experiencia en el CDP El Inca permitió visualizar casos que requieren atención urgente, ya que hay privados de libertad que necesitan atención médica. “Para 2019, tenemos previsto hacer jornadas similares en los centros de detención cada cuatro meses”, comentó. Además, resaltó la importancia de emprender estas jornadas a nivel nacional de manera permanente.</p>
<p>[/et_pb_text][et_pb_gallery _builder_version=»3.15&#8243; gallery_ids=»1447&#8243; posts_number=»3&#8243; zoom_icon_color=»#00a3c1&#8243; hover_overlay_color=»rgba(255,255,255,0.9)» /][/et_pb_column][et_pb_column type=»1_4&#8243;][et_pb_sidebar _builder_version=»3.15&#8243; area=»sidebar-1&#8243; /][/et_pb_column][/et_pb_row][/et_pb_section]</p>

<p><div class="et_pb_row et_pb_row_0 et_pb_row_empty">
				
				
				
				
				
			</div> El 20 de noviembre terminó la difusión de servicios en el Centro de Detención Provicional El Inca, por parte de los defensores públicos del área penal. Fueron cuatro jornadas intensas, distribuidas [&hellip;]</p>
