{"id":1379,"date":"2018-11-26T21:42:43","date_gmt":"2018-11-26T21:42:43","guid":{"rendered":"https:\/\/www.defensoria.gob.ec\/?post_type=project&#038;p=1379"},"modified":"2018-11-28T13:18:18","modified_gmt":"2018-11-28T13:18:18","slug":"quito-iniciaron-las-jornadas-sobre-garantias-jurisdiccionales-y-jurisprudencia","status":"publish","type":"project","link":"https:\/\/www.defensoria.gob.ec\/?project=quito-iniciaron-las-jornadas-sobre-garantias-jurisdiccionales-y-jurisprudencia","title":{"rendered":"Quito: iniciaron las jornadas sobre Garant\u00edas Jurisdiccionales y Jurisprudencia"},"content":{"rendered":"<p>[et_pb_section bb_built=\u00bb1&#8243;][et_pb_row][et_pb_column type=\u00bb3_4&#8243;][et_pb_post_title _builder_version=\u00bb3.15&#8243; meta=\u00bboff\u00bb featured_image=\u00bboff\u00bb \/][et_pb_text _builder_version=\u00bb3.15&#8243; text_orientation=\u00bbjustified\u00bb]<\/p>\n<div id=\"attachment_1381\" style=\"width: 310px\" class=\"wp-caption alignleft\"><img loading=\"lazy\" decoding=\"async\" aria-describedby=\"caption-attachment-1381\" class=\"size-medium wp-image-1381\" src=\"https:\/\/www.defensoria.gob.ec\/wp-content\/uploads\/2018\/11\/Web-B393-26-11-2018-300x225.jpg\" alt=\"El Dr. \u00c1ngel Torres Machuca, Defensor P\u00fablico General del Ecuador invit\u00f3 a los juristas a aprovechar esta alianza con la Corte Constitucional, para mejorar el desempe\u00f1o profesional\" width=\"300\" height=\"225\" srcset=\"https:\/\/www.defensoria.gob.ec\/wp-content\/uploads\/2018\/11\/Web-B393-26-11-2018-300x225.jpg 300w, https:\/\/www.defensoria.gob.ec\/wp-content\/uploads\/2018\/11\/Web-B393-26-11-2018-768x576.jpg 768w, https:\/\/www.defensoria.gob.ec\/wp-content\/uploads\/2018\/11\/Web-B393-26-11-2018-510x382.jpg 510w, https:\/\/www.defensoria.gob.ec\/wp-content\/uploads\/2018\/11\/Web-B393-26-11-2018.jpg 800w\" sizes=\"(max-width: 300px) 100vw, 300px\" \/><p id=\"caption-attachment-1381\" class=\"wp-caption-text\">El Dr. \u00c1ngel Torres Machuca, Defensor P\u00fablico General del Ecuador invit\u00f3 a los juristas a aprovechar esta alianza con la Corte Constitucional, para mejorar el desempe\u00f1o profesional<\/p><\/div>\n<p>El 26 de noviembre, en la sala de audiencias de la Corte Constitucional, se llev\u00f3 a cabo la inauguraci\u00f3n de las Jornadas de Capacitaci\u00f3n: Garant\u00edas Jurisdiccionales y Jurisprudencia, dirigidas a defensores p\u00fablicos y abogados de los consultorios jur\u00eddicos gratuitos. El evento cont\u00f3 con la presencia del Dr. \u00c1ngel Torres Machuca, Defensor P\u00fablico General del Ecuador, quien destac\u00f3 el proceso de formaci\u00f3n y capacitaci\u00f3n constante del personal misional. El Defensor P\u00fablico General resalt\u00f3 \u201cel altruismo de querer mejorar la forma en la que los defensores buscan el acceso a la justicia\u201d.<\/p>\n<p>Tambi\u00e9n estuvieron presentes Ricardo Morales, coordinador nacional de Gesti\u00f3n de la Defensa P\u00fablica; y Alejandra Jima, directora nacional de Acreditaci\u00f3n de Consultorios Jur\u00eddicos Gratuitos. Mientras que de la Corte Constitucional: Jaime Pozo, secretario de la Corte; Cristina Coello, directora del centro de Estudios de la Corte Constitucional; y Dayana \u00c1vila, secretaria t\u00e9cnica.<\/p>\n<p>Cristina Coello agradeci\u00f3 a la Defensor\u00eda P\u00fablica por esta iniciativa e invit\u00f3 a los presentes a participar en el cine jur\u00eddico, otra actividad conjunta, que se realiza una vez al mes. \u201cEsta capacitaci\u00f3n es parte de un gran plan de formaci\u00f3n. Emprendemos charlas para p\u00fablico especializado, y tambi\u00e9n difundimos a la ciudadan\u00eda sus derechos\u201d, coment\u00f3.<\/p>\n<p>La primera jornada inici\u00f3 con la exposici\u00f3n de Dayana \u00c1vila, con el tema \u201cHerramientas jurisprudenciales\u201d; la funcionaria se refiri\u00f3 a sentencias y dictamines y expuso casos de vulneraci\u00f3n de derechos laborales.<\/p>\n<p>Estas jornadas son un esfuerzo conjunto de la Defensor\u00eda P\u00fablica y la Corte Constitucional para los juristas. Los encuentros se desarrollar\u00e1n hasta el 3 de diciembre. Entre los temas que ser\u00e1n tratados est\u00e1 la efectividad del apremio y Ley Org\u00e1nica de Garant\u00edas Jurisdiccionales y Control Constitucional. Cerca de 30 defensores p\u00fablicos y abogados de los CJG asistieron a la jornada. Esta capacitaci\u00f3n fue trasmitida en vivo para los funcionarios de Portoviejo, Guayaquil y Esmeraldas.<\/p>\n<p>B393-2018<br \/>\n26-noviembre-2018<\/p>\n<p>[\/et_pb_text][et_pb_video _builder_version=\u00bb3.15&#8243; src=\u00bbhttps:\/\/www.defensoria.gob.ec\/wp-content\/uploads\/2018\/11\/cce.mp4&#8243; \/][\/et_pb_column][et_pb_column type=\u00bb1_4&#8243;][et_pb_sidebar _builder_version=\u00bb3.15&#8243; area=\u00bbsidebar-1&#8243; \/][\/et_pb_column][\/et_pb_row][\/et_pb_section]<\/p>\n","protected":false},"excerpt":{"rendered":"<p><div class=\"et_pb_row et_pb_row_0 et_pb_row_empty\">\n\t\t\t\t\n\t\t\t\t\n\t\t\t\t\n\t\t\t\t\n\t\t\t\t\n\t\t\t<\/div> El 26 de noviembre, en la sala de audiencias de la Corte Constitucional, se llev\u00f3 a cabo la inauguraci\u00f3n de las Jornadas de Capacitaci\u00f3n: Garant\u00edas Jurisdiccionales y Jurisprudencia, dirigidas [&hellip;]<\/p>\n","protected":false},"author":1,"featured_media":1381,"comment_status":"open","ping_status":"closed","template":"","meta":{"_et_pb_use_builder":"on","_et_pb_old_content":"","_et_gb_content_width":"","footnotes":""},"project_category":[5],"project_tag":[],"class_list":["post-1379","project","type-project","status-publish","has-post-thumbnail","hentry","project_category-noticias"],"_links":{"self":[{"href":"https:\/\/www.defensoria.gob.ec\/index.php?rest_route=\/wp\/v2\/project\/1379","targetHints":{"allow":["GET"]}}],"collection":[{"href":"https:\/\/www.defensoria.gob.ec\/index.php?rest_route=\/wp\/v2\/project"}],"about":[{"href":"https:\/\/www.defensoria.gob.ec\/index.php?rest_route=\/wp\/v2\/types\/project"}],"author":[{"embeddable":true,"href":"https:\/\/www.defensoria.gob.ec\/index.php?rest_route=\/wp\/v2\/users\/1"}],"replies":[{"embeddable":true,"href":"https:\/\/www.defensoria.gob.ec\/index.php?rest_route=%2Fwp%2Fv2%2Fcomments&post=1379"}],"version-history":[{"count":0,"href":"https:\/\/www.defensoria.gob.ec\/index.php?rest_route=\/wp\/v2\/project\/1379\/revisions"}],"wp:featuredmedia":[{"embeddable":true,"href":"https:\/\/www.defensoria.gob.ec\/index.php?rest_route=\/wp\/v2\/media\/1381"}],"wp:attachment":[{"href":"https:\/\/www.defensoria.gob.ec\/index.php?rest_route=%2Fwp%2Fv2%2Fmedia&parent=1379"}],"wp:term":[{"taxonomy":"project_category","embeddable":true,"href":"https:\/\/www.defensoria.gob.ec\/index.php?rest_route=%2Fwp%2Fv2%2Fproject_category&post=1379"},{"taxonomy":"project_tag","embeddable":true,"href":"https:\/\/www.defensoria.gob.ec\/index.php?rest_route=%2Fwp%2Fv2%2Fproject_tag&post=1379"}],"curies":[{"name":"wp","href":"https:\/\/api.w.org\/{rel}","templated":true}]}}

Quito: iniciaron las jornadas sobre Garantías Jurisdiccionales y Jurisprudencia

<p>[et_pb_section bb_built=»1&#8243;][et_pb_row][et_pb_column type=»3_4&#8243;][et_pb_post_title _builder_version=»3.15&#8243; meta=»off» featured_image=»off» /][et_pb_text _builder_version=»3.15&#8243; text_orientation=»justified»]</p>
<div id="attachment_1381" style="width: 310px" class="wp-caption alignleft"><img loading="lazy" decoding="async" aria-describedby="caption-attachment-1381" class="size-medium wp-image-1381" src="https://www.defensoria.gob.ec/wp-content/uploads/2018/11/Web-B393-26-11-2018-300x225.jpg" alt="El Dr. Ángel Torres Machuca, Defensor Público General del Ecuador invitó a los juristas a aprovechar esta alianza con la Corte Constitucional, para mejorar el desempeño profesional" width="300" height="225" srcset="https://www.defensoria.gob.ec/wp-content/uploads/2018/11/Web-B393-26-11-2018-300x225.jpg 300w, https://www.defensoria.gob.ec/wp-content/uploads/2018/11/Web-B393-26-11-2018-768x576.jpg 768w, https://www.defensoria.gob.ec/wp-content/uploads/2018/11/Web-B393-26-11-2018-510x382.jpg 510w, https://www.defensoria.gob.ec/wp-content/uploads/2018/11/Web-B393-26-11-2018.jpg 800w" sizes="(max-width: 300px) 100vw, 300px" /><p id="caption-attachment-1381" class="wp-caption-text">El Dr. Ángel Torres Machuca, Defensor Público General del Ecuador invitó a los juristas a aprovechar esta alianza con la Corte Constitucional, para mejorar el desempeño profesional</p></div>
<p>El 26 de noviembre, en la sala de audiencias de la Corte Constitucional, se llevó a cabo la inauguración de las Jornadas de Capacitación: Garantías Jurisdiccionales y Jurisprudencia, dirigidas a defensores públicos y abogados de los consultorios jurídicos gratuitos. El evento contó con la presencia del Dr. Ángel Torres Machuca, Defensor Público General del Ecuador, quien destacó el proceso de formación y capacitación constante del personal misional. El Defensor Público General resaltó “el altruismo de querer mejorar la forma en la que los defensores buscan el acceso a la justicia”.</p>
<p>También estuvieron presentes Ricardo Morales, coordinador nacional de Gestión de la Defensa Pública; y Alejandra Jima, directora nacional de Acreditación de Consultorios Jurídicos Gratuitos. Mientras que de la Corte Constitucional: Jaime Pozo, secretario de la Corte; Cristina Coello, directora del centro de Estudios de la Corte Constitucional; y Dayana Ávila, secretaria técnica.</p>
<p>Cristina Coello agradeció a la Defensoría Pública por esta iniciativa e invitó a los presentes a participar en el cine jurídico, otra actividad conjunta, que se realiza una vez al mes. “Esta capacitación es parte de un gran plan de formación. Emprendemos charlas para público especializado, y también difundimos a la ciudadanía sus derechos”, comentó.</p>
<p>La primera jornada inició con la exposición de Dayana Ávila, con el tema “Herramientas jurisprudenciales”; la funcionaria se refirió a sentencias y dictamines y expuso casos de vulneración de derechos laborales.</p>
<p>Estas jornadas son un esfuerzo conjunto de la Defensoría Pública y la Corte Constitucional para los juristas. Los encuentros se desarrollarán hasta el 3 de diciembre. Entre los temas que serán tratados está la efectividad del apremio y Ley Orgánica de Garantías Jurisdiccionales y Control Constitucional. Cerca de 30 defensores públicos y abogados de los CJG asistieron a la jornada. Esta capacitación fue trasmitida en vivo para los funcionarios de Portoviejo, Guayaquil y Esmeraldas.</p>
<p>B393-2018<br />
26-noviembre-2018</p>
<p>[/et_pb_text][et_pb_video _builder_version=»3.15&#8243; src=»https://www.defensoria.gob.ec/wp-content/uploads/2018/11/cce.mp4&#8243; /][/et_pb_column][et_pb_column type=»1_4&#8243;][et_pb_sidebar _builder_version=»3.15&#8243; area=»sidebar-1&#8243; /][/et_pb_column][/et_pb_row][/et_pb_section]</p>

<p><div class="et_pb_row et_pb_row_0 et_pb_row_empty">
				
				
				
				
				
			</div> El 26 de noviembre, en la sala de audiencias de la Corte Constitucional, se llevó a cabo la inauguración de las Jornadas de Capacitación: Garantías Jurisdiccionales y Jurisprudencia, dirigidas [&hellip;]</p>
