{"id":1373,"date":"2018-11-26T16:49:03","date_gmt":"2018-11-26T16:49:03","guid":{"rendered":"https:\/\/www.defensoria.gob.ec\/?post_type=project&#038;p=1373"},"modified":"2018-11-26T21:04:12","modified_gmt":"2018-11-26T21:04:12","slug":"los-consultorios-juridicos-gratuitos-de-guayaquil-recibieron-la-renovacion-de-funcionamiento","status":"publish","type":"project","link":"https:\/\/www.defensoria.gob.ec\/?project=los-consultorios-juridicos-gratuitos-de-guayaquil-recibieron-la-renovacion-de-funcionamiento","title":{"rendered":"Los consultorios jur\u00eddicos gratuitos de Guayaquil recibieron la renovaci\u00f3n de funcionamiento"},"content":{"rendered":"<p>[et_pb_section bb_built=\u00bb1&#8243;][et_pb_row][et_pb_column type=\u00bb3_4&#8243;][et_pb_post_title _builder_version=\u00bb3.15&#8243; meta=\u00bboff\u00bb featured_image=\u00bboff\u00bb \/][et_pb_text _builder_version=\u00bb3.15&#8243; text_orientation=\u00bbjustified\u00bb]<\/p>\n<div id=\"attachment_1374\" style=\"width: 310px\" class=\"wp-caption alignleft\"><img loading=\"lazy\" decoding=\"async\" aria-describedby=\"caption-attachment-1374\" class=\"size-medium wp-image-1374\" src=\"https:\/\/www.defensoria.gob.ec\/wp-content\/uploads\/2018\/11\/guayas-cjg-300x236.jpg\" alt=\"La defensora p\u00fablica del Guayas, Cindy Cede\u00f1o, junto al equipo del CJG de la UEES\" width=\"300\" height=\"236\" srcset=\"https:\/\/www.defensoria.gob.ec\/wp-content\/uploads\/2018\/11\/guayas-cjg-300x236.jpg 300w, https:\/\/www.defensoria.gob.ec\/wp-content\/uploads\/2018\/11\/guayas-cjg-768x604.jpg 768w, https:\/\/www.defensoria.gob.ec\/wp-content\/uploads\/2018\/11\/guayas-cjg.jpg 800w\" sizes=\"(max-width: 300px) 100vw, 300px\" \/><p id=\"caption-attachment-1374\" class=\"wp-caption-text\">La defensora p\u00fablica del Guayas, Cindy Cede\u00f1o, junto al equipo del CJG de la UEES<\/p><\/div>\n<p>La defensora p\u00fablica del Guayas, Cindy Cede\u00f1o, visit\u00f3 este 22 de noviembre, los consultorios jur\u00eddicos gratuitos (CJG) acreditados, de las universidades: Estatal de Guayaquil, Laica Vicente Rocafuerte, Cat\u00f3lica Santiago de Guayaquil y Especialidades Esp\u00edritu Santo, con el fin de entregar las resoluciones de renovaci\u00f3n de funcionamiento emitidas por la Defensor\u00eda P\u00fablica.<\/p>\n<p>Adem\u00e1s, mantuvo reuniones con los directores de los CJG, en las que evalu\u00f3 la gesti\u00f3n que cumplen y se ratific\u00f3 el compromiso de brindar un servicio de calidad a las personas que, por su condici\u00f3n econ\u00f3mica y social, no pueden contratar un abogado particular.<\/p>\n<p>B392-2018<br \/>\n26-noviembre-2018<\/p>\n<p>[\/et_pb_text][\/et_pb_column][et_pb_column type=\u00bb1_4&#8243;][et_pb_sidebar _builder_version=\u00bb3.15&#8243; area=\u00bbsidebar-1&#8243; \/][\/et_pb_column][\/et_pb_row][\/et_pb_section]<\/p>\n","protected":false},"excerpt":{"rendered":"<p><div class=\"et_pb_row et_pb_row_0 et_pb_row_empty\">\n\t\t\t\t\n\t\t\t\t\n\t\t\t\t\n\t\t\t\t\n\t\t\t\t\n\t\t\t<\/div> La defensora p\u00fablica del Guayas, Cindy Cede\u00f1o, visit\u00f3 este 22 de noviembre, los consultorios jur\u00eddicos gratuitos (CJG) acreditados, de las universidades: Estatal de Guayaquil, Laica Vicente Rocafuerte, Cat\u00f3lica Santiago [&hellip;]<\/p>\n","protected":false},"author":1,"featured_media":1374,"comment_status":"open","ping_status":"closed","template":"","meta":{"_et_pb_use_builder":"on","_et_pb_old_content":"","_et_gb_content_width":"","footnotes":""},"project_category":[6],"project_tag":[],"class_list":["post-1373","project","type-project","status-publish","has-post-thumbnail","hentry","project_category-cjg"],"_links":{"self":[{"href":"https:\/\/www.defensoria.gob.ec\/index.php?rest_route=\/wp\/v2\/project\/1373","targetHints":{"allow":["GET"]}}],"collection":[{"href":"https:\/\/www.defensoria.gob.ec\/index.php?rest_route=\/wp\/v2\/project"}],"about":[{"href":"https:\/\/www.defensoria.gob.ec\/index.php?rest_route=\/wp\/v2\/types\/project"}],"author":[{"embeddable":true,"href":"https:\/\/www.defensoria.gob.ec\/index.php?rest_route=\/wp\/v2\/users\/1"}],"replies":[{"embeddable":true,"href":"https:\/\/www.defensoria.gob.ec\/index.php?rest_route=%2Fwp%2Fv2%2Fcomments&post=1373"}],"version-history":[{"count":0,"href":"https:\/\/www.defensoria.gob.ec\/index.php?rest_route=\/wp\/v2\/project\/1373\/revisions"}],"wp:featuredmedia":[{"embeddable":true,"href":"https:\/\/www.defensoria.gob.ec\/index.php?rest_route=\/wp\/v2\/media\/1374"}],"wp:attachment":[{"href":"https:\/\/www.defensoria.gob.ec\/index.php?rest_route=%2Fwp%2Fv2%2Fmedia&parent=1373"}],"wp:term":[{"taxonomy":"project_category","embeddable":true,"href":"https:\/\/www.defensoria.gob.ec\/index.php?rest_route=%2Fwp%2Fv2%2Fproject_category&post=1373"},{"taxonomy":"project_tag","embeddable":true,"href":"https:\/\/www.defensoria.gob.ec\/index.php?rest_route=%2Fwp%2Fv2%2Fproject_tag&post=1373"}],"curies":[{"name":"wp","href":"https:\/\/api.w.org\/{rel}","templated":true}]}}

Los consultorios jurídicos gratuitos de Guayaquil recibieron la renovación de funcionamiento

<p>[et_pb_section bb_built=»1&#8243;][et_pb_row][et_pb_column type=»3_4&#8243;][et_pb_post_title _builder_version=»3.15&#8243; meta=»off» featured_image=»off» /][et_pb_text _builder_version=»3.15&#8243; text_orientation=»justified»]</p>
<div id="attachment_1374" style="width: 310px" class="wp-caption alignleft"><img loading="lazy" decoding="async" aria-describedby="caption-attachment-1374" class="size-medium wp-image-1374" src="https://www.defensoria.gob.ec/wp-content/uploads/2018/11/guayas-cjg-300x236.jpg" alt="La defensora pública del Guayas, Cindy Cedeño, junto al equipo del CJG de la UEES" width="300" height="236" srcset="https://www.defensoria.gob.ec/wp-content/uploads/2018/11/guayas-cjg-300x236.jpg 300w, https://www.defensoria.gob.ec/wp-content/uploads/2018/11/guayas-cjg-768x604.jpg 768w, https://www.defensoria.gob.ec/wp-content/uploads/2018/11/guayas-cjg.jpg 800w" sizes="(max-width: 300px) 100vw, 300px" /><p id="caption-attachment-1374" class="wp-caption-text">La defensora pública del Guayas, Cindy Cedeño, junto al equipo del CJG de la UEES</p></div>
<p>La defensora pública del Guayas, Cindy Cedeño, visitó este 22 de noviembre, los consultorios jurídicos gratuitos (CJG) acreditados, de las universidades: Estatal de Guayaquil, Laica Vicente Rocafuerte, Católica Santiago de Guayaquil y Especialidades Espíritu Santo, con el fin de entregar las resoluciones de renovación de funcionamiento emitidas por la Defensoría Pública.</p>
<p>Además, mantuvo reuniones con los directores de los CJG, en las que evaluó la gestión que cumplen y se ratificó el compromiso de brindar un servicio de calidad a las personas que, por su condición económica y social, no pueden contratar un abogado particular.</p>
<p>B392-2018<br />
26-noviembre-2018</p>
<p>[/et_pb_text][/et_pb_column][et_pb_column type=»1_4&#8243;][et_pb_sidebar _builder_version=»3.15&#8243; area=»sidebar-1&#8243; /][/et_pb_column][/et_pb_row][/et_pb_section]</p>

<p><div class="et_pb_row et_pb_row_0 et_pb_row_empty">
				
				
				
				
				
			</div> La defensora pública del Guayas, Cindy Cedeño, visitó este 22 de noviembre, los consultorios jurídicos gratuitos (CJG) acreditados, de las universidades: Estatal de Guayaquil, Laica Vicente Rocafuerte, Católica Santiago [&hellip;]</p>
