{"id":1340,"date":"2018-11-22T15:29:14","date_gmt":"2018-11-22T15:29:14","guid":{"rendered":"https:\/\/www.defensoria.gob.ec\/?post_type=project&#038;p=1340"},"modified":"2018-11-22T15:29:14","modified_gmt":"2018-11-22T15:29:14","slug":"tungurahua-se-impulsa-el-fortalecimiento-del-cjg-de-la-puce-sede-ambato","status":"publish","type":"project","link":"https:\/\/www.defensoria.gob.ec\/?project=tungurahua-se-impulsa-el-fortalecimiento-del-cjg-de-la-puce-sede-ambato","title":{"rendered":"Tungurahua: se impulsa el fortalecimiento del CJG de la PUCE sede Ambato"},"content":{"rendered":"<p>[et_pb_section bb_built=\u00bb1&#8243;][et_pb_row][et_pb_column type=\u00bb3_4&#8243;][et_pb_post_title _builder_version=\u00bb3.15&#8243; meta=\u00bboff\u00bb featured_image=\u00bboff\u00bb \/][et_pb_text _builder_version=\u00bb3.15&#8243; text_orientation=\u00bbjustified\u00bb]<\/p>\n<div id=\"attachment_1341\" style=\"width: 310px\" class=\"wp-caption alignleft\"><img loading=\"lazy\" decoding=\"async\" aria-describedby=\"caption-attachment-1341\" class=\"size-medium wp-image-1341\" src=\"https:\/\/www.defensoria.gob.ec\/wp-content\/uploads\/2018\/11\/MB-009-Tungurahua-01-300x225.jpg\" alt=\"El defensor p\u00fablico provincial de Tungurahua durante la reuni\u00f3n con el  director del  CJG de la PUCE, sede Ambato\" width=\"300\" height=\"225\" srcset=\"https:\/\/www.defensoria.gob.ec\/wp-content\/uploads\/2018\/11\/MB-009-Tungurahua-01-300x225.jpg 300w, https:\/\/www.defensoria.gob.ec\/wp-content\/uploads\/2018\/11\/MB-009-Tungurahua-01-768x576.jpg 768w, https:\/\/www.defensoria.gob.ec\/wp-content\/uploads\/2018\/11\/MB-009-Tungurahua-01-510x382.jpg 510w, https:\/\/www.defensoria.gob.ec\/wp-content\/uploads\/2018\/11\/MB-009-Tungurahua-01.jpg 800w\" sizes=\"(max-width: 300px) 100vw, 300px\" \/><p id=\"caption-attachment-1341\" class=\"wp-caption-text\">El defensor p\u00fablico provincial de Tungurahua durante la reuni\u00f3n con el director del CJG de la PUCE, sede Ambato<\/p><\/div>\n<p>En Ambato, el\u00a014 de noviembre, el defensor p\u00fablico provincial de Tungurahua, \u00c1ngel Jarr\u00edn y el\u00a0\u00a0Director del\u00a0Consultorio Jur\u00eddico Gratuito de la Pontificia Universidad Cat\u00f3lica, sede Ambato, revisaron su funcionamiento y acordaron fortalecer el trabajo en beneficio de los usuarios que por su condici\u00f3n econ\u00f3mica no\u00a0\u00a0pueden tener acceso a la justicia a trav\u00e9s de un abogado.<\/p>\n<p>[\/et_pb_text][\/et_pb_column][et_pb_column type=\u00bb1_4&#8243;][et_pb_sidebar _builder_version=\u00bb3.15&#8243; area=\u00bbsidebar-1&#8243; \/][\/et_pb_column][\/et_pb_row][\/et_pb_section]<\/p>\n","protected":false},"excerpt":{"rendered":"<p><div class=\"et_pb_row et_pb_row_0 et_pb_row_empty\">\n\t\t\t\t\n\t\t\t\t\n\t\t\t\t\n\t\t\t\t\n\t\t\t\t\n\t\t\t<\/div> En Ambato, el\u00a014 de noviembre, el defensor p\u00fablico provincial de Tungurahua, \u00c1ngel Jarr\u00edn y el\u00a0\u00a0Director del\u00a0Consultorio Jur\u00eddico Gratuito de la Pontificia Universidad Cat\u00f3lica, sede Ambato, revisaron su funcionamiento y [&hellip;]<\/p>\n","protected":false},"author":1,"featured_media":1341,"comment_status":"open","ping_status":"closed","template":"","meta":{"_et_pb_use_builder":"on","_et_pb_old_content":"","_et_gb_content_width":"","footnotes":""},"project_category":[8],"project_tag":[],"class_list":["post-1340","project","type-project","status-publish","has-post-thumbnail","hentry","project_category-cerca-a-ti"],"_links":{"self":[{"href":"https:\/\/www.defensoria.gob.ec\/index.php?rest_route=\/wp\/v2\/project\/1340","targetHints":{"allow":["GET"]}}],"collection":[{"href":"https:\/\/www.defensoria.gob.ec\/index.php?rest_route=\/wp\/v2\/project"}],"about":[{"href":"https:\/\/www.defensoria.gob.ec\/index.php?rest_route=\/wp\/v2\/types\/project"}],"author":[{"embeddable":true,"href":"https:\/\/www.defensoria.gob.ec\/index.php?rest_route=\/wp\/v2\/users\/1"}],"replies":[{"embeddable":true,"href":"https:\/\/www.defensoria.gob.ec\/index.php?rest_route=%2Fwp%2Fv2%2Fcomments&post=1340"}],"version-history":[{"count":0,"href":"https:\/\/www.defensoria.gob.ec\/index.php?rest_route=\/wp\/v2\/project\/1340\/revisions"}],"wp:featuredmedia":[{"embeddable":true,"href":"https:\/\/www.defensoria.gob.ec\/index.php?rest_route=\/wp\/v2\/media\/1341"}],"wp:attachment":[{"href":"https:\/\/www.defensoria.gob.ec\/index.php?rest_route=%2Fwp%2Fv2%2Fmedia&parent=1340"}],"wp:term":[{"taxonomy":"project_category","embeddable":true,"href":"https:\/\/www.defensoria.gob.ec\/index.php?rest_route=%2Fwp%2Fv2%2Fproject_category&post=1340"},{"taxonomy":"project_tag","embeddable":true,"href":"https:\/\/www.defensoria.gob.ec\/index.php?rest_route=%2Fwp%2Fv2%2Fproject_tag&post=1340"}],"curies":[{"name":"wp","href":"https:\/\/api.w.org\/{rel}","templated":true}]}}

<p>[et_pb_section bb_built=»1&#8243;][et_pb_row][et_pb_column type=»3_4&#8243;][et_pb_post_title _builder_version=»3.15&#8243; meta=»off» featured_image=»off» /][et_pb_text _builder_version=»3.15&#8243; text_orientation=»justified»]</p>
<div id="attachment_1341" style="width: 310px" class="wp-caption alignleft"><img loading="lazy" decoding="async" aria-describedby="caption-attachment-1341" class="size-medium wp-image-1341" src="https://www.defensoria.gob.ec/wp-content/uploads/2018/11/MB-009-Tungurahua-01-300x225.jpg" alt="El defensor público provincial de Tungurahua durante la reunión con el  director del  CJG de la PUCE, sede Ambato" width="300" height="225" srcset="https://www.defensoria.gob.ec/wp-content/uploads/2018/11/MB-009-Tungurahua-01-300x225.jpg 300w, https://www.defensoria.gob.ec/wp-content/uploads/2018/11/MB-009-Tungurahua-01-768x576.jpg 768w, https://www.defensoria.gob.ec/wp-content/uploads/2018/11/MB-009-Tungurahua-01-510x382.jpg 510w, https://www.defensoria.gob.ec/wp-content/uploads/2018/11/MB-009-Tungurahua-01.jpg 800w" sizes="(max-width: 300px) 100vw, 300px" /><p id="caption-attachment-1341" class="wp-caption-text">El defensor público provincial de Tungurahua durante la reunión con el director del CJG de la PUCE, sede Ambato</p></div>
<p>En Ambato, el 14 de noviembre, el defensor público provincial de Tungurahua, Ángel Jarrín y el  Director del Consultorio Jurídico Gratuito de la Pontificia Universidad Católica, sede Ambato, revisaron su funcionamiento y acordaron fortalecer el trabajo en beneficio de los usuarios que por su condición económica no  pueden tener acceso a la justicia a través de un abogado.</p>
<p>[/et_pb_text][/et_pb_column][et_pb_column type=»1_4&#8243;][et_pb_sidebar _builder_version=»3.15&#8243; area=»sidebar-1&#8243; /][/et_pb_column][/et_pb_row][/et_pb_section]</p>

<p><div class="et_pb_row et_pb_row_0 et_pb_row_empty">
				
				
				
				
				
			</div> En Ambato, el 14 de noviembre, el defensor público provincial de Tungurahua, Ángel Jarrín y el  Director del Consultorio Jurídico Gratuito de la Pontificia Universidad Católica, sede Ambato, revisaron su funcionamiento y [&hellip;]</p>
