{"id":1325,"date":"2018-11-22T15:23:35","date_gmt":"2018-11-22T15:23:35","guid":{"rendered":"https:\/\/www.defensoria.gob.ec\/?post_type=project&#038;p=1325"},"modified":"2018-11-22T19:56:15","modified_gmt":"2018-11-22T19:56:15","slug":"bolivar-ferias-ciudadanas-y-reuniones-de-la-mesa-de-justicia","status":"publish","type":"project","link":"https:\/\/www.defensoria.gob.ec\/?project=bolivar-ferias-ciudadanas-y-reuniones-de-la-mesa-de-justicia","title":{"rendered":"Bol\u00edvar: ferias ciudadanas y reuniones de la Mesa de Justicia"},"content":{"rendered":"<p>[et_pb_section bb_built=\u00bb1&#8243;][et_pb_row][et_pb_column type=\u00bb3_4&#8243;][et_pb_post_title _builder_version=\u00bb3.15&#8243; meta=\u00bboff\u00bb featured_image=\u00bboff\u00bb \/][et_pb_text _builder_version=\u00bb3.15&#8243; text_orientation=\u00bbjustified\u00bb]<\/p>\n<p>En Guaranda, el\u00a016 de noviembre, la Defensor\u00eda P\u00fablica de Bol\u00edvar realiz\u00f3\u00a0una difusi\u00f3n de los servicios de asesor\u00eda legal y patrocinio, que ofrece la Instituci\u00f3n a las personas que se encuentran en indefensi\u00f3n y no tienen los recursos para contratar un abogado\u00a0particular.<\/p>\n<p>De igual manera, en el cant\u00f3n San Miguel, el\u00a014 de noviembre, la Defensor\u00eda P\u00fablica de Bol\u00edvar particip\u00f3 en una feria ciudadana. El defensor p\u00fablico, Patricio Jarr\u00edn; y los asistentes legales, Andr\u00e9s Chimbo y Cristian Andrade; informaron a los asistentes sobre los servicios jur\u00eddicos gratuitos que ofrece la Instituci\u00f3n.<\/p>\n<p>Mientras tanto, el\u00a09 de noviembre, tras una reuni\u00f3n con el Alcalde del San Miguel, se logr\u00f3\u00a0la entrega en comodato\u00a0\u00a0de la oficina que ocupa la Defensor\u00eda P\u00fablica, en el edificio del GAD Municipal.<\/p>\n<p>El\u00a08 de noviembre,\u00a0\u00a0la Defensor\u00eda P\u00fablica particip\u00f3 en la Mesa de Justicia a la que asistieron\u00a0\u00a0los representantes del Consejo de la Judicatura y de la Fiscal\u00eda, el Decano de la Facultad de Derecho de la Universidad de Bol\u00edvar, el Jefe del Comando de Polic\u00eda Sub Zona Bol\u00edvar No. 2, los jueces y los fiscales de la provincia.<\/p>\n<p>En esta misma fecha, durante una entrevista en Radio Satelital del cant\u00f3n San Jos\u00e9 de Chimbo, se realiz\u00f3 la difusi\u00f3n de los servicios que ofrece la Defensor\u00eda P\u00fablica.<\/p>\n<p>Entre tanto, el\u00a04 de octubre,\u00a0la Defensor\u00eda P\u00fablica de Bol\u00edvar estuvo presente en la reuni\u00f3n de la Mesa de Justicia con el objetivo de coordinar el apoyo eficaz en la administraci\u00f3n de justicia. Formaron parte de la mesa el delegado provincial del Consejo de la Judicatura, la fiscal provincial y fiscales de la localidad.<\/p>\n<p>[\/et_pb_text][et_pb_gallery _builder_version=\u00bb3.15&#8243; gallery_ids=\u00bb1326,1327,1329,1330,1331&#8243; posts_number=\u00bb3&#8243; zoom_icon_color=\u00bb#00a3c1&#8243; hover_overlay_color=\u00bbrgba(255,255,255,0.9)\u00bb \/][\/et_pb_column][et_pb_column type=\u00bb1_4&#8243;][et_pb_sidebar _builder_version=\u00bb3.15&#8243; area=\u00bbsidebar-1&#8243; \/][\/et_pb_column][\/et_pb_row][\/et_pb_section]<\/p>\n","protected":false},"excerpt":{"rendered":"<p><div class=\"et_pb_row et_pb_row_0 et_pb_row_empty\">\n\t\t\t\t\n\t\t\t\t\n\t\t\t\t\n\t\t\t\t\n\t\t\t\t\n\t\t\t<\/div> En Guaranda, el\u00a016 de noviembre, la Defensor\u00eda P\u00fablica de Bol\u00edvar realiz\u00f3\u00a0una difusi\u00f3n de los servicios de asesor\u00eda legal y patrocinio, que ofrece la Instituci\u00f3n a las personas que se [&hellip;]<\/p>\n","protected":false},"author":1,"featured_media":1326,"comment_status":"open","ping_status":"closed","template":"","meta":{"_et_pb_use_builder":"on","_et_pb_old_content":"","_et_gb_content_width":"","footnotes":""},"project_category":[8],"project_tag":[],"class_list":["post-1325","project","type-project","status-publish","has-post-thumbnail","hentry","project_category-cerca-a-ti"],"_links":{"self":[{"href":"https:\/\/www.defensoria.gob.ec\/index.php?rest_route=\/wp\/v2\/project\/1325","targetHints":{"allow":["GET"]}}],"collection":[{"href":"https:\/\/www.defensoria.gob.ec\/index.php?rest_route=\/wp\/v2\/project"}],"about":[{"href":"https:\/\/www.defensoria.gob.ec\/index.php?rest_route=\/wp\/v2\/types\/project"}],"author":[{"embeddable":true,"href":"https:\/\/www.defensoria.gob.ec\/index.php?rest_route=\/wp\/v2\/users\/1"}],"replies":[{"embeddable":true,"href":"https:\/\/www.defensoria.gob.ec\/index.php?rest_route=%2Fwp%2Fv2%2Fcomments&post=1325"}],"version-history":[{"count":0,"href":"https:\/\/www.defensoria.gob.ec\/index.php?rest_route=\/wp\/v2\/project\/1325\/revisions"}],"wp:featuredmedia":[{"embeddable":true,"href":"https:\/\/www.defensoria.gob.ec\/index.php?rest_route=\/wp\/v2\/media\/1326"}],"wp:attachment":[{"href":"https:\/\/www.defensoria.gob.ec\/index.php?rest_route=%2Fwp%2Fv2%2Fmedia&parent=1325"}],"wp:term":[{"taxonomy":"project_category","embeddable":true,"href":"https:\/\/www.defensoria.gob.ec\/index.php?rest_route=%2Fwp%2Fv2%2Fproject_category&post=1325"},{"taxonomy":"project_tag","embeddable":true,"href":"https:\/\/www.defensoria.gob.ec\/index.php?rest_route=%2Fwp%2Fv2%2Fproject_tag&post=1325"}],"curies":[{"name":"wp","href":"https:\/\/api.w.org\/{rel}","templated":true}]}}

Bolívar: ferias ciudadanas y reuniones de la Mesa de Justicia

<p>[et_pb_section bb_built=»1&#8243;][et_pb_row][et_pb_column type=»3_4&#8243;][et_pb_post_title _builder_version=»3.15&#8243; meta=»off» featured_image=»off» /][et_pb_text _builder_version=»3.15&#8243; text_orientation=»justified»]</p>
<p>En Guaranda, el 16 de noviembre, la Defensoría Pública de Bolívar realizó una difusión de los servicios de asesoría legal y patrocinio, que ofrece la Institución a las personas que se encuentran en indefensión y no tienen los recursos para contratar un abogado particular.</p>
<p>De igual manera, en el cantón San Miguel, el 14 de noviembre, la Defensoría Pública de Bolívar participó en una feria ciudadana. El defensor público, Patricio Jarrín; y los asistentes legales, Andrés Chimbo y Cristian Andrade; informaron a los asistentes sobre los servicios jurídicos gratuitos que ofrece la Institución.</p>
<p>Mientras tanto, el 9 de noviembre, tras una reunión con el Alcalde del San Miguel, se logró la entrega en comodato  de la oficina que ocupa la Defensoría Pública, en el edificio del GAD Municipal.</p>
<p>El 8 de noviembre,  la Defensoría Pública participó en la Mesa de Justicia a la que asistieron  los representantes del Consejo de la Judicatura y de la Fiscalía, el Decano de la Facultad de Derecho de la Universidad de Bolívar, el Jefe del Comando de Policía Sub Zona Bolívar No. 2, los jueces y los fiscales de la provincia.</p>
<p>En esta misma fecha, durante una entrevista en Radio Satelital del cantón San José de Chimbo, se realizó la difusión de los servicios que ofrece la Defensoría Pública.</p>
<p>Entre tanto, el 4 de octubre, la Defensoría Pública de Bolívar estuvo presente en la reunión de la Mesa de Justicia con el objetivo de coordinar el apoyo eficaz en la administración de justicia. Formaron parte de la mesa el delegado provincial del Consejo de la Judicatura, la fiscal provincial y fiscales de la localidad.</p>
<p>[/et_pb_text][et_pb_gallery _builder_version=»3.15&#8243; gallery_ids=»1326,1327,1329,1330,1331&#8243; posts_number=»3&#8243; zoom_icon_color=»#00a3c1&#8243; hover_overlay_color=»rgba(255,255,255,0.9)» /][/et_pb_column][et_pb_column type=»1_4&#8243;][et_pb_sidebar _builder_version=»3.15&#8243; area=»sidebar-1&#8243; /][/et_pb_column][/et_pb_row][/et_pb_section]</p>

<p><div class="et_pb_row et_pb_row_0 et_pb_row_empty">
				
				
				
				
				
			</div> En Guaranda, el 16 de noviembre, la Defensoría Pública de Bolívar realizó una difusión de los servicios de asesoría legal y patrocinio, que ofrece la Institución a las personas que se [&hellip;]</p>
