{"id":1307,"date":"2018-11-22T15:12:16","date_gmt":"2018-11-22T15:12:16","guid":{"rendered":"https:\/\/www.defensoria.gob.ec\/?post_type=project&#038;p=1307"},"modified":"2018-11-22T22:13:14","modified_gmt":"2018-11-22T22:13:14","slug":"chimborazo-emprende-actividades-que-buscan-sensibilizar-a-la-ciudadania","status":"publish","type":"project","link":"https:\/\/www.defensoria.gob.ec\/?project=chimborazo-emprende-actividades-que-buscan-sensibilizar-a-la-ciudadania","title":{"rendered":"Chimborazo: emprende actividades que buscan sensibilizar a la ciudadan\u00eda"},"content":{"rendered":"<p>[et_pb_section bb_built=\u00bb1&#8243;][et_pb_row][et_pb_column type=\u00bb3_4&#8243;][et_pb_post_title _builder_version=\u00bb3.15&#8243; meta=\u00bboff\u00bb featured_image=\u00bboff\u00bb \/][et_pb_text _builder_version=\u00bb3.15&#8243; text_orientation=\u00bbjustified\u00bb]<\/p>\n<p>El \u00a016 de noviembre, en el Parque Guayaquil\u00a0de Riobamba,\u00a0se desarroll\u00f3 la feria ciudadana \u201cPor mis derechos\u201d. Se trat\u00f3 de un evento organizado por el Gobierno Aut\u00f3nomo Descentralizado Municipal de Riobamba, que tuvo como objetivo sensibilizar a la ciudadan\u00eda en materia derechos. La Defensor\u00eda P\u00fablica particip\u00f3 con un stand informativo, donde brind\u00f3 asesor\u00edas e informaci\u00f3n en algunas materias, principalmente, en ni\u00f1ez y adolescencia. Se entreg\u00f3 material publicitario y se destac\u00f3 el trabajo institucional en la defensa de la ni\u00f1ez y de la tercera edad.<\/p>\n<p>Por otro lado, el mi\u00e9rcoles\u00a014 de noviembre, en las instalaciones del Teatrino de la Casa Museo de Riobamba, se desarroll\u00f3 una rueda de prensa, en el GAD Municipal. El objetivo de dicho evento fue informar a la ciudadan\u00eda sobre las distintas actividades del proyecto \u00abRiobamba Inclusiva, Yo S\u00ed Puedo\u00bb. Este proyecto est\u00e1 encaminado a sensibilizar sobre el tema derechos de las personas con discapacidad. Asistieron autoridades provinciales, entre ellas, el defensor p\u00fablico provincial, Freddy Garz\u00f3n.<\/p>\n<audio class=\"wp-audio-shortcode\" id=\"audio-1307-1\" preload=\"none\" style=\"width: 100%;\" controls=\"controls\"><source type=\"audio\/mpeg\" src=\"https:\/\/www.defensoria.gob.ec\/wp-content\/uploads\/2018\/11\/chimborazo.mp3?_=1\" \/><a href=\"https:\/\/www.defensoria.gob.ec\/wp-content\/uploads\/2018\/11\/chimborazo.mp3\">https:\/\/www.defensoria.gob.ec\/wp-content\/uploads\/2018\/11\/chimborazo.mp3<\/a><\/audio>\n<p>[\/et_pb_text][et_pb_gallery _builder_version=\u00bb3.15&#8243; gallery_ids=\u00bb1308,1309,1310,1311,1312&#8243; posts_number=\u00bb3&#8243; zoom_icon_color=\u00bb#00a3c1&#8243; hover_overlay_color=\u00bbrgba(255,255,255,0.9)\u00bb \/][\/et_pb_column][et_pb_column type=\u00bb1_4&#8243;][et_pb_sidebar _builder_version=\u00bb3.15&#8243; area=\u00bbsidebar-1&#8243; \/][\/et_pb_column][\/et_pb_row][\/et_pb_section]<\/p>\n","protected":false},"excerpt":{"rendered":"<p><div class=\"et_pb_row et_pb_row_0 et_pb_row_empty\">\n\t\t\t\t\n\t\t\t\t\n\t\t\t\t\n\t\t\t\t\n\t\t\t\t\n\t\t\t<\/div> El \u00a016 de noviembre, en el Parque Guayaquil\u00a0de Riobamba,\u00a0se desarroll\u00f3 la feria ciudadana \u201cPor mis derechos\u201d. Se trat\u00f3 de un evento organizado por el Gobierno Aut\u00f3nomo Descentralizado Municipal de [&hellip;]<\/p>\n","protected":false},"author":1,"featured_media":1309,"comment_status":"open","ping_status":"closed","template":"","meta":{"_et_pb_use_builder":"on","_et_pb_old_content":"","_et_gb_content_width":"","footnotes":""},"project_category":[8],"project_tag":[],"class_list":["post-1307","project","type-project","status-publish","has-post-thumbnail","hentry","project_category-cerca-a-ti"],"_links":{"self":[{"href":"https:\/\/www.defensoria.gob.ec\/index.php?rest_route=\/wp\/v2\/project\/1307","targetHints":{"allow":["GET"]}}],"collection":[{"href":"https:\/\/www.defensoria.gob.ec\/index.php?rest_route=\/wp\/v2\/project"}],"about":[{"href":"https:\/\/www.defensoria.gob.ec\/index.php?rest_route=\/wp\/v2\/types\/project"}],"author":[{"embeddable":true,"href":"https:\/\/www.defensoria.gob.ec\/index.php?rest_route=\/wp\/v2\/users\/1"}],"replies":[{"embeddable":true,"href":"https:\/\/www.defensoria.gob.ec\/index.php?rest_route=%2Fwp%2Fv2%2Fcomments&post=1307"}],"version-history":[{"count":0,"href":"https:\/\/www.defensoria.gob.ec\/index.php?rest_route=\/wp\/v2\/project\/1307\/revisions"}],"wp:featuredmedia":[{"embeddable":true,"href":"https:\/\/www.defensoria.gob.ec\/index.php?rest_route=\/wp\/v2\/media\/1309"}],"wp:attachment":[{"href":"https:\/\/www.defensoria.gob.ec\/index.php?rest_route=%2Fwp%2Fv2%2Fmedia&parent=1307"}],"wp:term":[{"taxonomy":"project_category","embeddable":true,"href":"https:\/\/www.defensoria.gob.ec\/index.php?rest_route=%2Fwp%2Fv2%2Fproject_category&post=1307"},{"taxonomy":"project_tag","embeddable":true,"href":"https:\/\/www.defensoria.gob.ec\/index.php?rest_route=%2Fwp%2Fv2%2Fproject_tag&post=1307"}],"curies":[{"name":"wp","href":"https:\/\/api.w.org\/{rel}","templated":true}]}}

Chimborazo: emprende actividades que buscan sensibilizar a la ciudadanía

<p>[et_pb_section bb_built=»1&#8243;][et_pb_row][et_pb_column type=»3_4&#8243;][et_pb_post_title _builder_version=»3.15&#8243; meta=»off» featured_image=»off» /][et_pb_text _builder_version=»3.15&#8243; text_orientation=»justified»]</p>
<p>El  16 de noviembre, en el Parque Guayaquil de Riobamba, se desarrolló la feria ciudadana “Por mis derechos”. Se trató de un evento organizado por el Gobierno Autónomo Descentralizado Municipal de Riobamba, que tuvo como objetivo sensibilizar a la ciudadanía en materia derechos. La Defensoría Pública participó con un stand informativo, donde brindó asesorías e información en algunas materias, principalmente, en niñez y adolescencia. Se entregó material publicitario y se destacó el trabajo institucional en la defensa de la niñez y de la tercera edad.</p>
<p>Por otro lado, el miércoles 14 de noviembre, en las instalaciones del Teatrino de la Casa Museo de Riobamba, se desarrolló una rueda de prensa, en el GAD Municipal. El objetivo de dicho evento fue informar a la ciudadanía sobre las distintas actividades del proyecto «Riobamba Inclusiva, Yo Sí Puedo». Este proyecto está encaminado a sensibilizar sobre el tema derechos de las personas con discapacidad. Asistieron autoridades provinciales, entre ellas, el defensor público provincial, Freddy Garzón.</p>
<audio class="wp-audio-shortcode" id="audio-1307-1" preload="none" style="width: 100%;" controls="controls"><source type="audio/mpeg" src="https://www.defensoria.gob.ec/wp-content/uploads/2018/11/chimborazo.mp3?_=1" /><a href="https://www.defensoria.gob.ec/wp-content/uploads/2018/11/chimborazo.mp3">https://www.defensoria.gob.ec/wp-content/uploads/2018/11/chimborazo.mp3</a></audio>
<p>[/et_pb_text][et_pb_gallery _builder_version=»3.15&#8243; gallery_ids=»1308,1309,1310,1311,1312&#8243; posts_number=»3&#8243; zoom_icon_color=»#00a3c1&#8243; hover_overlay_color=»rgba(255,255,255,0.9)» /][/et_pb_column][et_pb_column type=»1_4&#8243;][et_pb_sidebar _builder_version=»3.15&#8243; area=»sidebar-1&#8243; /][/et_pb_column][/et_pb_row][/et_pb_section]</p>

<p><div class="et_pb_row et_pb_row_0 et_pb_row_empty">
				
				
				
				
				
			</div> El  16 de noviembre, en el Parque Guayaquil de Riobamba, se desarrolló la feria ciudadana “Por mis derechos”. Se trató de un evento organizado por el Gobierno Autónomo Descentralizado Municipal de [&hellip;]</p>
