{"id":1303,"date":"2018-11-21T21:49:45","date_gmt":"2018-11-21T21:49:45","guid":{"rendered":"https:\/\/www.defensoria.gob.ec\/?post_type=project&#038;p=1303"},"modified":"2018-11-21T21:49:45","modified_gmt":"2018-11-21T21:49:45","slug":"se-constataron-procesos-de-un-consultorio-juridico-en-pastaza","status":"publish","type":"project","link":"https:\/\/www.defensoria.gob.ec\/?project=se-constataron-procesos-de-un-consultorio-juridico-en-pastaza","title":{"rendered":"Se constataron procesos de un consultorio jur\u00eddico en Pastaza"},"content":{"rendered":"<p>[et_pb_section bb_built=\u00bb1&#8243;][et_pb_row][et_pb_column type=\u00bb3_4&#8243;][et_pb_post_title _builder_version=\u00bb3.15&#8243; meta=\u00bboff\u00bb featured_image=\u00bboff\u00bb \/][et_pb_text _builder_version=\u00bb3.15&#8243; text_orientation=\u00bbjustified\u00bb]<\/p>\n<div id=\"attachment_1304\" style=\"width: 310px\" class=\"wp-caption alignleft\"><img loading=\"lazy\" decoding=\"async\" aria-describedby=\"caption-attachment-1304\" class=\"size-medium wp-image-1304\" src=\"https:\/\/www.defensoria.gob.ec\/wp-content\/uploads\/2018\/11\/IMG-20181114-WA0012-300x146.jpg\" alt=\"Luis \u00c1lvarez Pazmi\u00f1o, defensor p\u00fablico provincial, particip\u00f3 en la reuni\u00f3n\" width=\"300\" height=\"146\" srcset=\"https:\/\/www.defensoria.gob.ec\/wp-content\/uploads\/2018\/11\/IMG-20181114-WA0012-300x146.jpg 300w, https:\/\/www.defensoria.gob.ec\/wp-content\/uploads\/2018\/11\/IMG-20181114-WA0012-768x373.jpg 768w, https:\/\/www.defensoria.gob.ec\/wp-content\/uploads\/2018\/11\/IMG-20181114-WA0012-1024x498.jpg 1024w, https:\/\/www.defensoria.gob.ec\/wp-content\/uploads\/2018\/11\/IMG-20181114-WA0012-1080x525.jpg 1080w, https:\/\/www.defensoria.gob.ec\/wp-content\/uploads\/2018\/11\/IMG-20181114-WA0012.jpg 1280w\" sizes=\"(max-width: 300px) 100vw, 300px\" \/><p id=\"caption-attachment-1304\" class=\"wp-caption-text\">Luis \u00c1lvarez Pazmi\u00f1o, defensor p\u00fablico provincial, particip\u00f3 en la reuni\u00f3n<\/p><\/div>\n<p>La Defensor\u00eda P\u00fablica de Pastaza asisti\u00f3, este 14 de noviembre, a una reuni\u00f3n de trabajo convocada por Paulina Cisneros, directora del Consultorio Jur\u00eddico Gratuito de la Universidad Regional Aut\u00f3noma de Los Andes (Uniandes), sede Puyo. Este encuentro tuvo la finalidad de observar los mecanismos de trabajo implementados, entre ellos, la atenci\u00f3n al usuario. Adem\u00e1s de verificar los horarios de atenci\u00f3n, se constataron los siguientes procesos: registro de usuarios, asesor\u00edas y patrocinio, asignaci\u00f3n de causas a pasantes, seguimiento de casos, archivos y derivaciones de casos por parte de la Defensor\u00eda P\u00fablica de Pastaza.<\/p>\n<p>En este consultorio jur\u00eddico gratuito existe atenci\u00f3n especializada en las \u00e1rea social y civil (divorcio), y est\u00e1 ubicado en la calle 9 de Octubre s\/n y Francisco de Orellana (Edificio Sol\u00eds).<\/p>\n<p>La Defensor\u00eda P\u00fablica trabaja para fortalecer los Consultorios Jur\u00eddicos Gratuitos a nivel nacional, se prev\u00e9n visitas in situ de la Direcci\u00f3n Nacional de Acreditaci\u00f3n de Servicios en lo que queda del a\u00f1o, para verificar su debido funcionamiento.<\/p>\n<p>[\/et_pb_text][\/et_pb_column][et_pb_column type=\u00bb1_4&#8243;][et_pb_sidebar _builder_version=\u00bb3.15&#8243; area=\u00bbsidebar-1&#8243; \/][\/et_pb_column][\/et_pb_row][\/et_pb_section]<\/p>\n","protected":false},"excerpt":{"rendered":"<p><div class=\"et_pb_row et_pb_row_0 et_pb_row_empty\">\n\t\t\t\t\n\t\t\t\t\n\t\t\t\t\n\t\t\t\t\n\t\t\t\t\n\t\t\t<\/div> La Defensor\u00eda P\u00fablica de Pastaza asisti\u00f3, este 14 de noviembre, a una reuni\u00f3n de trabajo convocada por Paulina Cisneros, directora del Consultorio Jur\u00eddico Gratuito de la Universidad Regional Aut\u00f3noma [&hellip;]<\/p>\n","protected":false},"author":1,"featured_media":1304,"comment_status":"open","ping_status":"closed","template":"","meta":{"_et_pb_use_builder":"on","_et_pb_old_content":"","_et_gb_content_width":"","footnotes":""},"project_category":[6],"project_tag":[],"class_list":["post-1303","project","type-project","status-publish","has-post-thumbnail","hentry","project_category-cjg"],"_links":{"self":[{"href":"https:\/\/www.defensoria.gob.ec\/index.php?rest_route=\/wp\/v2\/project\/1303","targetHints":{"allow":["GET"]}}],"collection":[{"href":"https:\/\/www.defensoria.gob.ec\/index.php?rest_route=\/wp\/v2\/project"}],"about":[{"href":"https:\/\/www.defensoria.gob.ec\/index.php?rest_route=\/wp\/v2\/types\/project"}],"author":[{"embeddable":true,"href":"https:\/\/www.defensoria.gob.ec\/index.php?rest_route=\/wp\/v2\/users\/1"}],"replies":[{"embeddable":true,"href":"https:\/\/www.defensoria.gob.ec\/index.php?rest_route=%2Fwp%2Fv2%2Fcomments&post=1303"}],"version-history":[{"count":0,"href":"https:\/\/www.defensoria.gob.ec\/index.php?rest_route=\/wp\/v2\/project\/1303\/revisions"}],"wp:featuredmedia":[{"embeddable":true,"href":"https:\/\/www.defensoria.gob.ec\/index.php?rest_route=\/wp\/v2\/media\/1304"}],"wp:attachment":[{"href":"https:\/\/www.defensoria.gob.ec\/index.php?rest_route=%2Fwp%2Fv2%2Fmedia&parent=1303"}],"wp:term":[{"taxonomy":"project_category","embeddable":true,"href":"https:\/\/www.defensoria.gob.ec\/index.php?rest_route=%2Fwp%2Fv2%2Fproject_category&post=1303"},{"taxonomy":"project_tag","embeddable":true,"href":"https:\/\/www.defensoria.gob.ec\/index.php?rest_route=%2Fwp%2Fv2%2Fproject_tag&post=1303"}],"curies":[{"name":"wp","href":"https:\/\/api.w.org\/{rel}","templated":true}]}}

Se constataron procesos de un consultorio jurídico en Pastaza

<p>[et_pb_section bb_built=»1&#8243;][et_pb_row][et_pb_column type=»3_4&#8243;][et_pb_post_title _builder_version=»3.15&#8243; meta=»off» featured_image=»off» /][et_pb_text _builder_version=»3.15&#8243; text_orientation=»justified»]</p>
<div id="attachment_1304" style="width: 310px" class="wp-caption alignleft"><img loading="lazy" decoding="async" aria-describedby="caption-attachment-1304" class="size-medium wp-image-1304" src="https://www.defensoria.gob.ec/wp-content/uploads/2018/11/IMG-20181114-WA0012-300x146.jpg" alt="Luis Álvarez Pazmiño, defensor público provincial, participó en la reunión" width="300" height="146" srcset="https://www.defensoria.gob.ec/wp-content/uploads/2018/11/IMG-20181114-WA0012-300x146.jpg 300w, https://www.defensoria.gob.ec/wp-content/uploads/2018/11/IMG-20181114-WA0012-768x373.jpg 768w, https://www.defensoria.gob.ec/wp-content/uploads/2018/11/IMG-20181114-WA0012-1024x498.jpg 1024w, https://www.defensoria.gob.ec/wp-content/uploads/2018/11/IMG-20181114-WA0012-1080x525.jpg 1080w, https://www.defensoria.gob.ec/wp-content/uploads/2018/11/IMG-20181114-WA0012.jpg 1280w" sizes="(max-width: 300px) 100vw, 300px" /><p id="caption-attachment-1304" class="wp-caption-text">Luis Álvarez Pazmiño, defensor público provincial, participó en la reunión</p></div>
<p>La Defensoría Pública de Pastaza asistió, este 14 de noviembre, a una reunión de trabajo convocada por Paulina Cisneros, directora del Consultorio Jurídico Gratuito de la Universidad Regional Autónoma de Los Andes (Uniandes), sede Puyo. Este encuentro tuvo la finalidad de observar los mecanismos de trabajo implementados, entre ellos, la atención al usuario. Además de verificar los horarios de atención, se constataron los siguientes procesos: registro de usuarios, asesorías y patrocinio, asignación de causas a pasantes, seguimiento de casos, archivos y derivaciones de casos por parte de la Defensoría Pública de Pastaza.</p>
<p>En este consultorio jurídico gratuito existe atención especializada en las área social y civil (divorcio), y está ubicado en la calle 9 de Octubre s/n y Francisco de Orellana (Edificio Solís).</p>
<p>La Defensoría Pública trabaja para fortalecer los Consultorios Jurídicos Gratuitos a nivel nacional, se prevén visitas in situ de la Dirección Nacional de Acreditación de Servicios en lo que queda del año, para verificar su debido funcionamiento.</p>
<p>[/et_pb_text][/et_pb_column][et_pb_column type=»1_4&#8243;][et_pb_sidebar _builder_version=»3.15&#8243; area=»sidebar-1&#8243; /][/et_pb_column][/et_pb_row][/et_pb_section]</p>

<p><div class="et_pb_row et_pb_row_0 et_pb_row_empty">
				
				
				
				
				
			</div> La Defensoría Pública de Pastaza asistió, este 14 de noviembre, a una reunión de trabajo convocada por Paulina Cisneros, directora del Consultorio Jurídico Gratuito de la Universidad Regional Autónoma [&hellip;]</p>
